{"id":28717,"date":"2021-05-19T10:13:51","date_gmt":"2021-05-19T15:13:51","guid":{"rendered":"https:\/\/defabrica.com.mx\/defabrica\/?post_type=product&#038;p=28717"},"modified":"2023-01-13T15:20:44","modified_gmt":"2023-01-13T21:20:44","slug":"keurig-cafetera-de-capsulas-k-select-de-un-solo-servicio-k-cup-negro-mate","status":"publish","type":"product","link":"https:\/\/defabrica.com.mx\/defabrica\/producto\/keurig-cafetera-de-capsulas-k-select-de-un-solo-servicio-k-cup-negro-mate\/","title":{"rendered":"Keurig &#8211; Cafetera de c\u00e1psulas K-Select de un solo servicio K-Cup &#8211; Negro mate"},"content":{"rendered":"<p>Empiece bien la ma\u00f1ana con esta cafetera Keurig K-Select Single Serve.\u00a0Los controles de botones simples le permiten preparar una taza individual de 12 oz.\u00a0taza de caf\u00e9 en menos de un minuto, y la configuraci\u00f3n de preparaci\u00f3n fuerte produce un sabor m\u00e1s atrevido.\u00a0Prepare cinco tazas a la vez con esta cafetera Keurig K-Select sin rellenar las 52 oz.\u00a0reservorio.<\/p>\n<div class=\"embedded-component-container lv\">\n<div>\n<div id=\"shop-product-features-20971902\" class=\"None\" data-version=\"4.1.2\">\n<div class=\"shop-product-features\">\n<div class=\"lv align-heading-left\" data-reactroot=\"\">\n<div class=\"feature-body-container\">\n<div class=\"features-list-container\">\n<div class=\"features-list all-features\">\n<div class=\"list-row\">\n<div class=\"list-container list-lv\">\n<h3><strong>Caracter\u00edsticas<\/strong><\/h3>\n<ul>\n<li><strong>Aseg\u00farese de no dejar la m\u00e1quina de caf\u00e9 encendida<\/strong><br \/>\nEl apagado autom\u00e1tico promueve un funcionamiento seguro.<\/li>\n<li><strong>Prepara la taza perfecta<\/strong><br \/>\nEl control de fuerza te permite preparar un caf\u00e9 que se adapte a tus gustos.<\/li>\n<li><strong>Volumen de taza programable<\/strong><br \/>\nLe permite configurar el tama\u00f1o de su caf\u00e9 seg\u00fan sus preferencias personales.<\/li>\n<li><strong>Tanque de agua extra\u00edble<\/strong><br \/>\nPermite un f\u00e1cil rellenado.<\/li>\n<li><strong>Rec\u00f3jalo r\u00e1pidamente despu\u00e9s de que se complete la preparaci\u00f3n<\/strong><br \/>\nUna bandeja de goteo extra\u00edble se separa f\u00e1cilmente de la m\u00e1quina.<\/li>\n<li><strong>Acabado mate negro<\/strong><br \/>\nCrea una apariencia elegante.<\/li>\n<\/ul>\n<p>&nbsp;<\/p>\n<h3><strong>Qu\u00e9 est\u00e1 incluido<\/strong><\/h3>\n<ul>\n<li>Cafetera de c\u00e1psulas K-Cup K-Select de una sola porci\u00f3n de Keurig<\/li>\n<\/ul>\n<\/div>\n<\/div>\n<\/div>\n<\/div>\n<\/div>\n<\/div>\n<\/div>\n<\/div>\n<\/div>\n<\/div>\n<div class=\"embedded-component-container lv\">\n<div>\n<div id=\"pricing-gift-with-purchase-70929521\" class=\"None\" data-version=\"1.2119.7\">\n<div class=\"pricing-gift-with-purchase\">\n<div data-reactroot=\"\">\n<div class=\"pricing-price\">\n<div class=\"pricing-price lv\"><\/div>\n<\/div>\n<\/div>\n<\/div>\n<\/div>\n<\/div>\n<\/div>\n<div class=\"embedded-component-container lv\"><\/div>\n","protected":false},"excerpt":{"rendered":"<p>Empiece bien la ma\u00f1ana con esta cafetera Keurig K-Select Single Serve.\u00a0Los controles de botones simples le permiten preparar una taza individual de 12 oz.\u00a0taza de caf\u00e9 en menos de un<\/p>\n","protected":false},"featured_media":28718,"comment_status":"open","ping_status":"closed","template":"","meta":{"_acf_changed":false,"_joinchat":[]},"product_brand":[],"product_cat":[1522,336,947],"product_tag":[],"class_list":{"0":"post-28717","1":"product","2":"type-product","3":"status-publish","4":"has-post-thumbnail","6":"product_cat-ofertas-hogar","7":"product_cat-hogar","8":"product_cat-teteras-maquinas-de-te-y-cafe","10":"first","11":"instock","12":"sale","13":"shipping-taxable","14":"purchasable","15":"product-type-simple"},"acf":[],"_links":{"self":[{"href":"https:\/\/defabrica.com.mx\/defabrica\/wp-json\/wp\/v2\/product\/28717","targetHints":{"allow":["GET"]}}],"collection":[{"href":"https:\/\/defabrica.com.mx\/defabrica\/wp-json\/wp\/v2\/product"}],"about":[{"href":"https:\/\/defabrica.com.mx\/defabrica\/wp-json\/wp\/v2\/types\/product"}],"replies":[{"embeddable":true,"href":"https:\/\/defabrica.com.mx\/defabrica\/wp-json\/wp\/v2\/comments?post=28717"}],"wp:featuredmedia":[{"embeddable":true,"href":"https:\/\/defabrica.com.mx\/defabrica\/wp-json\/wp\/v2\/media\/28718"}],"wp:attachment":[{"href":"https:\/\/defabrica.com.mx\/defabrica\/wp-json\/wp\/v2\/media?parent=28717"}],"wp:term":[{"taxonomy":"product_brand","embeddable":true,"href":"https:\/\/defabrica.com.mx\/defabrica\/wp-json\/wp\/v2\/product_brand?post=28717"},{"taxonomy":"product_cat","embeddable":true,"href":"https:\/\/defabrica.com.mx\/defabrica\/wp-json\/wp\/v2\/product_cat?post=28717"},{"taxonomy":"product_tag","embeddable":true,"href":"https:\/\/defabrica.com.mx\/defabrica\/wp-json\/wp\/v2\/product_tag?post=28717"}],"curies":[{"name":"wp","href":"https:\/\/api.w.org\/{rel}","templated":true}]}}