{"id":27653,"date":"2021-04-15T14:39:27","date_gmt":"2021-04-15T19:39:27","guid":{"rendered":"https:\/\/defabrica.com.mx\/defabrica\/?post_type=product&#038;p=27653"},"modified":"2022-07-05T13:48:56","modified_gmt":"2022-07-05T18:48:56","slug":"nuevo-2021-dinoland-centro-de-juegos-alberca-inflable-infantil","status":"publish","type":"product","link":"https:\/\/defabrica.com.mx\/defabrica\/producto\/nuevo-2021-dinoland-centro-de-juegos-alberca-inflable-infantil\/","title":{"rendered":"Nuevo 2021 Dinoland centro de Juegos Alberca Inflable Infantil."},"content":{"rendered":"<p>Tus hijos y sus amigos se lo pasar\u00e1n en grande en este Centro de juegos acu\u00e1ticos con tem\u00e1tica de dinosaurios.\u00a0\u00a1Justo a tiempo para el verano y la nueva pel\u00edcula de Jurassic World!\u00a0\u00a1Se deslizar\u00e1n y chapotear\u00e1n en la piscina infantil!\u00a0El Dino Arch es movible y tiene un rociador de agua que a los ni\u00f1os les encantar\u00e1 que se adhiere a la manguera del jard\u00edn para facilitar su uso. El centro de juegos viene con juegos de Dino Hoops y Volcanic Ball Roller. El tobog\u00e1n de agua tiene una alfombra de aterrizaje para acolchado adicional.\u00a0Tap\u00f3n de drenaje en el suelo de la piscina<\/p>\n<div class=\"celwidget aplus-module module-2 aplus-standard\" data-csa-c-id=\"wztv9l-qg9jjr-roooru-5phinl\" data-cel-widget=\"aplus-module-2\">\n<div class=\"a-expander-collapsed-height a-row a-expander-container a-expander-partial-collapse-container\" aria-live=\"polite\" data-a-expander-name=\"aplus-module-expander\" data-a-expander-collapsed-height=\"700\">\n<div class=\"a-expander-content a-expander-partial-collapse-content\" aria-expanded=\"false\">\n<div class=\"aplus-module-wrapper apm-floatnone apm-fixed-width\">\n<div class=\"apm-sidemodule apm-spacing\">\n<div class=\"apm-sidemodule-textright\">\n<p>Dimensiones (LxAnxAl): 333 x 229 x 112 cm Capacidad: aprox.\u00a0280L (15 cm) Incluye un parche de reparaci\u00f3n<\/p>\n<\/div>\n<\/div>\n<\/div>\n<div><\/div>\n<\/div>\n<\/div>\n<\/div>\n<div class=\"celwidget aplus-module module-4 aplus-standard\" data-csa-c-id=\"scise2-8ya18k-z3q9vz-lgm620\" data-cel-widget=\"aplus-module-4\">\n<div class=\"a-expander-collapsed-height a-row a-expander-container a-expander-partial-collapse-container\" aria-live=\"polite\" data-a-expander-name=\"aplus-module-expander\" data-a-expander-collapsed-height=\"700\">\n<div class=\"a-expander-content a-expander-partial-collapse-content\" aria-expanded=\"false\">\n<div class=\"aplus-module-wrapper apm-fixed-width\">\n<div class=\"apm-spacing\">\n<div class=\"apm-floatleft apm-fixed-width\"><\/div>\n<\/div>\n<\/div>\n<\/div>\n<\/div>\n<\/div>\n","protected":false},"excerpt":{"rendered":"<p>Tus hijos y sus amigos se lo pasar\u00e1n en grande en este Centro de juegos acu\u00e1ticos con tem\u00e1tica de dinosaurios.\u00a0\u00a1Justo a tiempo para el verano y la nueva pel\u00edcula de<\/p>\n","protected":false},"featured_media":27658,"comment_status":"open","ping_status":"closed","template":"","meta":{"_acf_changed":false,"_joinchat":[]},"product_brand":[],"product_cat":[886,1097,1198],"product_tag":[],"class_list":{"0":"post-27653","1":"product","2":"type-product","3":"status-publish","4":"has-post-thumbnail","6":"product_cat-juguetesycoleccionables","7":"product_cat-juguetes","8":"product_cat-albercas-y-juegos-de-jardin","10":"first","11":"instock","12":"sale","13":"shipping-taxable","14":"purchasable","15":"product-type-simple"},"acf":[],"_links":{"self":[{"href":"https:\/\/defabrica.com.mx\/defabrica\/wp-json\/wp\/v2\/product\/27653","targetHints":{"allow":["GET"]}}],"collection":[{"href":"https:\/\/defabrica.com.mx\/defabrica\/wp-json\/wp\/v2\/product"}],"about":[{"href":"https:\/\/defabrica.com.mx\/defabrica\/wp-json\/wp\/v2\/types\/product"}],"replies":[{"embeddable":true,"href":"https:\/\/defabrica.com.mx\/defabrica\/wp-json\/wp\/v2\/comments?post=27653"}],"wp:featuredmedia":[{"embeddable":true,"href":"https:\/\/defabrica.com.mx\/defabrica\/wp-json\/wp\/v2\/media\/27658"}],"wp:attachment":[{"href":"https:\/\/defabrica.com.mx\/defabrica\/wp-json\/wp\/v2\/media?parent=27653"}],"wp:term":[{"taxonomy":"product_brand","embeddable":true,"href":"https:\/\/defabrica.com.mx\/defabrica\/wp-json\/wp\/v2\/product_brand?post=27653"},{"taxonomy":"product_cat","embeddable":true,"href":"https:\/\/defabrica.com.mx\/defabrica\/wp-json\/wp\/v2\/product_cat?post=27653"},{"taxonomy":"product_tag","embeddable":true,"href":"https:\/\/defabrica.com.mx\/defabrica\/wp-json\/wp\/v2\/product_tag?post=27653"}],"curies":[{"name":"wp","href":"https:\/\/api.w.org\/{rel}","templated":true}]}}