{"id":26430,"date":"2021-03-04T20:15:47","date_gmt":"2021-03-05T02:15:47","guid":{"rendered":"https:\/\/defabrica.com.mx\/defabrica\/?post_type=product&#038;p=26430"},"modified":"2023-01-22T13:47:58","modified_gmt":"2023-01-22T19:47:58","slug":"revlon-salon-one-step-secadora-y-estilizadora","status":"publish","type":"product","link":"https:\/\/defabrica.com.mx\/defabrica\/producto\/revlon-salon-one-step-secadora-y-estilizadora\/","title":{"rendered":"Revlon Sal\u00f3n One-Step Secadora y Estilizadora"},"content":{"rendered":"<p>REVLON Salon One-Step Secadora y Estilizadora est\u00e1 dise\u00f1ado para secar y estilizar en un solo paso. Cepillo acojinado grande que seca y alacia el cabello r\u00e1pidamente. El cepillo tiene cerdas desenredantes que ayudan a secar, alaciar y estilizar el cabello en la mitad del tiempo. Comparado con secado y estilizado por separado. El cepillo cuenta con m\u00faltiples configuraciones de temperatura para un secado completo y mayor flexibilidad en el estilizado de cualquier tipo de cabello. Constru\u00edda con 1100 watts de potencia para proporcionar la cantidad adecuada de calor. La tecnolog\u00eda IONICA ayuda mantener la superficie del cabello acondicionado y suave al mismo tiempo ayudando a reducir el frizz y la est\u00e1tica para un cabello sano y brillante. Adem\u00e1s, un dise\u00f1o ergon\u00f3mico y ligero para mayor confort y facilidad de uso. La unidad est\u00e1 dise\u00f1ada solamente para tomacorrientes de 120 V. \u00a1Tu seguridad es primero! REVLON Salon One-Step Secadora y Estilizadora cumple con los est\u00e1ndares de seguridad de M\u00e9xico.<\/p>\n<p>1 mes de garant\u00eda directamente con Defabrica<\/p>\n","protected":false},"excerpt":{"rendered":"<p>REVLON Salon One-Step Secadora y Estilizadora est\u00e1 dise\u00f1ado para secar y estilizar en un solo paso. Cepillo acojinado grande que seca y alacia el cabello r\u00e1pidamente. El cepillo tiene cerdas<\/p>\n","protected":false},"featured_media":26436,"comment_status":"open","ping_status":"closed","template":"","meta":{"_acf_changed":false,"_joinchat":[]},"product_brand":[],"product_cat":[331,352,490,493],"product_tag":[],"class_list":{"0":"post-26430","1":"product","2":"type-product","3":"status-publish","4":"has-post-thumbnail","6":"product_cat-salud-y-belleza","7":"product_cat-ella","8":"product_cat-cuidado-del-cabello-ella","9":"product_cat-cepillos-alisadores-y-rizadores","11":"first","12":"instock","13":"sale","14":"shipping-taxable","15":"purchasable","16":"product-type-simple"},"acf":[],"_links":{"self":[{"href":"https:\/\/defabrica.com.mx\/defabrica\/wp-json\/wp\/v2\/product\/26430","targetHints":{"allow":["GET"]}}],"collection":[{"href":"https:\/\/defabrica.com.mx\/defabrica\/wp-json\/wp\/v2\/product"}],"about":[{"href":"https:\/\/defabrica.com.mx\/defabrica\/wp-json\/wp\/v2\/types\/product"}],"replies":[{"embeddable":true,"href":"https:\/\/defabrica.com.mx\/defabrica\/wp-json\/wp\/v2\/comments?post=26430"}],"wp:featuredmedia":[{"embeddable":true,"href":"https:\/\/defabrica.com.mx\/defabrica\/wp-json\/wp\/v2\/media\/26436"}],"wp:attachment":[{"href":"https:\/\/defabrica.com.mx\/defabrica\/wp-json\/wp\/v2\/media?parent=26430"}],"wp:term":[{"taxonomy":"product_brand","embeddable":true,"href":"https:\/\/defabrica.com.mx\/defabrica\/wp-json\/wp\/v2\/product_brand?post=26430"},{"taxonomy":"product_cat","embeddable":true,"href":"https:\/\/defabrica.com.mx\/defabrica\/wp-json\/wp\/v2\/product_cat?post=26430"},{"taxonomy":"product_tag","embeddable":true,"href":"https:\/\/defabrica.com.mx\/defabrica\/wp-json\/wp\/v2\/product_tag?post=26430"}],"curies":[{"name":"wp","href":"https:\/\/api.w.org\/{rel}","templated":true}]}}

Revlon Salón One-Step Secadora y Estilizadora

<p>REVLON Salon One-Step Secadora y Estilizadora está diseñado para secar y estilizar en un solo paso. Cepillo acojinado grande que seca y alacia el cabello rápidamente. El cepillo tiene cerdas desenredantes que ayudan a secar, alaciar y estilizar el cabello en la mitad del tiempo. Comparado con secado y estilizado por separado. El cepillo cuenta con múltiples configuraciones de temperatura para un secado completo y mayor flexibilidad en el estilizado de cualquier tipo de cabello. Construída con 1100 watts de potencia para proporcionar la cantidad adecuada de calor. La tecnología IONICA ayuda mantener la superficie del cabello acondicionado y suave al mismo tiempo ayudando a reducir el frizz y la estática para un cabello sano y brillante. Además, un diseño ergonómico y ligero para mayor confort y facilidad de uso. La unidad está diseñada solamente para tomacorrientes de 120 V. ¡Tu seguridad es primero! REVLON Salon One-Step Secadora y Estilizadora cumple con los estándares de seguridad de México.</p>
<p>1 mes de garantía directamente con Defabrica</p>

<p>REVLON Salon One-Step Secadora y Estilizadora está diseñado para secar y estilizar en un solo paso. Cepillo acojinado grande que seca y alacia el cabello rápidamente. El cepillo tiene cerdas</p>
