{"id":26073,"date":"2021-03-01T22:39:56","date_gmt":"2021-03-02T04:39:56","guid":{"rendered":"https:\/\/defabrica.com.mx\/defabrica\/?post_type=product&#038;p=26073"},"modified":"2023-01-26T15:24:04","modified_gmt":"2023-01-26T21:24:04","slug":"lasko-52-ventilador-de-torre-de-pedestal-de-altura-ajustable-oscilante-de-3-velocidades-ahorra-espacio-con-control-remoto-y-temporizador","status":"publish","type":"product","link":"https:\/\/defabrica.com.mx\/defabrica\/producto\/lasko-52-ventilador-de-torre-de-pedestal-de-altura-ajustable-oscilante-de-3-velocidades-ahorra-espacio-con-control-remoto-y-temporizador\/","title":{"rendered":"Lasko 52 \u00abVentilador de torre de pedestal de altura ajustable oscilante de 3 velocidades, ahorra espacio con control remoto y temporizador."},"content":{"rendered":"<p>Disfrute de una brisa fresca en cada habitaci\u00f3n con el ventilador de pedestal oscilante Lasko de 52 \u00ab. Es ideal para usar en tiendas, oficinas, aulas, clubes de salud, hogares y m\u00e1s. La hoja de 16\u00bb de di\u00e1metro proporciona un potente flujo de aire de enfriamiento que se puede ajustar a tres velocidades silenciosas.\u00a0El ventilador de torre oscilante incluye una funci\u00f3n de inclinaci\u00f3n hacia atr\u00e1s que puede dirigir el aire hacia el techo, lo que permite que el aire circule por toda la habitaci\u00f3n.\u00a0La altura totalmente ajustable var\u00eda de 41 \u00aba 52\u00bb, lo que le permite ajustar la altura a su gusto.\u00a0Este ventilador es f\u00e1cil de montar ya que no requiere herramientas.\u00a0El ventilador de torre de pedestal est\u00e1 hecho de un pl\u00e1stico duradero y proporciona un alto rendimiento.<\/p>\n<p><b>Lasko 52 \u00abVentilador de torre de pedestal de altura ajustable oscilante de 3 velocidades que ahorra espacio con control remoto y temporizador, 2535, gris:<\/b><\/p>\n<ul>\n<li>El ventilador de torre de pedestal es totalmente ajustable de 41 \u00aba 52\u00bb de altura<\/li>\n<li>El dise\u00f1o que ahorra espacio ocupa menos espacio<\/li>\n<li>Oscilaci\u00f3n opcional para una comodidad generalizada<\/li>\n<li>Las rejillas direccionales ajustan el viento verticalmente seg\u00fan sea necesario<\/li>\n<li>Mando a distancia multifunci\u00f3n<\/li>\n<li>Controles electr\u00f3nicos f\u00e1ciles de usar<\/li>\n<li>Temporizador electr\u00f3nico (programado de 0,5 a 7,5 horas)<\/li>\n<li>3 velocidades silenciosas y energ\u00e9ticamente eficientes<\/li>\n<li>El ventilador de torre de pedestal incluye un asa de transporte f\u00e1cil<\/li>\n<li>Enchufe de seguridad con fusibles de confianza<\/li>\n<li>Montaje sencillo sin herramientas<\/li>\n<li>Pl\u00e1stico duradero y proporciona un alto rendimiento.<\/li>\n<li>ETL enumerado<\/li>\n<li>Requiere ensamblaje simple<\/li>\n<\/ul>\n","protected":false},"excerpt":{"rendered":"<p>Disfrute de una brisa fresca en cada habitaci\u00f3n con el ventilador de pedestal oscilante Lasko de 52 \u00ab. Es ideal para usar en tiendas, oficinas, aulas, clubes de salud, hogares<\/p>\n","protected":false},"featured_media":29588,"comment_status":"open","ping_status":"closed","template":"","meta":{"_acf_changed":false,"_joinchat":[]},"product_brand":[],"product_cat":[1474,336,1159],"product_tag":[],"class_list":{"0":"post-26073","1":"product","2":"type-product","3":"status-publish","4":"has-post-thumbnail","6":"product_cat-ofertas-primavera-electrodomesticos","7":"product_cat-hogar","8":"product_cat-calefaccion-y-refrigeracion-ventiladores","10":"first","11":"instock","12":"sale","13":"shipping-taxable","14":"purchasable","15":"product-type-simple"},"acf":[],"_links":{"self":[{"href":"https:\/\/defabrica.com.mx\/defabrica\/wp-json\/wp\/v2\/product\/26073","targetHints":{"allow":["GET"]}}],"collection":[{"href":"https:\/\/defabrica.com.mx\/defabrica\/wp-json\/wp\/v2\/product"}],"about":[{"href":"https:\/\/defabrica.com.mx\/defabrica\/wp-json\/wp\/v2\/types\/product"}],"replies":[{"embeddable":true,"href":"https:\/\/defabrica.com.mx\/defabrica\/wp-json\/wp\/v2\/comments?post=26073"}],"wp:featuredmedia":[{"embeddable":true,"href":"https:\/\/defabrica.com.mx\/defabrica\/wp-json\/wp\/v2\/media\/29588"}],"wp:attachment":[{"href":"https:\/\/defabrica.com.mx\/defabrica\/wp-json\/wp\/v2\/media?parent=26073"}],"wp:term":[{"taxonomy":"product_brand","embeddable":true,"href":"https:\/\/defabrica.com.mx\/defabrica\/wp-json\/wp\/v2\/product_brand?post=26073"},{"taxonomy":"product_cat","embeddable":true,"href":"https:\/\/defabrica.com.mx\/defabrica\/wp-json\/wp\/v2\/product_cat?post=26073"},{"taxonomy":"product_tag","embeddable":true,"href":"https:\/\/defabrica.com.mx\/defabrica\/wp-json\/wp\/v2\/product_tag?post=26073"}],"curies":[{"name":"wp","href":"https:\/\/api.w.org\/{rel}","templated":true}]}}