{"id":26043,"date":"2021-03-01T21:31:27","date_gmt":"2021-03-02T03:31:27","guid":{"rendered":"https:\/\/defabrica.com.mx\/defabrica\/?post_type=product&#038;p=26043"},"modified":"2023-01-26T15:20:58","modified_gmt":"2023-01-26T21:20:58","slug":"bissell-limpiador-portatil-de-alfombras-colchones-sillones-y-mas-especial-para-mascotas","status":"publish","type":"product","link":"https:\/\/defabrica.com.mx\/defabrica\/producto\/bissell-limpiador-portatil-de-alfombras-colchones-sillones-y-mas-especial-para-mascotas\/","title":{"rendered":"BISSELL Limpiador port\u00e1til  de Alfombras, Colchones, Sillones y m\u00e1s! Especial para mascotas."},"content":{"rendered":"<p>No es necesario sacar una m\u00e1quina limpiadora de alfombras de tama\u00f1o completo cada vez que aparece una mancha o una mancha en su alfombra.\u00a0Con BISSELL Spotclean Proheat Pet, puede eliminar de forma permanente las manchas y las manchas dif\u00edciles. * Es una potente m\u00e1quina de limpieza compacta.\u00a0La tecnolog\u00eda HeatWave incorporada ayuda a mantener una temperatura constante del agua durante la limpieza.\u00a0Dise\u00f1ado para limpiar f\u00e1cilmente alfombras, tapizados, escaleras, tapetes, interiores de autom\u00f3viles y m\u00e1s.\u00a0Con un dise\u00f1o liviano, el BISSELL Spotclean Proheat Pet es f\u00e1cil de usar y f\u00e1cil de almacenar.\u00a0Para una limpieza vers\u00e1til, incluye tres herramientas profesionales.\u00a0La herramienta Deep Teach dispensa la f\u00f3rmula en profundidad en las alfombras para eliminar las manchas dif\u00edciles, la herramienta Tough Stain Tool es perfecta para limpiezas r\u00e1pidas de derrames y desorden y la herramienta HydroRinse Self Cleaning Hose Tool le permite enjuagar la manguera despu\u00e9s de terminar. hecho la limpieza.\u00a0Elimine de forma permanente las manchas y las manchas dif\u00edciles con el limpiador de alfombras port\u00e1til para mascotas SpotClean ProHeat de BISSELL, 2513W y la f\u00f3rmula profesional Spot &amp; Stain + Oxy de BISSELL.\u00a0La tecnolog\u00eda HeatWave incorporada ayuda a mantener una temperatura constante del agua.\u00a0Es una m\u00e1quina de limpieza port\u00e1til, potente y compacta.<\/p>\n","protected":false},"excerpt":{"rendered":"<p>No es necesario sacar una m\u00e1quina limpiadora de alfombras de tama\u00f1o completo cada vez que aparece una mancha o una mancha en su alfombra.\u00a0Con BISSELL Spotclean Proheat Pet, puede eliminar<\/p>\n","protected":false},"featured_media":29589,"comment_status":"open","ping_status":"closed","template":"","meta":{"_acf_changed":false,"_joinchat":[]},"product_brand":[],"product_cat":[336,1156],"product_tag":[],"class_list":{"0":"post-26043","1":"product","2":"type-product","3":"status-publish","4":"has-post-thumbnail","6":"product_cat-hogar","7":"product_cat-aspiradoras-vaporizadores-y-cuidado-de-suelos","9":"first","10":"instock","11":"sale","12":"shipping-taxable","13":"purchasable","14":"product-type-simple"},"acf":[],"_links":{"self":[{"href":"https:\/\/defabrica.com.mx\/defabrica\/wp-json\/wp\/v2\/product\/26043","targetHints":{"allow":["GET"]}}],"collection":[{"href":"https:\/\/defabrica.com.mx\/defabrica\/wp-json\/wp\/v2\/product"}],"about":[{"href":"https:\/\/defabrica.com.mx\/defabrica\/wp-json\/wp\/v2\/types\/product"}],"replies":[{"embeddable":true,"href":"https:\/\/defabrica.com.mx\/defabrica\/wp-json\/wp\/v2\/comments?post=26043"}],"wp:featuredmedia":[{"embeddable":true,"href":"https:\/\/defabrica.com.mx\/defabrica\/wp-json\/wp\/v2\/media\/29589"}],"wp:attachment":[{"href":"https:\/\/defabrica.com.mx\/defabrica\/wp-json\/wp\/v2\/media?parent=26043"}],"wp:term":[{"taxonomy":"product_brand","embeddable":true,"href":"https:\/\/defabrica.com.mx\/defabrica\/wp-json\/wp\/v2\/product_brand?post=26043"},{"taxonomy":"product_cat","embeddable":true,"href":"https:\/\/defabrica.com.mx\/defabrica\/wp-json\/wp\/v2\/product_cat?post=26043"},{"taxonomy":"product_tag","embeddable":true,"href":"https:\/\/defabrica.com.mx\/defabrica\/wp-json\/wp\/v2\/product_tag?post=26043"}],"curies":[{"name":"wp","href":"https:\/\/api.w.org\/{rel}","templated":true}]}}