{"id":24053,"date":"2021-01-14T21:13:59","date_gmt":"2021-01-15T03:13:59","guid":{"rendered":"https:\/\/defabrica.com.mx\/defabrica\/?post_type=product&#038;p=24053"},"modified":"2023-01-27T15:24:58","modified_gmt":"2023-01-27T21:24:58","slug":"vajilla-variada-the-pioneer-woman-juego-de-12-piezas","status":"publish","type":"product","link":"https:\/\/defabrica.com.mx\/defabrica\/producto\/vajilla-variada-the-pioneer-woman-juego-de-12-piezas\/","title":{"rendered":"Vajilla variada The Pioneer Woman, juego de 12 piezas"},"content":{"rendered":"<ul>\n<li>Apto para lavavajillas y microondas.<\/li>\n<li>Hecho de gres duradero<\/li>\n<li>\u00a0Los dise\u00f1os de mezcla y combinaci\u00f3n agregan un estilo llamativo a cualquier mesa<\/li>\n<li>Comb\u00ednalo con otros art\u00edculos de la colecci\u00f3n Pioneer Woman<\/li>\n<li>Perfecto para uso diario u ocasiones especiales.<\/li>\n<li>Vintage Floral Verde azulado: 1 plato llano de 10,5 \u00ab, plato de ensalada de 1 a 8,5\u00bb, taz\u00f3n de 1 a 6 \u00ab<\/li>\n<li>Vintage Floral Red: Plato llano de 1 &#8211; 10.5 \u00ab, Plato para ensalada de 1 &#8211; 8.5\u00bb, Cuenco de 1 &#8211; 6 \u00ab<\/li>\n<li>Cowgirl Lace Red: 1 plato llano de 10,75 \u00ab, plato de ensalada de 1 &#8211; 8,5\u00bb, cuenco de 1 &#8211; 6,25 \u00ab<\/li>\n<li>Lino de encaje de vaquera: 1 &#8211; Plato llano de 10.75 \u00ab, Plato para ensalada de 1 &#8211; 8.5\u00bb, Taz\u00f3n de 1 &#8211; 6.25 \u00ab<\/li>\n<\/ul>\n","protected":false},"excerpt":{"rendered":"<p>Apto para lavavajillas y microondas. Hecho de gres duradero \u00a0Los dise\u00f1os de mezcla y combinaci\u00f3n agregan un estilo llamativo a cualquier mesa Comb\u00ednalo con otros art\u00edculos de la colecci\u00f3n Pioneer<\/p>\n","protected":false},"featured_media":24056,"comment_status":"open","ping_status":"closed","template":"","meta":{"_acf_changed":false,"_joinchat":[]},"product_brand":[],"product_cat":[336,337,988],"product_tag":[],"class_list":{"0":"post-24053","1":"product","2":"type-product","3":"status-publish","4":"has-post-thumbnail","6":"product_cat-hogar","7":"product_cat-cocina","8":"product_cat-vajillas-y-articulos-de-servir","10":"first","11":"instock","12":"sale","13":"shipping-taxable","14":"purchasable","15":"product-type-simple"},"acf":[],"_links":{"self":[{"href":"https:\/\/defabrica.com.mx\/defabrica\/wp-json\/wp\/v2\/product\/24053","targetHints":{"allow":["GET"]}}],"collection":[{"href":"https:\/\/defabrica.com.mx\/defabrica\/wp-json\/wp\/v2\/product"}],"about":[{"href":"https:\/\/defabrica.com.mx\/defabrica\/wp-json\/wp\/v2\/types\/product"}],"replies":[{"embeddable":true,"href":"https:\/\/defabrica.com.mx\/defabrica\/wp-json\/wp\/v2\/comments?post=24053"}],"wp:featuredmedia":[{"embeddable":true,"href":"https:\/\/defabrica.com.mx\/defabrica\/wp-json\/wp\/v2\/media\/24056"}],"wp:attachment":[{"href":"https:\/\/defabrica.com.mx\/defabrica\/wp-json\/wp\/v2\/media?parent=24053"}],"wp:term":[{"taxonomy":"product_brand","embeddable":true,"href":"https:\/\/defabrica.com.mx\/defabrica\/wp-json\/wp\/v2\/product_brand?post=24053"},{"taxonomy":"product_cat","embeddable":true,"href":"https:\/\/defabrica.com.mx\/defabrica\/wp-json\/wp\/v2\/product_cat?post=24053"},{"taxonomy":"product_tag","embeddable":true,"href":"https:\/\/defabrica.com.mx\/defabrica\/wp-json\/wp\/v2\/product_tag?post=24053"}],"curies":[{"name":"wp","href":"https:\/\/api.w.org\/{rel}","templated":true}]}}