{"id":23342,"date":"2021-01-06T19:53:13","date_gmt":"2021-01-07T01:53:13","guid":{"rendered":"https:\/\/defabrica.com.mx\/defabrica\/?post_type=product&#038;p=23342"},"modified":"2023-01-21T12:00:29","modified_gmt":"2023-01-21T18:00:29","slug":"keurig-cafetera-k-elite-cafetera-de-vainas-k-cup-de-una-sola-porcion","status":"publish","type":"product","link":"https:\/\/defabrica.com.mx\/defabrica\/producto\/keurig-cafetera-k-elite-cafetera-de-vainas-k-cup-de-una-sola-porcion\/","title":{"rendered":"Keurig Cafetera K-Elite, cafetera de vainas K-Cup de una sola porci\u00f3n"},"content":{"rendered":"<p>La cafetera Keurig K-Elite combina un acabado premium y caracter\u00edsticas programables para ofrecer un dise\u00f1o moderno y lo \u00faltimo en personalizaci\u00f3n de bebidas. Con un llamativo acabado cepillado y detalles met\u00e1licos, es un complemento elegante para cualquier cocina. La cafetera de un solo servicio Keurig K-Elite cuenta con Strong Brew para cuando desee preparar una taza de caf\u00e9 m\u00e1s atrevida, y un bot\u00f3n Iced para prepararlo caliente sobre hielo para obtener un caf\u00e9 helado refrescante y lleno de sabor. Cuenta con cinco tama\u00f1os de preparaci\u00f3n, por lo que puede preparar su caf\u00e9, t\u00e9, chocolate caliente o bebida helada favoritos con solo tocar un bot\u00f3n. Elija entre cientos de deliciosas variedades de c\u00e1psulas K-Cup, o prepare su propio caf\u00e9 molido con el filtro de caf\u00e9 reutilizable Universal My K-Cup (se vende por separado). La cafetera K-Elite ofrece funciones programables como encendido autom\u00e1tico y control de temperatura, adem\u00e1s de proporcionar agua caliente a pedido para sopas instant\u00e1neas y avena, y el gran dep\u00f3sito de agua extra\u00edble de 75 oz le permite preparar 8 tazas entre recargas.<\/p>\n<p>&nbsp;<\/p>\n<h3>Caracter\u00edsticas.<\/h3>\n<ul class=\"a-unordered-list a-vertical a-spacing-mini\">\n<li><span class=\"a-list-item\">K-Elite prepara caf\u00e9, t\u00e9, cacao caliente, especialidades y bebidas heladas<\/span><\/li>\n<li><span class=\"a-list-item\">Selecciona entre 5 tazas de 4 onzas, 6 onzas, 8 onzas y 10 onzas, 12 onzas.<\/span><\/li>\n<li><span class=\"a-list-item\">Extra\u00edble 75 oz. Cafetera de dep\u00f3sito de agua<\/span><\/li>\n<li><span class=\"a-list-item\">Funci\u00f3n de encendido y apagado autom\u00e1tico.<\/span><\/li>\n<li><span class=\"a-list-item\">Bandeja de goteo extra\u00edble y control de temperatura.<\/span><\/li>\n<\/ul>\n","protected":false},"excerpt":{"rendered":"<p>La cafetera Keurig K-Elite combina un acabado premium y caracter\u00edsticas programables para ofrecer un dise\u00f1o moderno y lo \u00faltimo en personalizaci\u00f3n de bebidas. Con un llamativo acabado cepillado y detalles<\/p>\n","protected":false},"featured_media":23343,"comment_status":"open","ping_status":"closed","template":"","meta":{"_acf_changed":false,"_joinchat":[]},"product_brand":[],"product_cat":[1522,336,337,947],"product_tag":[],"class_list":{"0":"post-23342","1":"product","2":"type-product","3":"status-publish","4":"has-post-thumbnail","6":"product_cat-ofertas-hogar","7":"product_cat-hogar","8":"product_cat-cocina","9":"product_cat-teteras-maquinas-de-te-y-cafe","11":"first","12":"instock","13":"sale","14":"shipping-taxable","15":"purchasable","16":"product-type-simple"},"acf":[],"_links":{"self":[{"href":"https:\/\/defabrica.com.mx\/defabrica\/wp-json\/wp\/v2\/product\/23342","targetHints":{"allow":["GET"]}}],"collection":[{"href":"https:\/\/defabrica.com.mx\/defabrica\/wp-json\/wp\/v2\/product"}],"about":[{"href":"https:\/\/defabrica.com.mx\/defabrica\/wp-json\/wp\/v2\/types\/product"}],"replies":[{"embeddable":true,"href":"https:\/\/defabrica.com.mx\/defabrica\/wp-json\/wp\/v2\/comments?post=23342"}],"wp:featuredmedia":[{"embeddable":true,"href":"https:\/\/defabrica.com.mx\/defabrica\/wp-json\/wp\/v2\/media\/23343"}],"wp:attachment":[{"href":"https:\/\/defabrica.com.mx\/defabrica\/wp-json\/wp\/v2\/media?parent=23342"}],"wp:term":[{"taxonomy":"product_brand","embeddable":true,"href":"https:\/\/defabrica.com.mx\/defabrica\/wp-json\/wp\/v2\/product_brand?post=23342"},{"taxonomy":"product_cat","embeddable":true,"href":"https:\/\/defabrica.com.mx\/defabrica\/wp-json\/wp\/v2\/product_cat?post=23342"},{"taxonomy":"product_tag","embeddable":true,"href":"https:\/\/defabrica.com.mx\/defabrica\/wp-json\/wp\/v2\/product_tag?post=23342"}],"curies":[{"name":"wp","href":"https:\/\/api.w.org\/{rel}","templated":true}]}}