{"id":23306,"date":"2021-01-06T19:09:15","date_gmt":"2021-01-07T01:09:15","guid":{"rendered":"https:\/\/defabrica.com.mx\/defabrica\/?post_type=product&#038;p=23306"},"modified":"2022-12-01T16:27:45","modified_gmt":"2022-12-01T22:27:45","slug":"disney-pixar-olla-de-coccion-lenta-ovalada-de-7-cuartos-de-galon","status":"publish","type":"product","link":"https:\/\/defabrica.com.mx\/defabrica\/producto\/disney-pixar-olla-de-coccion-lenta-ovalada-de-7-cuartos-de-galon\/","title":{"rendered":"Disney Pixar. Olla de cocci\u00f3n lenta ovalada de 7 cuartos de gal\u00f3n"},"content":{"rendered":"<p>Prepara deliciosas comidas en compa\u00f1\u00eda de tus personajes favoritos de Disney-Pixar en esta olla de cocci\u00f3n lenta. La gran capacidad de 7 cuartos y la forma ovalada ayudan a maximizar el espacio de cocci\u00f3n para preparar cualquier cosa, desde chile hasta un pollo entero. El inserto de gres apto para lavavajillas se levanta para facilitar la limpieza y el servicio, mientras que el control de temperatura ajustable ofrece m\u00faltiples configuraciones de calor.<\/p>\n<p>&nbsp;<\/p>\n<h3>Caracter\u00edsticas.<\/h3>\n<ul class=\"a-unordered-list a-vertical a-spacing-mini\">\n<li><span class=\"a-list-item\">7 cuartos de gal\u00f3n extra\u00edble inserto de cer\u00e1mica<\/span><\/li>\n<li><span class=\"a-list-item\">Calor variable (bajo, alto y c\u00e1lido)<\/span><\/li>\n<li><span class=\"a-list-item\">Asas laterales de tacto fr\u00edo<\/span><\/li>\n<li><span class=\"a-list-item\">Dial de temperatura regulable<\/span><\/li>\n<li><span class=\"a-list-item\">Pies de goma antideslizantes<\/span><\/li>\n<\/ul>\n","protected":false},"excerpt":{"rendered":"<p>Prepara deliciosas comidas en compa\u00f1\u00eda de tus personajes favoritos de Disney-Pixar en esta olla de cocci\u00f3n lenta. La gran capacidad de 7 cuartos y la forma ovalada ayudan a maximizar<\/p>\n","protected":false},"featured_media":23307,"comment_status":"open","ping_status":"closed","template":"","meta":{"_acf_changed":false,"_joinchat":[]},"product_brand":[],"product_cat":[336,337,338,949],"product_tag":[],"class_list":{"0":"post-23306","1":"product","2":"type-product","3":"status-publish","4":"has-post-thumbnail","6":"product_cat-hogar","7":"product_cat-cocina","8":"product_cat-electrodomesticos","9":"product_cat-ollas-instantaneas","11":"first","12":"instock","13":"sale","14":"shipping-taxable","15":"purchasable","16":"product-type-simple"},"acf":[],"_links":{"self":[{"href":"https:\/\/defabrica.com.mx\/defabrica\/wp-json\/wp\/v2\/product\/23306","targetHints":{"allow":["GET"]}}],"collection":[{"href":"https:\/\/defabrica.com.mx\/defabrica\/wp-json\/wp\/v2\/product"}],"about":[{"href":"https:\/\/defabrica.com.mx\/defabrica\/wp-json\/wp\/v2\/types\/product"}],"replies":[{"embeddable":true,"href":"https:\/\/defabrica.com.mx\/defabrica\/wp-json\/wp\/v2\/comments?post=23306"}],"wp:featuredmedia":[{"embeddable":true,"href":"https:\/\/defabrica.com.mx\/defabrica\/wp-json\/wp\/v2\/media\/23307"}],"wp:attachment":[{"href":"https:\/\/defabrica.com.mx\/defabrica\/wp-json\/wp\/v2\/media?parent=23306"}],"wp:term":[{"taxonomy":"product_brand","embeddable":true,"href":"https:\/\/defabrica.com.mx\/defabrica\/wp-json\/wp\/v2\/product_brand?post=23306"},{"taxonomy":"product_cat","embeddable":true,"href":"https:\/\/defabrica.com.mx\/defabrica\/wp-json\/wp\/v2\/product_cat?post=23306"},{"taxonomy":"product_tag","embeddable":true,"href":"https:\/\/defabrica.com.mx\/defabrica\/wp-json\/wp\/v2\/product_tag?post=23306"}],"curies":[{"name":"wp","href":"https:\/\/api.w.org\/{rel}","templated":true}]}}