{"id":23198,"date":"2021-01-06T13:26:27","date_gmt":"2021-01-06T19:26:27","guid":{"rendered":"https:\/\/defabrica.com.mx\/defabrica\/?post_type=product&#038;p=23198"},"modified":"2023-01-13T15:10:47","modified_gmt":"2023-01-13T21:10:47","slug":"ninja-parrilla-interior-ninja-foodi-5-en-1-con-freidora-de-aire-acero-inoxidable","status":"publish","type":"product","link":"https:\/\/defabrica.com.mx\/defabrica\/producto\/ninja-parrilla-interior-ninja-foodi-5-en-1-con-freidora-de-aire-acero-inoxidable\/","title":{"rendered":"Ninja &#8211; Parrilla interior Ninja\u00ae Foodi \u2122 5 en 1 con freidora de aire &#8211; Acero inoxidable"},"content":{"rendered":"<div class=\"embedded-component-container lv\">\n<div id=\"shop-product-description-5c5884e6-955f-4ecc-9889-b8f74fbf80fc\" class=\"None\" data-version=\"1.3.2\">\n<div class=\"shop-product-description\">\n<section class=\"align-heading-left\" data-reactroot=\"\">\n<div class=\"long-description-container body-copy \">\n<div class=\"html-fragment\"><\/div>\n<\/div>\n<\/section>\n<\/div>\n<\/div>\n<\/div>\n<div>\n<div class=\"embedded-component-container lv\">\n<div>\n<div id=\"shop-product-description-5c5884e6-955f-4ecc-9889-b8f74fbf80fc\" class=\"None\" data-version=\"1.3.2\">\n<div class=\"shop-product-description\">\n<section class=\"align-heading-left\" data-reactroot=\"\">\n<div class=\"long-description-container body-copy \">\n<div class=\"html-fragment\">\n<div>\n<div>Parrilla Ninja\u00ae Foodi \u2122.\u00a0La parrilla que quema, chisporrotea y fr\u00ede al aire las patatas fritas \u2122.\u00a0Con la tecnolog\u00eda Cyclonic Grilling, el aire s\u00faper caliente de 500F proporciona un abrasivo envolvente, mientras que la rejilla de parrilla de alta densidad de 500F crea marcas de parrilla y sabores pr\u00e1cticamente libres de humo.<\/div>\n<\/div>\n<\/div>\n<\/div>\n<\/section>\n<\/div>\n<\/div>\n<\/div>\n<\/div>\n<\/div>\n<div class=\"embedded-component-container lv\"><\/div>\n<div><\/div>\n<div><\/div>\n<div><\/div>\n<div><\/div>\n<div><\/div>\n<div><\/div>\n<div><\/div>\n<div><\/div>\n<div><\/div>\n<div><\/div>\n<div><\/div>\n<div><\/div>\n<div>\n<p>&nbsp;<\/p>\n<h3>Caracter\u00edsticas.<\/h3>\n<ul>\n<li><strong>Parrilla el\u00e9ctrica a 500 \u00b0 F en el interior<\/strong><br \/>\nCocine perfectamente los alimentos en el interior y cocine a la parrilla todos los lados con la tecnolog\u00eda de parrilla cicl\u00f3nica supercaliente a 500 \u00b0 F.<\/li>\n<li><strong>Freidora de aire de 4 cuartos<\/strong><br \/>\nFr\u00ede al aire crujiente con hasta un 75% menos de grasa que fre\u00edr (probado contra papas fritas cortadas a mano y fritas), usando la canasta para verduras de 4 cuartos incluida.<\/li>\n<li><strong>La potencia de cocci\u00f3n BTU de una parrilla al aire libre<\/strong><br \/>\nCon el poder de cocci\u00f3n BTU de una parrilla al aire libre, lleve los sabores de la parrilla al aire libre c\u00f3modamente a su encimera cualquier d\u00eda del a\u00f1o.<\/li>\n<li><strong>F\u00e1cil de usar<\/strong><br \/>\nLa pantalla digital intuitiva facilita la elecci\u00f3n de la funci\u00f3n de cocci\u00f3n, la temperatura y el tiempo de cocci\u00f3n.<\/li>\n<li><strong>F\u00e1cil de limpiar<\/strong><br \/>\nLa rejilla de la parrilla, la canasta para verduras y la olla de cocci\u00f3n revestidas de cer\u00e1mica y extra\u00edbles son aptas para lavavajillas, f\u00e1ciles de limpiar y libres de PTFE \/ PFOA.<\/li>\n<li><strong>Resultados perfectos a la parrilla<\/strong><br \/>\nObtenga resultados perfectos a la parrilla con las configuraciones GrillControl: Bajo, Medio, Alto y M\u00e1x. El amplio rango de temperatura de 105 \u00b0 F a 500 \u00b0 F y la velocidad variable del ventilador permiten 5 funciones de cocci\u00f3n r\u00e1pidas y vers\u00e1tiles: Grill, Air Crisp, Deshidratar, Asar y Hornear.<\/li>\n<li><strong>Congelado a la parrilla<\/strong><br \/>\n\u00bfOlvid\u00f3 descongelar la cena? Transforme los alimentos congelados a asados \u200b\u200ba la parrilla en tan solo 25 minutos.<\/li>\n<li><strong>Cocina tan r\u00e1pido como su parrilla al aire libre<\/strong><br \/>\nAsa 4 filetes de salm\u00f3n de 7 oz en 8 minutos, 4 hamburguesas de 4 oz en 6 minutos o 2 filetes de 12 oz en 11 minutos.<\/li>\n<li><strong>Sistema de control de humo exclusivo<\/strong><br \/>\nLa combinaci\u00f3n de las pr\u00e1cticas de asado recomendadas por nuestro chef, una parrilla de parrilla con temperatura controlada, un protector contra salpicaduras y una zona de aire fr\u00edo reduce el humo y lo mantiene fuera de la cocina.<\/li>\n<li><strong>No se requiere voltear<\/strong><br \/>\nEl flujo de aire sobrecalentado rodea la comida para que no tenga que voltear alimentos como hamburguesas o pescado, sin problemas, sin pegarse, sin desmoronarse.<\/li>\n<\/ul>\n<h3>Qu\u00e9 esta incluido.<\/h3>\n<ul class=\" bold\">\n<li class=\"bold v-fw-medium body-copy\">4 cuartos de gal\u00f3n cesta para verduras<\/li>\n<li class=\"bold v-fw-medium body-copy\">6 cuartos de gal\u00f3n\u00a0olla<\/li>\n<li class=\"bold v-fw-medium body-copy\">Libro de 15 recetas creado por el chef<\/li>\n<li class=\"bold v-fw-medium body-copy\">Cepillo de limpieza<\/li>\n<li class=\"bold v-fw-medium body-copy\">Parrilla de parrilla<\/li>\n<li class=\"bold v-fw-medium body-copy\">Parrilla el\u00e9ctrica interior Ninja Foodi 5 en 1<\/li>\n<li class=\"bold v-fw-medium body-copy\">El manual del propietario<\/li>\n<\/ul>\n<p>&nbsp;<\/p>\n<\/div>\n","protected":false},"excerpt":{"rendered":"<p>Parrilla Ninja\u00ae Foodi \u2122.\u00a0La parrilla que quema, chisporrotea y fr\u00ede al aire las patatas fritas \u2122.\u00a0Con la tecnolog\u00eda Cyclonic Grilling, el aire s\u00faper caliente de 500F proporciona un abrasivo envolvente,<\/p>\n","protected":false},"featured_media":23199,"comment_status":"open","ping_status":"closed","template":"","meta":{"_acf_changed":false,"_joinchat":[]},"product_brand":[],"product_cat":[336,946],"product_tag":[],"class_list":{"0":"post-23198","1":"product","2":"type-product","3":"status-publish","4":"has-post-thumbnail","6":"product_cat-hogar","7":"product_cat-parrillas-y-planchas-electricas","9":"first","10":"instock","11":"sale","12":"shipping-taxable","13":"purchasable","14":"product-type-simple"},"acf":[],"_links":{"self":[{"href":"https:\/\/defabrica.com.mx\/defabrica\/wp-json\/wp\/v2\/product\/23198","targetHints":{"allow":["GET"]}}],"collection":[{"href":"https:\/\/defabrica.com.mx\/defabrica\/wp-json\/wp\/v2\/product"}],"about":[{"href":"https:\/\/defabrica.com.mx\/defabrica\/wp-json\/wp\/v2\/types\/product"}],"replies":[{"embeddable":true,"href":"https:\/\/defabrica.com.mx\/defabrica\/wp-json\/wp\/v2\/comments?post=23198"}],"wp:featuredmedia":[{"embeddable":true,"href":"https:\/\/defabrica.com.mx\/defabrica\/wp-json\/wp\/v2\/media\/23199"}],"wp:attachment":[{"href":"https:\/\/defabrica.com.mx\/defabrica\/wp-json\/wp\/v2\/media?parent=23198"}],"wp:term":[{"taxonomy":"product_brand","embeddable":true,"href":"https:\/\/defabrica.com.mx\/defabrica\/wp-json\/wp\/v2\/product_brand?post=23198"},{"taxonomy":"product_cat","embeddable":true,"href":"https:\/\/defabrica.com.mx\/defabrica\/wp-json\/wp\/v2\/product_cat?post=23198"},{"taxonomy":"product_tag","embeddable":true,"href":"https:\/\/defabrica.com.mx\/defabrica\/wp-json\/wp\/v2\/product_tag?post=23198"}],"curies":[{"name":"wp","href":"https:\/\/api.w.org\/{rel}","templated":true}]}}