{"id":22915,"date":"2021-01-04T10:41:40","date_gmt":"2021-01-04T16:41:40","guid":{"rendered":"https:\/\/defabrica.com.mx\/defabrica\/?post_type=product&#038;p=22915"},"modified":"2023-01-27T14:50:25","modified_gmt":"2023-01-27T20:50:25","slug":"the-power-wear-extractor-de-jugo-centrifugo-de-600-w","status":"publish","type":"product","link":"https:\/\/defabrica.com.mx\/defabrica\/producto\/the-power-wear-extractor-de-jugo-centrifugo-de-600-w\/","title":{"rendered":"Exprimidor, centr\u00edfugo de 600 Watts, alto rendimiento, peque\u00f1o y compacto, silencioso, acero inoxidable, antigoteo, para frutas y vegetales."},"content":{"rendered":"<p>La gente es muy consciente de la importancia de comer los alimentos adecuados para su buena salud. Eso es una subestimaci\u00f3n. \u00bfY optas por un Exprimidor para hacer tu propio delicioso jugo en casa? Hecho de material confiable y duradero, no es t\u00f3xico e inofensivo para su uso diario. Este exprimidor es la mejor opci\u00f3n para ti. Este exprimidor es peque\u00f1o y f\u00e1cil de operar. Exprime naranjas, uvas, sand\u00edas y otros jugos de frutas. Es una herramienta de cocina muy \u00fatil.<\/p>\n<h3><strong>Caracter\u00edsticas<\/strong><\/h3>\n<ul>\n<li><strong>Exprimidor de boca ancha y experiencia de jugo definitiva:<\/strong><br \/>\ncanal de alimentaci\u00f3n de 3.3 pulgadas, se puede poner una manzana o pera entera para hacer jugo (fruta de tama\u00f1o peque\u00f1o), sin necesidad de cortar. Corte de acero inoxidable de grado alimenticio, extrae un mayor rendimiento de jugo y menos espuma<\/li>\n<li><strong>Montaje y desmontaje sencillo, f\u00e1cil de limpiar:<\/strong><br \/>\nEl dise\u00f1o es simple y hermoso, con una estructura combinada, f\u00e1cil de instalar y limpiar<\/li>\n<li><strong>Dise\u00f1o de bloqueo de seguridad y protecci\u00f3n contra sobrecalentamiento: <\/strong><br \/>\nla unidad de bloqueo de seguridad para conmutaci\u00f3n est\u00e1 especialmente dise\u00f1ada, para garantizar la seguridad y confiabilidad en el uso. Cuando la temperatura supera los 105 grados, el motor el\u00e9ctrico se detendr\u00e1 autom\u00e1ticamente.<\/li>\n<li><strong>Tres modos de velocidad y funci\u00f3n antigoteo:<\/strong><br \/>\n\u00ab1\u00bb es de baja velocidad, para frutas y verduras blandas como naranjas, sand\u00edas, tomates, etc. \u00ab2\u00bb es alta velocidad, para alimentos duros como manzana, apio, jengibre, etc. \u00abP\u00bb es la velocidad m\u00e1s alta (alcanza la velocidad m\u00e1xima despu\u00e9s de la liberaci\u00f3n). Dise\u00f1o con funci\u00f3n anti-goteo, no hay necesidad de preocuparse por derrames de jugo en todas partes.<\/li>\n<\/ul>\n<p>&nbsp;<\/p>\n<h3>Qu\u00e9 est\u00e1 incluido<\/h3>\n<ul>\n<li>M\u00e1quina principal<\/li>\n<li>Barra de empuje<\/li>\n<li>Cubierta transparente<\/li>\n<li>Red de jugo<\/li>\n<li>Anillo medio<\/li>\n<li>Barril de residuos de 1500 ml<\/li>\n<li>Jarra exprimidora de 1000 ml<\/li>\n<\/ul>\n","protected":false},"excerpt":{"rendered":"<p>La gente es muy consciente de la importancia de comer los alimentos adecuados para su buena salud. Eso es una subestimaci\u00f3n. \u00bfY optas por un Exprimidor para hacer tu propio<\/p>\n","protected":false},"featured_media":22917,"comment_status":"open","ping_status":"closed","template":"","meta":{"_acf_changed":false,"_joinchat":[]},"product_brand":[],"product_cat":[1474,336,337,338,953],"product_tag":[],"class_list":{"0":"post-22915","1":"product","2":"type-product","3":"status-publish","4":"has-post-thumbnail","6":"product_cat-ofertas-primavera-electrodomesticos","7":"product_cat-hogar","8":"product_cat-cocina","9":"product_cat-electrodomesticos","10":"product_cat-extractores","12":"first","13":"instock","14":"sale","15":"shipping-taxable","16":"purchasable","17":"product-type-simple"},"acf":[],"_links":{"self":[{"href":"https:\/\/defabrica.com.mx\/defabrica\/wp-json\/wp\/v2\/product\/22915","targetHints":{"allow":["GET"]}}],"collection":[{"href":"https:\/\/defabrica.com.mx\/defabrica\/wp-json\/wp\/v2\/product"}],"about":[{"href":"https:\/\/defabrica.com.mx\/defabrica\/wp-json\/wp\/v2\/types\/product"}],"replies":[{"embeddable":true,"href":"https:\/\/defabrica.com.mx\/defabrica\/wp-json\/wp\/v2\/comments?post=22915"}],"wp:featuredmedia":[{"embeddable":true,"href":"https:\/\/defabrica.com.mx\/defabrica\/wp-json\/wp\/v2\/media\/22917"}],"wp:attachment":[{"href":"https:\/\/defabrica.com.mx\/defabrica\/wp-json\/wp\/v2\/media?parent=22915"}],"wp:term":[{"taxonomy":"product_brand","embeddable":true,"href":"https:\/\/defabrica.com.mx\/defabrica\/wp-json\/wp\/v2\/product_brand?post=22915"},{"taxonomy":"product_cat","embeddable":true,"href":"https:\/\/defabrica.com.mx\/defabrica\/wp-json\/wp\/v2\/product_cat?post=22915"},{"taxonomy":"product_tag","embeddable":true,"href":"https:\/\/defabrica.com.mx\/defabrica\/wp-json\/wp\/v2\/product_tag?post=22915"}],"curies":[{"name":"wp","href":"https:\/\/api.w.org\/{rel}","templated":true}]}}