{"id":22860,"date":"2021-01-03T20:26:40","date_gmt":"2021-01-04T02:26:40","guid":{"rendered":"https:\/\/defabrica.com.mx\/defabrica\/?post_type=product&#038;p=22860"},"modified":"2023-01-13T13:36:26","modified_gmt":"2023-01-13T19:36:26","slug":"iogear-auriculares-para-juegos-estereo-con-cable-universales-kaliber-nukleus-negro","status":"publish","type":"product","link":"https:\/\/defabrica.com.mx\/defabrica\/producto\/iogear-auriculares-para-juegos-estereo-con-cable-universales-kaliber-nukleus-negro\/","title":{"rendered":"IOGEAR &#8211; Auriculares para juegos est\u00e9reo con cable universales Kaliber NUKLEUS &#8211; Negro"},"content":{"rendered":"<p>Micr\u00f3fono incorporado<br \/>\nPermite charlar con manos libres a trav\u00e9s de un dispositivo compatible.<\/p>\n<p>Controladores de 50 mm<br \/>\nOfrece un sonido potente.<\/p>\n<p>Controles de auriculares<br \/>\nIncluir volumen.<\/p>\n<div>\n<div>Mejora tu juego con estos auriculares universales para juegos IOGEAR Kaliber NUKLEUS.\u00a0Los controladores de 50 mm producen un sonido claro y potente para una inmersi\u00f3n total en sus juegos favoritos, mientras que el control de volumen de la ruedecilla incorporada le permite ajustar la salida de sonido seg\u00fan sea necesario.\u00a0Este auricular universal para juegos IOGEAR Kaliber NUKLEUS tiene una diadema de espuma viscoel\u00e1stica acolchada suave para un ajuste seguro y c\u00f3modo, y el micr\u00f3fono flexible captura un sonido n\u00edtido para una comunicaci\u00f3n efectiva con los compa\u00f1eros de equipo.<\/div>\n<\/div>\n","protected":false},"excerpt":{"rendered":"<p>Micr\u00f3fono incorporado Permite charlar con manos libres a trav\u00e9s de un dispositivo compatible. Controladores de 50 mm Ofrece un sonido potente. Controles de auriculares Incluir volumen. Mejora tu juego con<\/p>\n","protected":false},"featured_media":22861,"comment_status":"open","ping_status":"closed","template":"","meta":{"_acf_changed":false,"_joinchat":[]},"product_brand":[],"product_cat":[277,282,436,441],"product_tag":[],"class_list":{"0":"post-22860","1":"product","2":"type-product","3":"status-publish","4":"has-post-thumbnail","6":"product_cat-zona-gamer","7":"product_cat-accesorios-gamers","8":"product_cat-audifonos-gamer","9":"product_cat-todos-los-accesorios-gamer","11":"first","12":"instock","13":"sale","14":"shipping-taxable","15":"purchasable","16":"product-type-simple"},"acf":[],"_links":{"self":[{"href":"https:\/\/defabrica.com.mx\/defabrica\/wp-json\/wp\/v2\/product\/22860","targetHints":{"allow":["GET"]}}],"collection":[{"href":"https:\/\/defabrica.com.mx\/defabrica\/wp-json\/wp\/v2\/product"}],"about":[{"href":"https:\/\/defabrica.com.mx\/defabrica\/wp-json\/wp\/v2\/types\/product"}],"replies":[{"embeddable":true,"href":"https:\/\/defabrica.com.mx\/defabrica\/wp-json\/wp\/v2\/comments?post=22860"}],"wp:featuredmedia":[{"embeddable":true,"href":"https:\/\/defabrica.com.mx\/defabrica\/wp-json\/wp\/v2\/media\/22861"}],"wp:attachment":[{"href":"https:\/\/defabrica.com.mx\/defabrica\/wp-json\/wp\/v2\/media?parent=22860"}],"wp:term":[{"taxonomy":"product_brand","embeddable":true,"href":"https:\/\/defabrica.com.mx\/defabrica\/wp-json\/wp\/v2\/product_brand?post=22860"},{"taxonomy":"product_cat","embeddable":true,"href":"https:\/\/defabrica.com.mx\/defabrica\/wp-json\/wp\/v2\/product_cat?post=22860"},{"taxonomy":"product_tag","embeddable":true,"href":"https:\/\/defabrica.com.mx\/defabrica\/wp-json\/wp\/v2\/product_tag?post=22860"}],"curies":[{"name":"wp","href":"https:\/\/api.w.org\/{rel}","templated":true}]}}