{"id":22492,"date":"2020-12-30T22:58:06","date_gmt":"2020-12-31T04:58:06","guid":{"rendered":"https:\/\/defabrica.com.mx\/defabrica\/?post_type=product&#038;p=22492"},"modified":"2022-11-30T15:28:32","modified_gmt":"2022-11-30T21:28:32","slug":"funda-protectora-targus-3d-negra-para-ipad-2017-2018-ipad-pro-de-97-pulgadas-ipad-air-2-y-ipad-air","status":"publish","type":"product","link":"https:\/\/defabrica.com.mx\/defabrica\/producto\/funda-protectora-targus-3d-negra-para-ipad-2017-2018-ipad-pro-de-97-pulgadas-ipad-air-2-y-ipad-air\/","title":{"rendered":"Funda protectora Targus 3D (negra) para iPad (2017\/2018), iPad Pro de 9,7 pulgadas, iPad Air 2 y iPad Air"},"content":{"rendered":"<p>La funda protectora Targus 3D proporciona protecci\u00f3n contra ca\u00eddas de grado militar, cierre magn\u00e9tico seguro y \u00e1ngulos de visi\u00f3n infinitos para su iPad (2017\/2018).<br \/>\nEnvuelva su iPad Pro de 9,7 pulgadas con una fuerte protecci\u00f3n contra ca\u00eddas de grado militar.\u00a0Dise\u00f1ado para durar sin agregar peso, este estuche arquitect\u00f3nico cuenta con una bandeja flexible con bisel envolvente y esquinas reforzadas para evitar golpes y abolladuras.\u00a0El dise\u00f1o de la bandeja pendiente de patente tambi\u00e9n se flexiona para adaptarse a versiones anteriores de iPad Air para un ajuste c\u00f3modo y seguro.\u00a0Tambi\u00e9n est\u00e1 dise\u00f1ado estructuralmente para redirigir el sonido para un audio mejorado.\u00a0Los recortes de precisi\u00f3n brindan acceso completo a controles, puertos y c\u00e1maras.\u00a0La pr\u00e1ctica funci\u00f3n de reposo \/ activaci\u00f3n reduce el tiempo de inactividad y conserva la bater\u00eda del iPad Air 2 y el iPad Air.\u00a0La cubierta estructurada est\u00e1 dise\u00f1ada para proteger, mientras que un interior antideslizante facilita el ajuste del iPad Pro de 9,7 pulgadas en \u00e1ngulos de visi\u00f3n infinitos o en una posici\u00f3n c\u00f3moda para escribir.\u00a0En conjunto, es una opci\u00f3n superior para proteger su iPad Pro de 9,7 pulgadas.<\/p>\n<ul>\n<li>Pasa 4 pies de grado militar.\u00a0prueba de ca\u00edda (MIL-STD 810G)<\/li>\n<li>\u00c1ngulos de visi\u00f3n infinitos m\u00e1s posici\u00f3n c\u00f3moda para escribir<\/li>\n<li>La bandeja multigeneracional protegida por patente se flexiona para adaptarse al iPad Pro (9,7 pulgadas), iPad Air 2 y iPad Air<\/li>\n<\/ul>\n","protected":false},"excerpt":{"rendered":"<p>La funda protectora Targus 3D proporciona protecci\u00f3n contra ca\u00eddas de grado militar, cierre magn\u00e9tico seguro y \u00e1ngulos de visi\u00f3n infinitos para su iPad (2017\/2018). Envuelva su iPad Pro de 9,7<\/p>\n","protected":false},"featured_media":22493,"comment_status":"open","ping_status":"closed","template":"","meta":{"_acf_changed":false,"_joinchat":[]},"product_brand":[],"product_cat":[408,411,417,421],"product_tag":[],"class_list":{"0":"post-22492","1":"product","2":"type-product","3":"status-publish","4":"has-post-thumbnail","6":"product_cat-celulares-y-tablets","7":"product_cat-accesorios-para-tablets","8":"product_cat-fundas-y-maletines","9":"product_cat-todos-los-accesorios-para-tablets","11":"first","12":"instock","13":"sale","14":"shipping-taxable","15":"purchasable","16":"product-type-simple"},"acf":[],"_links":{"self":[{"href":"https:\/\/defabrica.com.mx\/defabrica\/wp-json\/wp\/v2\/product\/22492","targetHints":{"allow":["GET"]}}],"collection":[{"href":"https:\/\/defabrica.com.mx\/defabrica\/wp-json\/wp\/v2\/product"}],"about":[{"href":"https:\/\/defabrica.com.mx\/defabrica\/wp-json\/wp\/v2\/types\/product"}],"replies":[{"embeddable":true,"href":"https:\/\/defabrica.com.mx\/defabrica\/wp-json\/wp\/v2\/comments?post=22492"}],"wp:featuredmedia":[{"embeddable":true,"href":"https:\/\/defabrica.com.mx\/defabrica\/wp-json\/wp\/v2\/media\/22493"}],"wp:attachment":[{"href":"https:\/\/defabrica.com.mx\/defabrica\/wp-json\/wp\/v2\/media?parent=22492"}],"wp:term":[{"taxonomy":"product_brand","embeddable":true,"href":"https:\/\/defabrica.com.mx\/defabrica\/wp-json\/wp\/v2\/product_brand?post=22492"},{"taxonomy":"product_cat","embeddable":true,"href":"https:\/\/defabrica.com.mx\/defabrica\/wp-json\/wp\/v2\/product_cat?post=22492"},{"taxonomy":"product_tag","embeddable":true,"href":"https:\/\/defabrica.com.mx\/defabrica\/wp-json\/wp\/v2\/product_tag?post=22492"}],"curies":[{"name":"wp","href":"https:\/\/api.w.org\/{rel}","templated":true}]}}

<p>La funda protectora Targus 3D proporciona protección contra caídas de grado militar, cierre magnético seguro y ángulos de visión infinitos para su iPad (2017/2018).<br />
Envuelva su iPad Pro de 9,7 pulgadas con una fuerte protección contra caídas de grado militar. Diseñado para durar sin agregar peso, este estuche arquitectónico cuenta con una bandeja flexible con bisel envolvente y esquinas reforzadas para evitar golpes y abolladuras. El diseño de la bandeja pendiente de patente también se flexiona para adaptarse a versiones anteriores de iPad Air para un ajuste cómodo y seguro. También está diseñado estructuralmente para redirigir el sonido para un audio mejorado. Los recortes de precisión brindan acceso completo a controles, puertos y cámaras. La práctica función de reposo / activación reduce el tiempo de inactividad y conserva la batería del iPad Air 2 y el iPad Air. La cubierta estructurada está diseñada para proteger, mientras que un interior antideslizante facilita el ajuste del iPad Pro de 9,7 pulgadas en ángulos de visión infinitos o en una posición cómoda para escribir. En conjunto, es una opción superior para proteger su iPad Pro de 9,7 pulgadas.</p>
<ul>
<li>Pasa 4 pies de grado militar. prueba de caída (MIL-STD 810G)</li>
<li>Ángulos de visión infinitos más posición cómoda para escribir</li>
<li>La bandeja multigeneracional protegida por patente se flexiona para adaptarse al iPad Pro (9,7 pulgadas), iPad Air 2 y iPad Air</li>
</ul>

<p>La funda protectora Targus 3D proporciona protección contra caídas de grado militar, cierre magnético seguro y ángulos de visión infinitos para su iPad (2017/2018). Envuelva su iPad Pro de 9,7</p>
