{"id":22067,"date":"2020-12-25T21:58:56","date_gmt":"2020-12-26T03:58:56","guid":{"rendered":"https:\/\/defabrica.com.mx\/defabrica\/?post_type=product&#038;p=22067"},"modified":"2023-01-13T15:26:05","modified_gmt":"2023-01-13T21:26:05","slug":"magic-bullet-licuadora-plata","status":"publish","type":"product","link":"https:\/\/defabrica.com.mx\/defabrica\/producto\/magic-bullet-licuadora-plata\/","title":{"rendered":"Magic Bullet &#8211; Licuadora &#8211; Plata"},"content":{"rendered":"<div class=\"list-row\">\n<h4 class=\"feature-title body-copy v-fw-medium\">Velocidad \u00fanica para un uso f\u00e1cil<\/h4>\n<p class=\"body-copy\">Velocidad de mezcla de precisi\u00f3n simple.\u00a0Tambi\u00e9n incluye funciones de picar, mezclar y licuar.<\/p>\n<\/div>\n<div class=\"list-row\">\n<h4 class=\"feature-title body-copy v-fw-medium\">Motor de 250W<\/h4>\n<p class=\"body-copy\">Proporciona suficiente potencia para mezclar f\u00e1cilmente fruta congelada y hielo.<\/p>\n<\/div>\n<div class=\"list-row\">\n<h4 class=\"feature-title body-copy v-fw-medium\">F\u00e1cil limpieza<\/h4>\n<p class=\"body-copy\">La tapa (rejilla superior), la taza para mezclar (rejilla superior), el anillo labial (rejilla superior) y la taza para fiestas (rejilla superior) se pueden lavar en el lavavajillas<\/p>\n<\/div>\n","protected":false},"excerpt":{"rendered":"<p>Velocidad \u00fanica para un uso f\u00e1cil Velocidad de mezcla de precisi\u00f3n simple.\u00a0Tambi\u00e9n incluye funciones de picar, mezclar y licuar. Motor de 250W Proporciona suficiente potencia para mezclar f\u00e1cilmente fruta congelada<\/p>\n","protected":false},"featured_media":22068,"comment_status":"open","ping_status":"closed","template":"","meta":{"_acf_changed":false,"_joinchat":[]},"product_brand":[],"product_cat":[336,337,338,952],"product_tag":[],"class_list":{"0":"post-22067","1":"product","2":"type-product","3":"status-publish","4":"has-post-thumbnail","6":"product_cat-hogar","7":"product_cat-cocina","8":"product_cat-electrodomesticos","9":"product_cat-licuadoras-y-mezcladoras","11":"first","12":"instock","13":"sale","14":"shipping-taxable","15":"purchasable","16":"product-type-simple"},"acf":[],"_links":{"self":[{"href":"https:\/\/defabrica.com.mx\/defabrica\/wp-json\/wp\/v2\/product\/22067","targetHints":{"allow":["GET"]}}],"collection":[{"href":"https:\/\/defabrica.com.mx\/defabrica\/wp-json\/wp\/v2\/product"}],"about":[{"href":"https:\/\/defabrica.com.mx\/defabrica\/wp-json\/wp\/v2\/types\/product"}],"replies":[{"embeddable":true,"href":"https:\/\/defabrica.com.mx\/defabrica\/wp-json\/wp\/v2\/comments?post=22067"}],"wp:featuredmedia":[{"embeddable":true,"href":"https:\/\/defabrica.com.mx\/defabrica\/wp-json\/wp\/v2\/media\/22068"}],"wp:attachment":[{"href":"https:\/\/defabrica.com.mx\/defabrica\/wp-json\/wp\/v2\/media?parent=22067"}],"wp:term":[{"taxonomy":"product_brand","embeddable":true,"href":"https:\/\/defabrica.com.mx\/defabrica\/wp-json\/wp\/v2\/product_brand?post=22067"},{"taxonomy":"product_cat","embeddable":true,"href":"https:\/\/defabrica.com.mx\/defabrica\/wp-json\/wp\/v2\/product_cat?post=22067"},{"taxonomy":"product_tag","embeddable":true,"href":"https:\/\/defabrica.com.mx\/defabrica\/wp-json\/wp\/v2\/product_tag?post=22067"}],"curies":[{"name":"wp","href":"https:\/\/api.w.org\/{rel}","templated":true}]}}

<div class="list-row">
<h4 class="feature-title body-copy v-fw-medium">Velocidad única para un uso fácil</h4>
<p class="body-copy">Velocidad de mezcla de precisión simple. También incluye funciones de picar, mezclar y licuar.</p>
</div>
<div class="list-row">
<h4 class="feature-title body-copy v-fw-medium">Motor de 250W</h4>
<p class="body-copy">Proporciona suficiente potencia para mezclar fácilmente fruta congelada y hielo.</p>
</div>
<div class="list-row">
<h4 class="feature-title body-copy v-fw-medium">Fácil limpieza</h4>
<p class="body-copy">La tapa (rejilla superior), la taza para mezclar (rejilla superior), el anillo labial (rejilla superior) y la taza para fiestas (rejilla superior) se pueden lavar en el lavavajillas</p>
</div>

<p>Velocidad única para un uso fácil Velocidad de mezcla de precisión simple. También incluye funciones de picar, mezclar y licuar. Motor de 250W Proporciona suficiente potencia para mezclar fácilmente fruta congelada</p>
