{"id":22041,"date":"2020-12-25T20:32:54","date_gmt":"2020-12-26T02:32:54","guid":{"rendered":"https:\/\/defabrica.com.mx\/defabrica\/?post_type=product&#038;p=22041"},"modified":"2023-01-13T15:24:34","modified_gmt":"2023-01-13T21:24:34","slug":"whirlpool-microondas-para-colocar-sobre-la-cocina-con-sensor-de-coccion-acero-inoxidable-negro","status":"publish","type":"product","link":"https:\/\/defabrica.com.mx\/defabrica\/producto\/whirlpool-microondas-para-colocar-sobre-la-cocina-con-sensor-de-coccion-acero-inoxidable-negro\/","title":{"rendered":"Whirlpool &#8211; Microondas para colocar sobre la cocina con sensor de cocci\u00f3n &#8211; Acero inoxidable negro"},"content":{"rendered":"<div class=\"list-row\">\n<h4 class=\"feature-title body-copy v-fw-medium\">Cocci\u00f3n por sensor<\/h4>\n<p class=\"body-copy\">Realiza un seguimiento autom\u00e1tico del progreso de cocci\u00f3n de sus alimentos y ajusta el tiempo de cocci\u00f3n seg\u00fan sea necesario.<\/p>\n<\/div>\n<div class=\"list-row\">\n<h4 class=\"feature-title body-copy v-fw-medium\">Interior antiadherente CleanRelease\u00ae<\/h4>\n<p class=\"body-copy\">Ayude a evitar que los derrames se peguen con el interior antiadherente CleanRelease\u00ae, que le permite limpiar f\u00e1cilmente con un simple pa\u00f1o h\u00famedo.<\/p>\n<\/div>\n<div class=\"list-row\">\n<h4 class=\"feature-title body-copy v-fw-medium\">Clase de motor de 3 velocidades, 300 CFM<\/h4>\n<p class=\"body-copy\">Haga coincidir la cantidad correcta de ventilaci\u00f3n con el plato que est\u00e1 preparando y elimine r\u00e1pidamente los olores de la cocci\u00f3n con tres configuraciones diferentes de velocidad del ventilador.\u00a0(El rendimiento var\u00eda seg\u00fan la instalaci\u00f3n. Recursos disponibles en aham.org).<\/p>\n<\/div>\n<div class=\"list-row\">\n<h4 class=\"feature-title body-copy v-fw-medium\">Resistente a huellas dactilares<\/h4>\n<p class=\"body-copy\">Disponible en acero f\u00e1cil de limpiar resistente a huellas dactilares y manchas.<\/p>\n<\/div>\n<div class=\"list-row\">\n<h4 class=\"feature-title body-copy v-fw-medium\">Cocci\u00f3n al vapor<\/h4>\n<p class=\"body-copy\">Limpie el espacio de la estufa cocinando alimentos al vapor como arroz, verduras y pescado directamente en el microondas.\u00a0Accesorio de vapor disponible por separado.<\/p>\n<\/div>\n","protected":false},"excerpt":{"rendered":"<p><span style=\"font-size: 1.15em; background-color: #ffe71b; color: #2b3477; font-weight: 600; padding: 0.3em 0.5em;\">ID de producto: 22041<\/span><\/p>\n","protected":false},"featured_media":22042,"comment_status":"open","ping_status":"closed","template":"","meta":{"_acf_changed":false,"_joinchat":[]},"product_brand":[],"product_cat":[336,337,338,951],"product_tag":[],"class_list":{"0":"post-22041","1":"product","2":"type-product","3":"status-publish","4":"has-post-thumbnail","6":"product_cat-hogar","7":"product_cat-cocina","8":"product_cat-electrodomesticos","9":"product_cat-microondas","11":"first","12":"instock","13":"sale","14":"shipping-taxable","15":"purchasable","16":"product-type-simple"},"acf":[],"_links":{"self":[{"href":"https:\/\/defabrica.com.mx\/defabrica\/wp-json\/wp\/v2\/product\/22041","targetHints":{"allow":["GET"]}}],"collection":[{"href":"https:\/\/defabrica.com.mx\/defabrica\/wp-json\/wp\/v2\/product"}],"about":[{"href":"https:\/\/defabrica.com.mx\/defabrica\/wp-json\/wp\/v2\/types\/product"}],"replies":[{"embeddable":true,"href":"https:\/\/defabrica.com.mx\/defabrica\/wp-json\/wp\/v2\/comments?post=22041"}],"wp:featuredmedia":[{"embeddable":true,"href":"https:\/\/defabrica.com.mx\/defabrica\/wp-json\/wp\/v2\/media\/22042"}],"wp:attachment":[{"href":"https:\/\/defabrica.com.mx\/defabrica\/wp-json\/wp\/v2\/media?parent=22041"}],"wp:term":[{"taxonomy":"product_brand","embeddable":true,"href":"https:\/\/defabrica.com.mx\/defabrica\/wp-json\/wp\/v2\/product_brand?post=22041"},{"taxonomy":"product_cat","embeddable":true,"href":"https:\/\/defabrica.com.mx\/defabrica\/wp-json\/wp\/v2\/product_cat?post=22041"},{"taxonomy":"product_tag","embeddable":true,"href":"https:\/\/defabrica.com.mx\/defabrica\/wp-json\/wp\/v2\/product_tag?post=22041"}],"curies":[{"name":"wp","href":"https:\/\/api.w.org\/{rel}","templated":true}]}}