{"id":21479,"date":"2020-12-20T20:56:16","date_gmt":"2020-12-21T02:56:16","guid":{"rendered":"https:\/\/defabrica.com.mx\/defabrica\/?post_type=product&#038;p=21479"},"modified":"2023-02-03T14:32:00","modified_gmt":"2023-02-03T20:32:00","slug":"cubo-de-acero-inoxidable","status":"publish","type":"product","link":"https:\/\/defabrica.com.mx\/defabrica\/producto\/cubo-de-acero-inoxidable\/","title":{"rendered":"Cubo de doble pared de acero inoxidable con tapa"},"content":{"rendered":"<ul class=\"a-unordered-list a-vertical a-spacing-mini\">\n<li><span class=\"a-list-item\">Aislamiento de doble pared: el cubo de hielo est\u00e1 fabricado con acero inoxidable de doble pared para mantener tu hielo congelado durante m\u00e1s tiempo. Viene con una pr\u00e1ctica tapa acr\u00edlica que sella la temperatura para un m\u00e1ximo aislamiento.<\/span><\/li>\n<li><span class=\"a-list-item\">Tapa superior de acr\u00edlico transparente \u2013 te da la m\u00e1xima visibilidad al contenido mientras mantiene tu hielo congelado y limpio. Evita la contaminaci\u00f3n del hielo.<\/span><\/li>\n<li><span class=\"a-list-item\">Pr\u00e1ctico y pr\u00e1ctico: incluye una c\u00f3moda asa de transporte y una gran pala de hielo de acero inoxidable con soporte a prueba de goteo para mantener las superficies secas. F\u00e1cil de limpiar y cuidar, simplemente lavar con agua y jab\u00f3n, se recomienda lavar a mano.<\/span><\/li>\n<li><span class=\"a-list-item\">Cubeta de hielo de gran capacidad: 3,8 litros. Perfecto para vino, champ\u00e1n, cerveza, c\u00f3cteles y lo suficientemente grande para cualquier fiesta.<\/span><\/li>\n<\/ul>\n","protected":false},"excerpt":{"rendered":"<p>Aislamiento de doble pared: el cubo de hielo est\u00e1 fabricado con acero inoxidable de doble pared para mantener tu hielo congelado durante m\u00e1s tiempo. Viene con una pr\u00e1ctica tapa acr\u00edlica<\/p>\n","protected":false},"featured_media":21480,"comment_status":"open","ping_status":"closed","template":"","meta":{"_acf_changed":false,"_joinchat":[]},"product_brand":[],"product_cat":[336,956],"product_tag":[],"class_list":{"0":"post-21479","1":"product","2":"type-product","3":"status-publish","4":"has-post-thumbnail","6":"product_cat-hogar","7":"product_cat-bar-y-vino","9":"first","10":"instock","11":"sale","12":"shipping-taxable","13":"purchasable","14":"product-type-simple"},"acf":[],"_links":{"self":[{"href":"https:\/\/defabrica.com.mx\/defabrica\/wp-json\/wp\/v2\/product\/21479","targetHints":{"allow":["GET"]}}],"collection":[{"href":"https:\/\/defabrica.com.mx\/defabrica\/wp-json\/wp\/v2\/product"}],"about":[{"href":"https:\/\/defabrica.com.mx\/defabrica\/wp-json\/wp\/v2\/types\/product"}],"replies":[{"embeddable":true,"href":"https:\/\/defabrica.com.mx\/defabrica\/wp-json\/wp\/v2\/comments?post=21479"}],"wp:featuredmedia":[{"embeddable":true,"href":"https:\/\/defabrica.com.mx\/defabrica\/wp-json\/wp\/v2\/media\/21480"}],"wp:attachment":[{"href":"https:\/\/defabrica.com.mx\/defabrica\/wp-json\/wp\/v2\/media?parent=21479"}],"wp:term":[{"taxonomy":"product_brand","embeddable":true,"href":"https:\/\/defabrica.com.mx\/defabrica\/wp-json\/wp\/v2\/product_brand?post=21479"},{"taxonomy":"product_cat","embeddable":true,"href":"https:\/\/defabrica.com.mx\/defabrica\/wp-json\/wp\/v2\/product_cat?post=21479"},{"taxonomy":"product_tag","embeddable":true,"href":"https:\/\/defabrica.com.mx\/defabrica\/wp-json\/wp\/v2\/product_tag?post=21479"}],"curies":[{"name":"wp","href":"https:\/\/api.w.org\/{rel}","templated":true}]}}