{"id":21458,"date":"2020-12-20T18:06:37","date_gmt":"2020-12-21T00:06:37","guid":{"rendered":"https:\/\/defabrica.com.mx\/defabrica\/?post_type=product&#038;p=21458"},"modified":"2022-12-02T12:55:28","modified_gmt":"2022-12-02T18:55:28","slug":"kit-de-abrelatas","status":"publish","type":"product","link":"https:\/\/defabrica.com.mx\/defabrica\/producto\/kit-de-abrelatas\/","title":{"rendered":"Kit de Abrelatas 5 en 1"},"content":{"rendered":"<ul class=\"a-unordered-list a-vertical a-spacing-mini\">\n<li><span class=\"a-list-item\">Dise\u00f1o ergon\u00f3mico y antideslizante: dise\u00f1o ergon\u00f3mico para un manejo f\u00e1cil y ofrece un agarre firme entre el abridor y la tapa. Asas antideslizantes que garantizan la seguridad incluso cuando est\u00e1 mojado, ideal para abrir tarros para manos d\u00e9biles.<\/span><\/li>\n<li><span class=\"a-list-item\">Amplia aplicaci\u00f3n: 2 abrebotellas para diferentes tipos de tapas de botellas, tapas de frascos, latas de frijoles, tapas de las botellas de encurtidos, tapas de las botellas de refrescos y refrescos. Los abridores son extremadamente duraderos bajo cualquier circunstancia en tu cocina, f\u00e1cil de guardar.<\/span><\/li>\n<li><span class=\"a-list-item\">F\u00e1cil de usar: coloca el abridor en la tapa en el tama\u00f1o adecuado, gira alrededor y abre f\u00e1cilmente el sello, o tira con el abridor de tapa, no se desliza y ahorra esfuerzo. Adem\u00e1s, nos hace evitar el riesgo de usar un cuchillo para abrir la tapa y reducir la posibilidad de da\u00f1arlo.<\/span><\/li>\n<li><span class=\"a-list-item\">Elimina m\u00e1s tapas y tapas: este removedor de tapas es un vers\u00e1til abridor de 5 v\u00edas. Se a\u00f1ade un abridor de ayuda resistente para que sea m\u00e1s potente. El abridor de tarros de goma puede funcionar como un abridor de botellas, abridor de botellas de soda y otras herramientas de abridor.<\/span><\/li>\n<\/ul>\n","protected":false},"excerpt":{"rendered":"<p>Dise\u00f1o ergon\u00f3mico y antideslizante: dise\u00f1o ergon\u00f3mico para un manejo f\u00e1cil y ofrece un agarre firme entre el abridor y la tapa. Asas antideslizantes que garantizan la seguridad incluso cuando est\u00e1<\/p>\n","protected":false},"featured_media":21459,"comment_status":"open","ping_status":"closed","template":"","meta":{"_acf_changed":false,"_joinchat":[]},"product_brand":[],"product_cat":[336,956],"product_tag":[],"class_list":{"0":"post-21458","1":"product","2":"type-product","3":"status-publish","4":"has-post-thumbnail","6":"product_cat-hogar","7":"product_cat-bar-y-vino","9":"first","10":"instock","11":"sale","12":"shipping-taxable","13":"purchasable","14":"product-type-simple"},"acf":[],"_links":{"self":[{"href":"https:\/\/defabrica.com.mx\/defabrica\/wp-json\/wp\/v2\/product\/21458","targetHints":{"allow":["GET"]}}],"collection":[{"href":"https:\/\/defabrica.com.mx\/defabrica\/wp-json\/wp\/v2\/product"}],"about":[{"href":"https:\/\/defabrica.com.mx\/defabrica\/wp-json\/wp\/v2\/types\/product"}],"replies":[{"embeddable":true,"href":"https:\/\/defabrica.com.mx\/defabrica\/wp-json\/wp\/v2\/comments?post=21458"}],"wp:featuredmedia":[{"embeddable":true,"href":"https:\/\/defabrica.com.mx\/defabrica\/wp-json\/wp\/v2\/media\/21459"}],"wp:attachment":[{"href":"https:\/\/defabrica.com.mx\/defabrica\/wp-json\/wp\/v2\/media?parent=21458"}],"wp:term":[{"taxonomy":"product_brand","embeddable":true,"href":"https:\/\/defabrica.com.mx\/defabrica\/wp-json\/wp\/v2\/product_brand?post=21458"},{"taxonomy":"product_cat","embeddable":true,"href":"https:\/\/defabrica.com.mx\/defabrica\/wp-json\/wp\/v2\/product_cat?post=21458"},{"taxonomy":"product_tag","embeddable":true,"href":"https:\/\/defabrica.com.mx\/defabrica\/wp-json\/wp\/v2\/product_tag?post=21458"}],"curies":[{"name":"wp","href":"https:\/\/api.w.org\/{rel}","templated":true}]}}