{"id":21349,"date":"2020-12-20T02:11:33","date_gmt":"2020-12-20T08:11:33","guid":{"rendered":"https:\/\/defabrica.com.mx\/defabrica\/?post_type=product&#038;p=21349"},"modified":"2022-07-05T13:51:53","modified_gmt":"2022-07-05T18:51:53","slug":"keurig-cafetera-k-duo-para-12-tazas-y-cafetera-k-cup","status":"publish","type":"product","link":"https:\/\/defabrica.com.mx\/defabrica\/producto\/keurig-cafetera-k-duo-para-12-tazas-y-cafetera-k-cup\/","title":{"rendered":"Keurig &#8211; Cafetera K-Duo para 12 tazas y cafetera K-Cup"},"content":{"rendered":"<div>\n<div>Programe la preparaci\u00f3n con hasta 24 horas de anticipaci\u00f3n con esta cafetera programable Keurig K-Duo.\u00a0La jarra tiene capacidad para 12 tazas, y la funci\u00f3n Pause and Pour le permite detener temporalmente la preparaci\u00f3n para servir.\u00a0Esta cafetera Keurig K-Duo funciona con caf\u00e9 molido y monodosis K-Cup y tiene varios tama\u00f1os de preparaci\u00f3n, lo que le permite ajustar la cantidad.<\/div>\n<\/div>\n<div><\/div>\n<div><\/div>\n<div>\n<h3><\/h3>\n<h3><\/h3>\n<h3 class=\"heading-5 v-fw-regular feature-heading\"><strong>Caracter\u00edsticas<\/strong><\/h3>\n<div class=\"feature-body-container\">\n<div class=\"features-list-container\">\n<div class=\"features-list all-features\">\n<div class=\"list-row\">\n<ul>\n<li><strong>M\u00e1quina de bebidas m\u00faltiples<\/strong><br \/>\nPrepare un sabroso caf\u00e9 en c\u00e1psulas K-Cup, t\u00e9 y caf\u00e9 filtrado, tal como desee.<\/li>\n<li><strong>Prepara caf\u00e9 molido y c\u00e1psulas K-Cup<\/strong><br \/>\nPara uso vers\u00e1til.<\/li>\n<li><strong>Mantenga el caf\u00e9 caliente y listo para servir<\/strong><br \/>\nLa jarra de vidrio incluida facilita servir a los invitados o servirse otra taza.<\/li>\n<li><strong>Prepara la taza perfecta<\/strong><br \/>\nEl control de fuerza le permite preparar un caf\u00e9 que se adapte a sus gustos.<\/li>\n<li><strong>Volumen de taza programable<\/strong><br \/>\nLe permite configurar el tama\u00f1o de su caf\u00e9 seg\u00fan sus preferencias personales.<\/li>\n<li><strong>Brew-pause<\/strong><br \/>\nLe permite interrumpir el ciclo de preparaci\u00f3n para servir una taza de caf\u00e9 sin ensuciar.<\/li>\n<li><strong>Tanque de agua extra\u00edble<\/strong><br \/>\nPermite rellenar f\u00e1cilmente.<\/li>\n<li><strong>Recoger r\u00e1pidamente despu\u00e9s de que se complete la preparaci\u00f3n<\/strong><br \/>\nUna bandeja de goteo extra\u00edble se separa f\u00e1cilmente de la m\u00e1quina.<\/li>\n<li><strong>Acabado negro<\/strong><br \/>\nCrea una apariencia elegante.<\/li>\n<\/ul>\n<\/div>\n<\/div>\n<\/div>\n<\/div>\n<\/div>\n<p>&nbsp;<\/p>\n<h3>Qu\u00e9 est\u00e1 incluido<\/h3>\n<div class=\"list-container list-lv\">\n<div id=\"shop-overview-accordion-d76422d0-1166-45bc-84de-d39277ba4e97\" class=\"None\" data-version=\"1.3.0\">\n<div class=\"shop-overview-accordion\">\n<div class=\"overview-accordion-container show \" data-reactroot=\"\">\n<div class=\"c-accordion size-l\">\n<div id=\"overview-accordion-content\" class=\"c-show-hide \" aria-hidden=\"false\">\n<div class=\"c-accordion-content c-accordion-content-active c-accordion-content-complete\">\n<div class=\"overview-accordion-content-wrapper\">\n<div class=\"embedded-component-container lv\">\n<div>\n<div id=\"shop-whats-included-71cfd578-edc6-4e62-b32c-9c3b303a814b\" class=\"None\" data-version=\"2.1.2\">\n<div class=\"shop-whats-included\">\n<div class=\"whats-included accordion-container \" data-reactroot=\"\">\n<div class=\"list-container list-lv\">\n<ul class=\" bold\">\n<li class=\"bold v-fw-medium body-copy\">Jarra de vidrio de 12 tazas<\/li>\n<li class=\"bold v-fw-medium body-copy\">Cafetera Keurig K-Duo de una sola porci\u00f3n y jarra<\/li>\n<\/ul>\n<\/div>\n<\/div>\n<\/div>\n<\/div>\n<\/div>\n<\/div>\n<div class=\"embedded-component-container lv\">\n<div>\n<div id=\"shop-product-energy-ratings-8fb25c8c-fe89-42c8-919f-c69aee2820b1\" class=\"None\" data-version=\"1.3.3\">\n<div class=\"shop-product-energy-ratings\">\n<div data-reactroot=\"\"><\/div>\n<\/div>\n<\/div>\n<\/div>\n<\/div>\n<div class=\"embedded-component-container lv\">\n<div><\/div>\n<\/div>\n<\/div>\n<\/div>\n<\/div>\n<\/div>\n<\/div>\n<\/div>\n<\/div>\n<div id=\"shop-specifications-54a5f269-ec67-4b81-8851-1bd5906a16ba\" class=\"None\" data-version=\"2.3.6\">\n<div class=\"shop-specifications\">\n<section class=\"specs-container specs-wrapper all-specs-wrapper\" data-reactroot=\"\">\n<div class=\"specifications-accordion-wrapper \">\n<div class=\"c-accordion size-l\">\n<div role=\"heading\" aria-level=\"2\"><\/div>\n<\/div>\n<\/div>\n<\/section>\n<\/div>\n<\/div>\n<\/div>\n","protected":false},"excerpt":{"rendered":"<p>Programe la preparaci\u00f3n con hasta 24 horas de anticipaci\u00f3n con esta cafetera programable Keurig K-Duo.\u00a0La jarra tiene capacidad para 12 tazas, y la funci\u00f3n Pause and Pour le permite detener<\/p>\n","protected":false},"featured_media":21355,"comment_status":"open","ping_status":"closed","template":"","meta":{"_acf_changed":false,"_joinchat":[]},"product_brand":[],"product_cat":[336,337,947],"product_tag":[],"class_list":{"0":"post-21349","1":"product","2":"type-product","3":"status-publish","4":"has-post-thumbnail","6":"product_cat-hogar","7":"product_cat-cocina","8":"product_cat-teteras-maquinas-de-te-y-cafe","10":"first","11":"instock","12":"sale","13":"shipping-taxable","14":"purchasable","15":"product-type-simple"},"acf":[],"_links":{"self":[{"href":"https:\/\/defabrica.com.mx\/defabrica\/wp-json\/wp\/v2\/product\/21349","targetHints":{"allow":["GET"]}}],"collection":[{"href":"https:\/\/defabrica.com.mx\/defabrica\/wp-json\/wp\/v2\/product"}],"about":[{"href":"https:\/\/defabrica.com.mx\/defabrica\/wp-json\/wp\/v2\/types\/product"}],"replies":[{"embeddable":true,"href":"https:\/\/defabrica.com.mx\/defabrica\/wp-json\/wp\/v2\/comments?post=21349"}],"wp:featuredmedia":[{"embeddable":true,"href":"https:\/\/defabrica.com.mx\/defabrica\/wp-json\/wp\/v2\/media\/21355"}],"wp:attachment":[{"href":"https:\/\/defabrica.com.mx\/defabrica\/wp-json\/wp\/v2\/media?parent=21349"}],"wp:term":[{"taxonomy":"product_brand","embeddable":true,"href":"https:\/\/defabrica.com.mx\/defabrica\/wp-json\/wp\/v2\/product_brand?post=21349"},{"taxonomy":"product_cat","embeddable":true,"href":"https:\/\/defabrica.com.mx\/defabrica\/wp-json\/wp\/v2\/product_cat?post=21349"},{"taxonomy":"product_tag","embeddable":true,"href":"https:\/\/defabrica.com.mx\/defabrica\/wp-json\/wp\/v2\/product_tag?post=21349"}],"curies":[{"name":"wp","href":"https:\/\/api.w.org\/{rel}","templated":true}]}}

<div>
<div>Programe la preparación con hasta 24 horas de anticipación con esta cafetera programable Keurig K-Duo. La jarra tiene capacidad para 12 tazas, y la función Pause and Pour le permite detener temporalmente la preparación para servir. Esta cafetera Keurig K-Duo funciona con café molido y monodosis K-Cup y tiene varios tamaños de preparación, lo que le permite ajustar la cantidad.</div>
</div>
<div></div>
<div></div>
<div>
<h3></h3>
<h3></h3>
<h3 class="heading-5 v-fw-regular feature-heading"><strong>Características</strong></h3>
<div class="feature-body-container">
<div class="features-list-container">
<div class="features-list all-features">
<div class="list-row">
<ul>
<li><strong>Máquina de bebidas múltiples</strong><br />
Prepare un sabroso café en cápsulas K-Cup, té y café filtrado, tal como desee.</li>
<li><strong>Prepara café molido y cápsulas K-Cup</strong><br />
Para uso versátil.</li>
<li><strong>Mantenga el café caliente y listo para servir</strong><br />
La jarra de vidrio incluida facilita servir a los invitados o servirse otra taza.</li>
<li><strong>Prepara la taza perfecta</strong><br />
El control de fuerza le permite preparar un café que se adapte a sus gustos.</li>
<li><strong>Volumen de taza programable</strong><br />
Le permite configurar el tamaño de su café según sus preferencias personales.</li>
<li><strong>Brew-pause</strong><br />
Le permite interrumpir el ciclo de preparación para servir una taza de café sin ensuciar.</li>
<li><strong>Tanque de agua extraíble</strong><br />
Permite rellenar fácilmente.</li>
<li><strong>Recoger rápidamente después de que se complete la preparación</strong><br />
Una bandeja de goteo extraíble se separa fácilmente de la máquina.</li>
<li><strong>Acabado negro</strong><br />
Crea una apariencia elegante.</li>
</ul>
</div>
</div>
</div>
</div>
</div>
<p>&nbsp;</p>
<h3>Qué está incluido</h3>
<div class="list-container list-lv">
<div id="shop-overview-accordion-d76422d0-1166-45bc-84de-d39277ba4e97" class="None" data-version="1.3.0">
<div class="shop-overview-accordion">
<div class="overview-accordion-container show " data-reactroot="">
<div class="c-accordion size-l">
<div id="overview-accordion-content" class="c-show-hide " aria-hidden="false">
<div class="c-accordion-content c-accordion-content-active c-accordion-content-complete">
<div class="overview-accordion-content-wrapper">
<div class="embedded-component-container lv">
<div>
<div id="shop-whats-included-71cfd578-edc6-4e62-b32c-9c3b303a814b" class="None" data-version="2.1.2">
<div class="shop-whats-included">
<div class="whats-included accordion-container " data-reactroot="">
<div class="list-container list-lv">
<ul class=" bold">
<li class="bold v-fw-medium body-copy">Jarra de vidrio de 12 tazas</li>
<li class="bold v-fw-medium body-copy">Cafetera Keurig K-Duo de una sola porción y jarra</li>
</ul>
</div>
</div>
</div>
</div>
</div>
</div>
<div class="embedded-component-container lv">
<div>
<div id="shop-product-energy-ratings-8fb25c8c-fe89-42c8-919f-c69aee2820b1" class="None" data-version="1.3.3">
<div class="shop-product-energy-ratings">
<div data-reactroot=""></div>
</div>
</div>
</div>
</div>
<div class="embedded-component-container lv">
<div></div>
</div>
</div>
</div>
</div>
</div>
</div>
</div>
</div>
<div id="shop-specifications-54a5f269-ec67-4b81-8851-1bd5906a16ba" class="None" data-version="2.3.6">
<div class="shop-specifications">
<section class="specs-container specs-wrapper all-specs-wrapper" data-reactroot="">
<div class="specifications-accordion-wrapper ">
<div class="c-accordion size-l">
<div role="heading" aria-level="2"></div>
</div>
</div>
</section>
</div>
</div>
</div>

<p>Programe la preparación con hasta 24 horas de anticipación con esta cafetera programable Keurig K-Duo. La jarra tiene capacidad para 12 tazas, y la función Pause and Pour le permite detener</p>
