{"id":20879,"date":"2020-12-17T22:07:13","date_gmt":"2020-12-18T04:07:13","guid":{"rendered":"https:\/\/defabrica.com.mx\/defabrica\/?post_type=product&#038;p=20879"},"modified":"2023-01-27T13:42:07","modified_gmt":"2023-01-27T19:42:07","slug":"afilador-de-cuchillos","status":"publish","type":"product","link":"https:\/\/defabrica.com.mx\/defabrica\/producto\/afilador-de-cuchillos\/","title":{"rendered":"Afilador de cuchillos"},"content":{"rendered":"<p>\u00bfCansado de luchar con cuchillos desafilados?\u00a0\u00bfTardar demasiado en cortar la comida y provocar irritabilidad en el estado de \u00e1nimo?\u00a0\u00a1Nuestro afilador de cuchillos de primera calidad lo sacar\u00e1 de all\u00ed y devolver\u00e1 los cuchillos a su punto m\u00e1s afilado para que su cocina sea m\u00e1s agradable!\u00a0Se adapta a cuchillos y tijeras de todos los tama\u00f1os.\u00a0Las cuatro etapas satisfacen sus diferentes necesidades de afilado. Afilador de cuchillos Dispositivo de afilado de tijera de 4 etapas con acero diamantado<\/p>\n","protected":false},"excerpt":{"rendered":"<p>\u00bfCansado de luchar con cuchillos desafilados?\u00a0\u00bfTardar demasiado en cortar la comida y provocar irritabilidad en el estado de \u00e1nimo?\u00a0\u00a1Nuestro afilador de cuchillos de primera calidad lo sacar\u00e1 de all\u00ed y<\/p>\n","protected":false},"featured_media":20884,"comment_status":"open","ping_status":"closed","template":"","meta":{"_acf_changed":false,"_joinchat":[]},"product_brand":[],"product_cat":[336,337],"product_tag":[],"class_list":{"0":"post-20879","1":"product","2":"type-product","3":"status-publish","4":"has-post-thumbnail","6":"product_cat-hogar","7":"product_cat-cocina","9":"first","10":"instock","11":"sale","12":"shipping-taxable","13":"purchasable","14":"product-type-simple"},"acf":[],"_links":{"self":[{"href":"https:\/\/defabrica.com.mx\/defabrica\/wp-json\/wp\/v2\/product\/20879","targetHints":{"allow":["GET"]}}],"collection":[{"href":"https:\/\/defabrica.com.mx\/defabrica\/wp-json\/wp\/v2\/product"}],"about":[{"href":"https:\/\/defabrica.com.mx\/defabrica\/wp-json\/wp\/v2\/types\/product"}],"replies":[{"embeddable":true,"href":"https:\/\/defabrica.com.mx\/defabrica\/wp-json\/wp\/v2\/comments?post=20879"}],"wp:featuredmedia":[{"embeddable":true,"href":"https:\/\/defabrica.com.mx\/defabrica\/wp-json\/wp\/v2\/media\/20884"}],"wp:attachment":[{"href":"https:\/\/defabrica.com.mx\/defabrica\/wp-json\/wp\/v2\/media?parent=20879"}],"wp:term":[{"taxonomy":"product_brand","embeddable":true,"href":"https:\/\/defabrica.com.mx\/defabrica\/wp-json\/wp\/v2\/product_brand?post=20879"},{"taxonomy":"product_cat","embeddable":true,"href":"https:\/\/defabrica.com.mx\/defabrica\/wp-json\/wp\/v2\/product_cat?post=20879"},{"taxonomy":"product_tag","embeddable":true,"href":"https:\/\/defabrica.com.mx\/defabrica\/wp-json\/wp\/v2\/product_tag?post=20879"}],"curies":[{"name":"wp","href":"https:\/\/api.w.org\/{rel}","templated":true}]}}