{"id":20738,"date":"2020-12-17T14:03:25","date_gmt":"2020-12-17T20:03:25","guid":{"rendered":"https:\/\/defabrica.com.mx\/defabrica\/?post_type=product&#038;p=20738"},"modified":"2022-07-05T13:52:11","modified_gmt":"2022-07-05T18:52:11","slug":"roku-smart-led-tv-hd-720p-tcl-32","status":"publish","type":"product","link":"https:\/\/defabrica.com.mx\/defabrica\/producto\/roku-smart-led-tv-hd-720p-tcl-32\/","title":{"rendered":"TCL &#8211; Roku Smart LED TV HD 720P 32 pulgadas"},"content":{"rendered":"<p>El televisor TCL Roku de la serie 3 pone todos sus favoritos de entretenimiento en un solo lugar, lo que permite un acceso sin problemas a m\u00e1s de 500,000 pel\u00edculas y episodios de TV, su decodificador de cable, consola de juegos y otros dispositivos, todo desde su interfaz simple e intuitiva.\u00a0El control remoto s\u00faper simple y la tecnolog\u00eda inal\u00e1mbrica de doble banda hacen que sea r\u00e1pido y f\u00e1cil acceder a su contenido favorito en alta definici\u00f3n.\u00a0Conecte todos sus dispositivos favoritos con las tres entradas HDMI.\u00a0El sintonizador de TV incorporado lo convierte en el mejor televisor para cortar cables, ya que tambi\u00e9n le brinda la capacidad de acceder a contenido HD gratuito y por aire.\u00a0Con un dise\u00f1o ultradelgado de primera calidad, realza cualquier habitaci\u00f3n de la casa.\u00a0Con miles de canales de transmisi\u00f3n con la mejor selecci\u00f3n de m\u00fasica, deportes, noticias y m\u00e1s, el televisor TCL Roku tiene algo para todo.<\/p>\n<p><strong>TCL 32 \u00abClass HD (720P) Roku Smart LED TV (32S331):<\/strong><\/p>\n<ul>\n<li>Resoluci\u00f3n de alta definici\u00f3n (720p)<\/li>\n<li>El televisor inteligente TCL de 32 \u00abtiene una interfaz Roku simple e intuitiva<\/li>\n<li>Transmita m\u00e1s de 500,000 pel\u00edculas y episodios de TV<\/li>\n<li>El televisor TCL de 32 \u00abincluye un control remoto Wi-Fi de doble banda f\u00e1cil de usar<\/li>\n<li>3 entradas HDMI 1.4 (1 ARC)<\/li>\n<li>Busque en los principales canales de transmisi\u00f3n con Roku Search<\/li>\n<li>Funciona con Alexa y Google Assistant<\/li>\n<\/ul>\n","protected":false},"excerpt":{"rendered":"<p>El televisor TCL Roku de la serie 3 pone todos sus favoritos de entretenimiento en un solo lugar, lo que permite un acceso sin problemas a m\u00e1s de 500,000 pel\u00edculas<\/p>\n","protected":false},"featured_media":73222,"comment_status":"open","ping_status":"closed","template":"","meta":{"_acf_changed":false,"_joinchat":[]},"product_brand":[],"product_cat":[336,937],"product_tag":[],"class_list":{"0":"post-20738","1":"product","2":"type-product","3":"status-publish","4":"has-post-thumbnail","6":"product_cat-hogar","7":"product_cat-pantallas","9":"first","10":"instock","11":"sale","12":"shipping-taxable","13":"purchasable","14":"product-type-simple"},"acf":[],"_links":{"self":[{"href":"https:\/\/defabrica.com.mx\/defabrica\/wp-json\/wp\/v2\/product\/20738","targetHints":{"allow":["GET"]}}],"collection":[{"href":"https:\/\/defabrica.com.mx\/defabrica\/wp-json\/wp\/v2\/product"}],"about":[{"href":"https:\/\/defabrica.com.mx\/defabrica\/wp-json\/wp\/v2\/types\/product"}],"replies":[{"embeddable":true,"href":"https:\/\/defabrica.com.mx\/defabrica\/wp-json\/wp\/v2\/comments?post=20738"}],"wp:featuredmedia":[{"embeddable":true,"href":"https:\/\/defabrica.com.mx\/defabrica\/wp-json\/wp\/v2\/media\/73222"}],"wp:attachment":[{"href":"https:\/\/defabrica.com.mx\/defabrica\/wp-json\/wp\/v2\/media?parent=20738"}],"wp:term":[{"taxonomy":"product_brand","embeddable":true,"href":"https:\/\/defabrica.com.mx\/defabrica\/wp-json\/wp\/v2\/product_brand?post=20738"},{"taxonomy":"product_cat","embeddable":true,"href":"https:\/\/defabrica.com.mx\/defabrica\/wp-json\/wp\/v2\/product_cat?post=20738"},{"taxonomy":"product_tag","embeddable":true,"href":"https:\/\/defabrica.com.mx\/defabrica\/wp-json\/wp\/v2\/product_tag?post=20738"}],"curies":[{"name":"wp","href":"https:\/\/api.w.org\/{rel}","templated":true}]}}