{"id":20426,"date":"2020-12-15T17:34:21","date_gmt":"2020-12-15T23:34:21","guid":{"rendered":"https:\/\/defabrica.com.mx\/defabrica\/?post_type=product&#038;p=20426"},"modified":"2022-12-01T11:31:24","modified_gmt":"2022-12-01T17:31:24","slug":"lente-estandar-canon-ef-40-mm-f-2-8-stm","status":"publish","type":"product","link":"https:\/\/defabrica.com.mx\/defabrica\/producto\/lente-estandar-canon-ef-40-mm-f-2-8-stm\/","title":{"rendered":"Canon &#8211; Lente est\u00e1ndar Canon EF 40 mm f \/2.8 STM"},"content":{"rendered":"<p>Lente est\u00e1ndar Canon EF 40 mm f \/ 2.8 STM: esta lente Canon est\u00e1ndar ofrece captura de im\u00e1genes de alta calidad en un cuerpo de lente peque\u00f1o y liviano, lo que la convierte en una gran compa\u00f1era en multitudes y espacios p\u00fablicos.\u00a0Sus caracter\u00edsticas vers\u00e1tiles y su f\u00e1cil portabilidad lo hacen especialmente adecuado para viajes b\u00e1sicos, retratos y tomas de recuerdos.<\/p>\n<h3><strong>Caracter\u00edsticas<\/strong><\/h3>\n<ul>\n<li><strong>Compatible con la mayor\u00eda de las c\u00e1maras Canon EOS<\/strong><br \/>\nPara c\u00e1maras Canon EOS DSLR con sensores digitales de fotograma completo de tama\u00f1o APS-C y pel\u00edcula de 35 mm.<\/li>\n<li><strong>Lente est\u00e1ndar liviana para uso diario<\/strong><br \/>\nEsta lente peque\u00f1a y ultraport\u00e1til es una opci\u00f3n discreta para las fotograf\u00edas del d\u00eda a d\u00eda. Su dise\u00f1o discreto lo hace ideal para usar en grandes multitudes.<\/li>\n<li><strong>40 mm de distancia focal<\/strong><br \/>\nUna distancia focal vers\u00e1til para capturar tomas n\u00edtidas en una variedad de situaciones de disparo. Imita eficazmente su propia vista.<\/li>\n<li><strong>Apertura m\u00e1xima f \/ 2.8<\/strong><br \/>\nProduce im\u00e1genes claras incluso en situaciones de poca luz, incluso en interiores y en d\u00edas nublados.<\/li>\n<li><strong>Distancia m\u00ednima de enfoque de 0.98 &#8216;<\/strong><\/li>\n<li><strong>Tiene capacidad para filtros de 52 mm<\/strong><\/li>\n<li><strong>Accesorios incluidos<\/strong><br \/>\nViene con tapa de lente y tapa de polvo de lente trasera.<\/li>\n<\/ul>\n<p>&nbsp;<\/p>\n<div class=\"header-container header-lv\">\n<h3 class=\"heading-5 v-fw-regular\">Qu\u00e9 est\u00e1 incluido<\/h3>\n<\/div>\n<div class=\"list-container list-lv\">\n<ul class=\" bold\">\n<li class=\"bold v-fw-medium body-copy\">Objetivo est\u00e1ndar Canon EF 40 mm f \/ 2,8 STM<\/li>\n<li class=\"bold v-fw-medium body-copy\">El manual del propietario<\/li>\n<\/ul>\n<\/div>\n","protected":false},"excerpt":{"rendered":"<p>Lente est\u00e1ndar Canon EF 40 mm f \/ 2.8 STM: esta lente Canon est\u00e1ndar ofrece captura de im\u00e1genes de alta calidad en un cuerpo de lente peque\u00f1o y liviano, lo<\/p>\n","protected":false},"featured_media":20428,"comment_status":"open","ping_status":"closed","template":"","meta":{"_acf_changed":false,"_joinchat":[]},"product_brand":[],"product_cat":[442,284,443,444],"product_tag":[],"class_list":{"0":"post-20426","1":"product","2":"type-product","3":"status-publish","4":"has-post-thumbnail","6":"product_cat-camaras","7":"product_cat-camaras-y-lentes","8":"product_cat-lentes","9":"product_cat-todas-las-camaras-y-lentes","11":"first","12":"instock","13":"sale","14":"shipping-taxable","15":"purchasable","16":"product-type-simple"},"acf":[],"_links":{"self":[{"href":"https:\/\/defabrica.com.mx\/defabrica\/wp-json\/wp\/v2\/product\/20426","targetHints":{"allow":["GET"]}}],"collection":[{"href":"https:\/\/defabrica.com.mx\/defabrica\/wp-json\/wp\/v2\/product"}],"about":[{"href":"https:\/\/defabrica.com.mx\/defabrica\/wp-json\/wp\/v2\/types\/product"}],"replies":[{"embeddable":true,"href":"https:\/\/defabrica.com.mx\/defabrica\/wp-json\/wp\/v2\/comments?post=20426"}],"wp:featuredmedia":[{"embeddable":true,"href":"https:\/\/defabrica.com.mx\/defabrica\/wp-json\/wp\/v2\/media\/20428"}],"wp:attachment":[{"href":"https:\/\/defabrica.com.mx\/defabrica\/wp-json\/wp\/v2\/media?parent=20426"}],"wp:term":[{"taxonomy":"product_brand","embeddable":true,"href":"https:\/\/defabrica.com.mx\/defabrica\/wp-json\/wp\/v2\/product_brand?post=20426"},{"taxonomy":"product_cat","embeddable":true,"href":"https:\/\/defabrica.com.mx\/defabrica\/wp-json\/wp\/v2\/product_cat?post=20426"},{"taxonomy":"product_tag","embeddable":true,"href":"https:\/\/defabrica.com.mx\/defabrica\/wp-json\/wp\/v2\/product_tag?post=20426"}],"curies":[{"name":"wp","href":"https:\/\/api.w.org\/{rel}","templated":true}]}}

Canon &#8211; Lente estándar Canon EF 40 mm f /2.8 STM

<p>Lente estándar Canon EF 40 mm f / 2.8 STM: esta lente Canon estándar ofrece captura de imágenes de alta calidad en un cuerpo de lente pequeño y liviano, lo que la convierte en una gran compañera en multitudes y espacios públicos. Sus características versátiles y su fácil portabilidad lo hacen especialmente adecuado para viajes básicos, retratos y tomas de recuerdos.</p>
<h3><strong>Características</strong></h3>
<ul>
<li><strong>Compatible con la mayoría de las cámaras Canon EOS</strong><br />
Para cámaras Canon EOS DSLR con sensores digitales de fotograma completo de tamaño APS-C y película de 35 mm.</li>
<li><strong>Lente estándar liviana para uso diario</strong><br />
Esta lente pequeña y ultraportátil es una opción discreta para las fotografías del día a día. Su diseño discreto lo hace ideal para usar en grandes multitudes.</li>
<li><strong>40 mm de distancia focal</strong><br />
Una distancia focal versátil para capturar tomas nítidas en una variedad de situaciones de disparo. Imita eficazmente su propia vista.</li>
<li><strong>Apertura máxima f / 2.8</strong><br />
Produce imágenes claras incluso en situaciones de poca luz, incluso en interiores y en días nublados.</li>
<li><strong>Distancia mínima de enfoque de 0.98 &#8216;</strong></li>
<li><strong>Tiene capacidad para filtros de 52 mm</strong></li>
<li><strong>Accesorios incluidos</strong><br />
Viene con tapa de lente y tapa de polvo de lente trasera.</li>
</ul>
<p>&nbsp;</p>
<div class="header-container header-lv">
<h3 class="heading-5 v-fw-regular">Qué está incluido</h3>
</div>
<div class="list-container list-lv">
<ul class=" bold">
<li class="bold v-fw-medium body-copy">Objetivo estándar Canon EF 40 mm f / 2,8 STM</li>
<li class="bold v-fw-medium body-copy">El manual del propietario</li>
</ul>
</div>

<p>Lente estándar Canon EF 40 mm f / 2.8 STM: esta lente Canon estándar ofrece captura de imágenes de alta calidad en un cuerpo de lente pequeño y liviano, lo</p>
