{"id":19883,"date":"2020-12-10T18:23:59","date_gmt":"2020-12-11T00:23:59","guid":{"rendered":"https:\/\/defabrica.com.mx\/defabrica\/?post_type=product&#038;p=19883"},"modified":"2022-12-01T15:43:37","modified_gmt":"2022-12-01T21:43:37","slug":"juego-de-cohetes-de-aire-light-up","status":"publish","type":"product","link":"https:\/\/defabrica.com.mx\/defabrica\/producto\/juego-de-cohetes-de-aire-light-up\/","title":{"rendered":"Juego de cohetes de aire Light-Up"},"content":{"rendered":"<p>Los cohetes a\u00e9reos de National Geographic Light-Up permiten a sus hijos pisar y lanzar cohetes de hasta 100 pies de altura. El kit incluye: &#8211; 3 cohetes equipados con LED &#8211; 1 base para el lanzamiento de cohetes &#8211; 1 tubo de lanzamiento &#8211; 1 gu\u00eda de aprendizaje con instrucciones Los cohetes de este kit est\u00e1n equipados con luces LED intercambiables y est\u00e1n cubiertos con dise\u00f1os coloridos, lo que hace que los lanzamientos nocturnos sean espectaculares. Cada cohete tiene una punta de espuma y la base de lanzamiento es ajustable, lo que permite a sus hijos enviar cohetes que se eleven o salgan. Esta caracter\u00edstica le da a tus hijos la oportunidad de probar diferentes trayectorias de lanzamiento y trayectorias de vuelo. Y con la detallada gu\u00eda de aprendizaje, aprender\u00e1n la ciencia que hace que los cohetes vuelen! Pondr\u00e1s celosos a tus otros juguetes de exterior con estos cohetes de aire! El pedestal tambi\u00e9n es extra grande, para que los ni\u00f1os puedan saltar y lanzarse con ambos pies para conseguir el mayor tiempo de vuelo posible! La b\u00fasqueda de juguetes para ni\u00f1os o ni\u00f1as ha terminado, los cohetes de aire Light-Up son geniales para todos los ni\u00f1os. Este conjunto de actividades tambi\u00e9n fomenta la actividad f\u00edsica al aire libre, el desarrollo de la motricidad fina y el equilibrio, por lo que es una gran manera de limitar el tiempo de pantalla. Tambi\u00e9n es una forma muy divertida de jugar para que ni\u00f1os y ni\u00f1as, amigos y familiares jueguen juntos.\u00a0 Consiga hoy mismo el juego de cohetes de aire Light-Up de National Geographic y divi\u00e9rtase!<\/p>\n<ul class=\"a-unordered-list a-vertical a-spacing-mini\">\n<li><span class=\"a-list-item\"><strong>Los cohetes se elevan hasta 98.4 ft:<\/strong>\u00a0Detiene la bomba de pie extragrande en el lanzador de cohetes de juguete para ni\u00f1os y env\u00eda tus cohetes de aire volando alto. Esta es una impresionante adici\u00f3n a tu colecci\u00f3n de juegos al aire libre y juguetes al aire libre. Este juguete para ni\u00f1os es inolvidable.<\/span><\/li>\n<li><span class=\"a-list-item\"><strong>Ilumina el cielo:<\/strong> otros lanzadores de cohetes para ni\u00f1os no ponen en un espect\u00e1culo como estos cohetes. Cada cohete con punta de espuma est\u00e1 equipado con luces LED que se pueden encender y apagar. Lleva el juego al aire libre al siguiente nivel con un espectacular espectacular espect\u00e1culo de luces de cohetes.<\/span><\/li>\n<li><span class=\"a-list-item\"><strong>Aprender puede ser realmente tan divertido:<\/strong> esto es m\u00e1s que un lanzador de cohetes para ni\u00f1os porque nuestra detallada gu\u00eda de aprendizaje contiene experimentos de vuelo de cohetes y percepci\u00f3n sobre la f\u00edsica del movimiento y la aerodin\u00e1mica. Es un gran regalo para ni\u00f1os y ni\u00f1as.<\/span><\/li>\n<li><span class=\"a-list-item\"><strong>Sal y juega:<\/strong> los cohetes para ni\u00f1os fomentan el ejercicio f\u00edsico, la exploraci\u00f3n cient\u00edfica, el desarrollo de habilidades motoras finas y el equilibrio. Un tubo de lanzamiento ajustable lanza cohetes en diferentes \u00e1ngulos y el lanzamiento de pisada hace que cada vuelo sea alimentado por ni\u00f1os.<\/span><\/li>\n<\/ul>\n","protected":false},"excerpt":{"rendered":"<p>Los cohetes a\u00e9reos de National Geographic Light-Up permiten a sus hijos pisar y lanzar cohetes de hasta 100 pies de altura. El kit incluye: &#8211; 3 cohetes equipados con LED<\/p>\n","protected":false},"featured_media":19884,"comment_status":"open","ping_status":"closed","template":"","meta":{"_acf_changed":false,"_joinchat":[]},"product_brand":[],"product_cat":[886,1097,1194],"product_tag":[],"class_list":{"0":"post-19883","1":"product","2":"type-product","3":"status-publish","4":"has-post-thumbnail","6":"product_cat-juguetesycoleccionables","7":"product_cat-juguetes","8":"product_cat-juguetes-didacticos","10":"first","11":"instock","12":"sale","13":"shipping-taxable","14":"purchasable","15":"product-type-simple"},"acf":[],"_links":{"self":[{"href":"https:\/\/defabrica.com.mx\/defabrica\/wp-json\/wp\/v2\/product\/19883","targetHints":{"allow":["GET"]}}],"collection":[{"href":"https:\/\/defabrica.com.mx\/defabrica\/wp-json\/wp\/v2\/product"}],"about":[{"href":"https:\/\/defabrica.com.mx\/defabrica\/wp-json\/wp\/v2\/types\/product"}],"replies":[{"embeddable":true,"href":"https:\/\/defabrica.com.mx\/defabrica\/wp-json\/wp\/v2\/comments?post=19883"}],"wp:featuredmedia":[{"embeddable":true,"href":"https:\/\/defabrica.com.mx\/defabrica\/wp-json\/wp\/v2\/media\/19884"}],"wp:attachment":[{"href":"https:\/\/defabrica.com.mx\/defabrica\/wp-json\/wp\/v2\/media?parent=19883"}],"wp:term":[{"taxonomy":"product_brand","embeddable":true,"href":"https:\/\/defabrica.com.mx\/defabrica\/wp-json\/wp\/v2\/product_brand?post=19883"},{"taxonomy":"product_cat","embeddable":true,"href":"https:\/\/defabrica.com.mx\/defabrica\/wp-json\/wp\/v2\/product_cat?post=19883"},{"taxonomy":"product_tag","embeddable":true,"href":"https:\/\/defabrica.com.mx\/defabrica\/wp-json\/wp\/v2\/product_tag?post=19883"}],"curies":[{"name":"wp","href":"https:\/\/api.w.org\/{rel}","templated":true}]}}