{"id":19849,"date":"2020-12-10T16:20:40","date_gmt":"2020-12-10T22:20:40","guid":{"rendered":"https:\/\/defabrica.com.mx\/defabrica\/?post_type=product&#038;p=19849"},"modified":"2022-12-01T15:42:05","modified_gmt":"2022-12-01T21:42:05","slug":"kidkraft-storybook-mansion","status":"publish","type":"product","link":"https:\/\/defabrica.com.mx\/defabrica\/producto\/kidkraft-storybook-mansion\/","title":{"rendered":"KidKraft Storybook Mansion"},"content":{"rendered":"<p>En la m\u00e1gica casa de mu\u00f1ecas KidKraft Storybook Mansion, los ni\u00f1os pueden explorar tres niveles y cinco salas de diversi\u00f3n de cuento de hadas. Esta casa de mu\u00f1ecas mide m\u00e1s de cuatro pies de alto, con dos balcones, un porche extendido y un bosque encantador, esta peque\u00f1a y dulce casa tiene todo lo que una mu\u00f1eca pueda desear. El kit de accesorios de 14 piezas incluido prepara el escenario para una diversi\u00f3n sin fin con su trono real, reloj de pie, gran cama con dosel con dosel y mucho m\u00e1s. Storybook Mansion es el hogar perfecto para cualquier mu\u00f1eca de 12 pulgadas.<\/p>\n<ul>\n<li>3 niveles, 5 habitaciones y 2 balcones<\/li>\n<li>Encantadora cama con dosel<\/li>\n<li>Balc\u00f3n ampliado en el segundo piso<\/li>\n<li>Construcci\u00f3n de madera inteligente y resistente<\/li>\n<li>Empaquetado con instrucciones de montaje detalladas paso a paso<\/li>\n<\/ul>\n","protected":false},"excerpt":{"rendered":"<p>En la m\u00e1gica casa de mu\u00f1ecas KidKraft Storybook Mansion, los ni\u00f1os pueden explorar tres niveles y cinco salas de diversi\u00f3n de cuento de hadas. Esta casa de mu\u00f1ecas mide m\u00e1s<\/p>\n","protected":false},"featured_media":19855,"comment_status":"open","ping_status":"closed","template":"","meta":{"_acf_changed":false,"_joinchat":[]},"product_brand":[],"product_cat":[886,1097,1191],"product_tag":[],"class_list":{"0":"post-19849","1":"product","2":"type-product","3":"status-publish","4":"has-post-thumbnail","6":"product_cat-juguetesycoleccionables","7":"product_cat-juguetes","8":"product_cat-munecas-y-accesorios","10":"first","11":"instock","12":"sale","13":"shipping-taxable","14":"purchasable","15":"product-type-simple"},"acf":[],"_links":{"self":[{"href":"https:\/\/defabrica.com.mx\/defabrica\/wp-json\/wp\/v2\/product\/19849","targetHints":{"allow":["GET"]}}],"collection":[{"href":"https:\/\/defabrica.com.mx\/defabrica\/wp-json\/wp\/v2\/product"}],"about":[{"href":"https:\/\/defabrica.com.mx\/defabrica\/wp-json\/wp\/v2\/types\/product"}],"replies":[{"embeddable":true,"href":"https:\/\/defabrica.com.mx\/defabrica\/wp-json\/wp\/v2\/comments?post=19849"}],"wp:featuredmedia":[{"embeddable":true,"href":"https:\/\/defabrica.com.mx\/defabrica\/wp-json\/wp\/v2\/media\/19855"}],"wp:attachment":[{"href":"https:\/\/defabrica.com.mx\/defabrica\/wp-json\/wp\/v2\/media?parent=19849"}],"wp:term":[{"taxonomy":"product_brand","embeddable":true,"href":"https:\/\/defabrica.com.mx\/defabrica\/wp-json\/wp\/v2\/product_brand?post=19849"},{"taxonomy":"product_cat","embeddable":true,"href":"https:\/\/defabrica.com.mx\/defabrica\/wp-json\/wp\/v2\/product_cat?post=19849"},{"taxonomy":"product_tag","embeddable":true,"href":"https:\/\/defabrica.com.mx\/defabrica\/wp-json\/wp\/v2\/product_tag?post=19849"}],"curies":[{"name":"wp","href":"https:\/\/api.w.org\/{rel}","templated":true}]}}