{"id":19801,"date":"2020-12-10T12:40:57","date_gmt":"2020-12-10T18:40:57","guid":{"rendered":"https:\/\/defabrica.com.mx\/defabrica\/?post_type=product&#038;p=19801"},"modified":"2022-12-01T15:39:05","modified_gmt":"2022-12-01T21:39:05","slug":"kidzone-ride-on-motocicleta","status":"publish","type":"product","link":"https:\/\/defabrica.com.mx\/defabrica\/producto\/kidzone-ride-on-motocicleta\/","title":{"rendered":"Kidzone Ride On motocicleta"},"content":{"rendered":"<p>\u00a1Haz que tu hijo te lleve a las melod\u00edas y sea independiente desde una edad temprana con esta moto de paseo!<\/p>\n<p>Este juguete para ni\u00f1os es perfecto para cualquier ni\u00f1o a partir de 3 a\u00f1os. Es una motocicleta perfectamente funcional con 3 ruedas. Las dos ruedas en la parte trasera proporcionan a la bicicleta una estabilidad muy necesaria y ayudan a evitar que la bicicleta se vuelque. Hecho con material de pl\u00e1stico no t\u00f3xico y con ruedas antideslizantes impermeables, mira a tus hijos alejarse de esta moto bellamente construida.<\/p>\n<p>Este juguete de montar para ni\u00f1os de 3 a\u00f1os tambi\u00e9n es respetuoso con el medio ambiente, ya que funciona con una bater\u00eda recargable. Esta es una bater\u00eda de 6 V (20 W) y tambi\u00e9n proporcionamos un cargador para que puedas cargar f\u00e1cilmente tu juguete de ni\u00f1a peque\u00f1a. Este juguete de conducci\u00f3n de 6 V tambi\u00e9n cuenta con muchos detalles como bocina funcional incorporada, m\u00fasica integrada, un faro LED brillante, un interruptor de llave realista, un pedal acelerador y un maletero de almacenamiento para darle a tu hijo la experiencia de conducci\u00f3n m\u00e1s realista. La velocidad m\u00e1xima a la que se puede alcanzar esta motocicleta es de 1.9mph por lo que no tienes que preocuparte por su seguridad.<\/p>\n<h3><strong>Caracter\u00edsticas:<\/strong><\/h3>\n<ul>\n<li><strong>Color rosa.<\/strong><\/li>\n<li><strong>Material pl\u00e1stico no t\u00f3xico.<\/strong><\/li>\n<li><strong>Dise\u00f1o de 3 ruedas<\/strong><\/li>\n<li><strong>Bater\u00eda recargable de 6 V (20 W) y cargador<\/strong><\/li>\n<li><strong>Rango de velocidad: 1.5-1.9mph<\/strong><\/li>\n<li><strong>Capacidad de peso de 3.5 lbs.<\/strong><\/li>\n<li><strong>M\u00fasica incorporada<\/strong><\/li>\n<li><strong>Interruptor de llave realista<\/strong><\/li>\n<li><strong>Pedal acelerador<\/strong><\/li>\n<li><strong>Tronco de almacenamiento<\/strong><\/li>\n<li><strong>Faro LED<\/strong><\/li>\n<li><strong>Cuerno funcional<\/strong><\/li>\n<li><strong>Tiempo de uso: 1-2 horas<\/strong><\/li>\n<li><strong>Tiempo de carga: 8-12 horas (18 por primera vez)<\/strong><\/li>\n<li><strong>Para ni\u00f1os de 3 a\u00f1os en adelante.<\/strong><\/li>\n<li><strong>Requiere montaje.<\/strong><\/li>\n<li><strong>El paquete incluye:<\/strong><br \/>\n1 x 6V rosa motocicleta juguete<br \/>\n1 cargador de motocicleta.<br \/>\n1 manual de instrucciones (idioma espa\u00f1ol no garantizado).<\/li>\n<\/ul>\n","protected":false},"excerpt":{"rendered":"<p>\u00a1Haz que tu hijo te lleve a las melod\u00edas y sea independiente desde una edad temprana con esta moto de paseo! Este juguete para ni\u00f1os es perfecto para cualquier ni\u00f1o<\/p>\n","protected":false},"featured_media":19805,"comment_status":"open","ping_status":"closed","template":"","meta":{"_acf_changed":false,"_joinchat":[]},"product_brand":[],"product_cat":[886,1097,1193],"product_tag":[],"class_list":{"0":"post-19801","1":"product","2":"type-product","3":"status-publish","4":"has-post-thumbnail","6":"product_cat-juguetesycoleccionables","7":"product_cat-juguetes","8":"product_cat-montables-y-control-remoto","10":"first","11":"instock","12":"sale","13":"shipping-taxable","14":"purchasable","15":"product-type-variable","16":"has-default-attributes"},"acf":[],"_links":{"self":[{"href":"https:\/\/defabrica.com.mx\/defabrica\/wp-json\/wp\/v2\/product\/19801","targetHints":{"allow":["GET"]}}],"collection":[{"href":"https:\/\/defabrica.com.mx\/defabrica\/wp-json\/wp\/v2\/product"}],"about":[{"href":"https:\/\/defabrica.com.mx\/defabrica\/wp-json\/wp\/v2\/types\/product"}],"replies":[{"embeddable":true,"href":"https:\/\/defabrica.com.mx\/defabrica\/wp-json\/wp\/v2\/comments?post=19801"}],"wp:featuredmedia":[{"embeddable":true,"href":"https:\/\/defabrica.com.mx\/defabrica\/wp-json\/wp\/v2\/media\/19805"}],"wp:attachment":[{"href":"https:\/\/defabrica.com.mx\/defabrica\/wp-json\/wp\/v2\/media?parent=19801"}],"wp:term":[{"taxonomy":"product_brand","embeddable":true,"href":"https:\/\/defabrica.com.mx\/defabrica\/wp-json\/wp\/v2\/product_brand?post=19801"},{"taxonomy":"product_cat","embeddable":true,"href":"https:\/\/defabrica.com.mx\/defabrica\/wp-json\/wp\/v2\/product_cat?post=19801"},{"taxonomy":"product_tag","embeddable":true,"href":"https:\/\/defabrica.com.mx\/defabrica\/wp-json\/wp\/v2\/product_tag?post=19801"}],"curies":[{"name":"wp","href":"https:\/\/api.w.org\/{rel}","templated":true}]}}