{"id":19627,"date":"2020-12-08T00:20:52","date_gmt":"2020-12-08T06:20:52","guid":{"rendered":"https:\/\/defabrica.com.mx\/defabrica\/?post_type=product&#038;p=19627"},"modified":"2022-12-01T16:06:02","modified_gmt":"2022-12-01T22:06:02","slug":"sandisk-unidad-de-estado-solido-interna-ultra-1tb","status":"publish","type":"product","link":"https:\/\/defabrica.com.mx\/defabrica\/producto\/sandisk-unidad-de-estado-solido-interna-ultra-1tb\/","title":{"rendered":"SanDisk &#8211; Unidad de estado s\u00f3lido interna Ultra 1TB"},"content":{"rendered":"<div>Cree un sistema que le acompa\u00f1e con el SSD 3D SanDisk Ultra\u00ae M.2 NVMe \u2122.\u00a0Ya sea que est\u00e9 actualizando su PC actual o construyendo uno nuevo desde cero, obtenga un rendimiento ultrarr\u00e1pido y con gran capacidad de respuesta en una unidad potente pero econ\u00f3mica.\u00a0Las velocidades de escritura secuencial de hasta 1.950 MB \/ s garantizan un arranque r\u00e1pido y una transferencia de datos r\u00e1pida.\u00a0Acelere con el rendimiento NVMe de pr\u00f3xima generaci\u00f3n para arrancar m\u00e1s r\u00e1pido, trabajar de forma m\u00e1s inteligente y jugar durante m\u00e1s tiempo.<\/div>\n<p>&nbsp;<\/p>\n<h3 class=\"heading-5 v-fw-regular feature-heading\"><strong>Caracter\u00edsticas<\/strong><\/h3>\n<ul>\n<li><strong>Interfaz PCI Express 3.0 x4 (NVMe)<\/strong><br \/>\nOfrece una conexi\u00f3n simple a su computadora.<\/li>\n<li><strong>1TB de capacidad de almacenamiento<\/strong><br \/>\nProporciona un amplio espacio de almacenamiento para su m\u00fasica, pel\u00edculas y m\u00e1s.<\/li>\n<li><strong>Velocidad de lectura de hasta 2,400 MB \/ s<\/strong><br \/>\nJunto con una velocidad de escritura de hasta 1.950 MB \/ s, ahorra tiempo al transferir archivos.<\/li>\n<li><strong>Velocidades ultrarr\u00e1pidas<\/strong><br \/>\nCon velocidades de lectura de hasta 2400 MB \/ s, el SSD SanDisk Ultra M.2 NVMe 3D es 4 veces m\u00e1s r\u00e1pido que nuestros SSD SATA para un rendimiento de PC ultrarr\u00e1pido en el trabajo y en el juego.<\/li>\n<li><strong>La calma bajo presi\u00f3n<\/strong><br \/>\nUn dise\u00f1o t\u00e9rmico \u00f3ptimo mantiene el SSD SanDisk Ultra M.2 NVMe 3D en funcionamiento incluso durante un uso intenso, para que pueda seguir creando, procesando, jugando y m\u00e1s.<\/li>\n<li><strong>Tama\u00f1o compacto, gran rendimiento<\/strong><br \/>\nEl SSD M.2 2280 PCIe\u00ae Gen3 x4 NVMe delgado y de un solo lado ofrece grandes resultados en un paquete optimizado, lo que lo hace ideal para su pr\u00f3xima compilaci\u00f3n personalizada o actualizaci\u00f3n del sistema.<\/li>\n<\/ul>\n<h3>Qu\u00e9 est\u00e1 incluido<\/h3>\n<div class=\"list-container list-lv\">\n<div class=\"embedded-component-container lv\">\n<div>\n<div id=\"shop-whats-included-486c3f17-a0c9-447c-9a69-5772ba9d8190\" class=\"None\" data-version=\"2.1.2\">\n<div class=\"shop-whats-included\">\n<div class=\"whats-included accordion-container \" data-reactroot=\"\">\n<div class=\"list-container list-lv\">\n<ul class=\" bold\">\n<li class=\"bold v-fw-medium body-copy\">Software<\/li>\n<li class=\"bold v-fw-medium body-copy\">Unidad de estado s\u00f3lido interna Ultra 1TB PCI Express 3.0 x4 (NVMe)<\/li>\n<\/ul>\n<\/div>\n<\/div>\n<\/div>\n<\/div>\n<\/div>\n<\/div>\n<div class=\"embedded-component-container lv\">\n<div>\n<div id=\"shop-product-energy-ratings-599742be-bcc5-4754-98e6-2d29a895ac23\" class=\"None\" data-version=\"1.3.3\">\n<div class=\"shop-product-energy-ratings\">\n<div data-reactroot=\"\"><\/div>\n<\/div>\n<\/div>\n<\/div>\n<\/div>\n<div class=\"embedded-component-container lv\"><\/div>\n<\/div>\n","protected":false},"excerpt":{"rendered":"<p>Cree un sistema que le acompa\u00f1e con el SSD 3D SanDisk Ultra\u00ae M.2 NVMe \u2122.\u00a0Ya sea que est\u00e9 actualizando su PC actual o construyendo uno nuevo desde cero, obtenga un<\/p>\n","protected":false},"featured_media":19628,"comment_status":"open","ping_status":"closed","template":"","meta":{"_acf_changed":false,"_joinchat":[]},"product_brand":[],"product_cat":[240,395,396,403,245],"product_tag":[],"class_list":{"0":"post-19627","1":"product","2":"type-product","3":"status-publish","4":"has-post-thumbnail","6":"product_cat-computadoras","7":"product_cat-componentes","8":"product_cat-almacenamiento","9":"product_cat-todos-los-componentes","10":"product_cat-accesorios-computadoras","12":"first","13":"instock","14":"sale","15":"shipping-taxable","16":"purchasable","17":"product-type-simple"},"acf":[],"_links":{"self":[{"href":"https:\/\/defabrica.com.mx\/defabrica\/wp-json\/wp\/v2\/product\/19627","targetHints":{"allow":["GET"]}}],"collection":[{"href":"https:\/\/defabrica.com.mx\/defabrica\/wp-json\/wp\/v2\/product"}],"about":[{"href":"https:\/\/defabrica.com.mx\/defabrica\/wp-json\/wp\/v2\/types\/product"}],"replies":[{"embeddable":true,"href":"https:\/\/defabrica.com.mx\/defabrica\/wp-json\/wp\/v2\/comments?post=19627"}],"wp:featuredmedia":[{"embeddable":true,"href":"https:\/\/defabrica.com.mx\/defabrica\/wp-json\/wp\/v2\/media\/19628"}],"wp:attachment":[{"href":"https:\/\/defabrica.com.mx\/defabrica\/wp-json\/wp\/v2\/media?parent=19627"}],"wp:term":[{"taxonomy":"product_brand","embeddable":true,"href":"https:\/\/defabrica.com.mx\/defabrica\/wp-json\/wp\/v2\/product_brand?post=19627"},{"taxonomy":"product_cat","embeddable":true,"href":"https:\/\/defabrica.com.mx\/defabrica\/wp-json\/wp\/v2\/product_cat?post=19627"},{"taxonomy":"product_tag","embeddable":true,"href":"https:\/\/defabrica.com.mx\/defabrica\/wp-json\/wp\/v2\/product_tag?post=19627"}],"curies":[{"name":"wp","href":"https:\/\/api.w.org\/{rel}","templated":true}]}}