{"id":19191,"date":"2020-11-29T15:21:53","date_gmt":"2020-11-29T21:21:53","guid":{"rendered":"https:\/\/defabrica.com.mx\/defabrica\/?post_type=product&#038;p=19191"},"modified":"2023-01-26T14:23:55","modified_gmt":"2023-01-26T20:23:55","slug":"babyliss-pro-nano-titanium-2-cepillo-de-aire-caliente-giratorio","status":"publish","type":"product","link":"https:\/\/defabrica.com.mx\/defabrica\/producto\/babyliss-pro-nano-titanium-2-cepillo-de-aire-caliente-giratorio\/","title":{"rendered":"Babyliss Pro Nano Titanium 2 \u00abCepillo de aire caliente giratorio"},"content":{"rendered":"<p>Obtenga resultados de aspecto profesional con el cepillo giratorio de aire caliente Babyliss Pro Nano Titanium de 2 \u00ab. Cuenta con tres estilos de ajuste de temperatura, lo que lo hace ideal para todo tipo de cabello. Este cepillo giratorio de aire caliente Babyliss Pro proporciona calor cer\u00e1mico que protege su cabello de da\u00f1os. Use este cepillo de aire caliente para crear su estilo una vez que su cabello est\u00e9 seco en un 80 por ciento. Tiene un barril multidireccional de 2 \u00abque gira para agregar volumen y brillo.\u00a0Este cepillo de aire caliente de nano-titanio tiene tecnolog\u00eda i\u00f3nica y cerdas antiest\u00e1ticas para reducir el frizz y mejorar el brillo.\u00a0Tambi\u00e9n tiene un tacto s\u00f3lido y se adapta a tus necesidades.<\/p>\n<h3>Caracter\u00edsticas.<\/h3>\n<ul>\n<li>Barril multidireccional de 2 \u00ab<\/li>\n<li>Controles de avance \/ retroceso con botones<\/li>\n<li>El cepillo de aire caliente giratorio Babyliss Pro utiliza una tecnolog\u00eda Nano Titanium<\/li>\n<li>Tecnolog\u00eda i\u00f3nica y cerdas antiest\u00e1ticas<\/li>\n<li>3 configuraciones de temperatura<\/li>\n<\/ul>\n","protected":false},"excerpt":{"rendered":"<p>Obtenga resultados de aspecto profesional con el cepillo giratorio de aire caliente Babyliss Pro Nano Titanium de 2 \u00ab. Cuenta con tres estilos de ajuste de temperatura, lo que lo<\/p>\n","protected":false},"featured_media":19200,"comment_status":"open","ping_status":"closed","template":"","meta":{"_acf_changed":false,"_joinchat":[]},"product_brand":[],"product_cat":[331,352,490,492],"product_tag":[],"class_list":{"0":"post-19191","1":"product","2":"type-product","3":"status-publish","4":"has-post-thumbnail","6":"product_cat-salud-y-belleza","7":"product_cat-ella","8":"product_cat-cuidado-del-cabello-ella","9":"product_cat-secadora-para-cabello","11":"first","12":"instock","13":"sale","14":"shipping-taxable","15":"purchasable","16":"product-type-simple"},"acf":[],"_links":{"self":[{"href":"https:\/\/defabrica.com.mx\/defabrica\/wp-json\/wp\/v2\/product\/19191","targetHints":{"allow":["GET"]}}],"collection":[{"href":"https:\/\/defabrica.com.mx\/defabrica\/wp-json\/wp\/v2\/product"}],"about":[{"href":"https:\/\/defabrica.com.mx\/defabrica\/wp-json\/wp\/v2\/types\/product"}],"replies":[{"embeddable":true,"href":"https:\/\/defabrica.com.mx\/defabrica\/wp-json\/wp\/v2\/comments?post=19191"}],"wp:featuredmedia":[{"embeddable":true,"href":"https:\/\/defabrica.com.mx\/defabrica\/wp-json\/wp\/v2\/media\/19200"}],"wp:attachment":[{"href":"https:\/\/defabrica.com.mx\/defabrica\/wp-json\/wp\/v2\/media?parent=19191"}],"wp:term":[{"taxonomy":"product_brand","embeddable":true,"href":"https:\/\/defabrica.com.mx\/defabrica\/wp-json\/wp\/v2\/product_brand?post=19191"},{"taxonomy":"product_cat","embeddable":true,"href":"https:\/\/defabrica.com.mx\/defabrica\/wp-json\/wp\/v2\/product_cat?post=19191"},{"taxonomy":"product_tag","embeddable":true,"href":"https:\/\/defabrica.com.mx\/defabrica\/wp-json\/wp\/v2\/product_tag?post=19191"}],"curies":[{"name":"wp","href":"https:\/\/api.w.org\/{rel}","templated":true}]}}

<p>Obtenga resultados de aspecto profesional con el cepillo giratorio de aire caliente Babyliss Pro Nano Titanium de 2 «. Cuenta con tres estilos de ajuste de temperatura, lo que lo hace ideal para todo tipo de cabello. Este cepillo giratorio de aire caliente Babyliss Pro proporciona calor cerámico que protege su cabello de daños. Use este cepillo de aire caliente para crear su estilo una vez que su cabello esté seco en un 80 por ciento. Tiene un barril multidireccional de 2 «que gira para agregar volumen y brillo. Este cepillo de aire caliente de nano-titanio tiene tecnología iónica y cerdas antiestáticas para reducir el frizz y mejorar el brillo. También tiene un tacto sólido y se adapta a tus necesidades.</p>
<h3>Características.</h3>
<ul>
<li>Barril multidireccional de 2 «</li>
<li>Controles de avance / retroceso con botones</li>
<li>El cepillo de aire caliente giratorio Babyliss Pro utiliza una tecnología Nano Titanium</li>
<li>Tecnología iónica y cerdas antiestáticas</li>
<li>3 configuraciones de temperatura</li>
</ul>
