{"id":19139,"date":"2020-11-29T14:57:23","date_gmt":"2020-11-29T20:57:23","guid":{"rendered":"https:\/\/defabrica.com.mx\/defabrica\/?post_type=product&#038;p=19139"},"modified":"2022-12-01T15:21:34","modified_gmt":"2022-12-01T21:21:34","slug":"kidzone-diy-numero-6v-juguete-para-ninos-paseo-electrico-en-parachoques-coche-vehiculo-control-remoto-360-spin-certificado-astm-15-6-anos","status":"publish","type":"product","link":"https:\/\/defabrica.com.mx\/defabrica\/producto\/kidzone-diy-numero-6v-juguete-para-ninos-paseo-electrico-en-parachoques-coche-vehiculo-control-remoto-360-spin-certificado-astm-15-6-anos\/","title":{"rendered":"Kidzone DIY N\u00famero 6V Juguete para ni\u00f1os Paseo el\u00e9ctrico en parachoques Coche Veh\u00edculo Control remoto 360 Spin Certificado ASTM 1,5-6 a\u00f1os"},"content":{"rendered":"<p>\u00a1Prep\u00e1rate para girar!\u00a0Este es el nuevo juguete para montar de 6 voltios * que ser\u00e1 el \u00e9xito de la temporada.\u00a0Como nada que hayas visto antes, este Kidzone Bumper Car de 6V \/ 12V har\u00e1 que cada d\u00eda sea como un viaje a la feria pero sin las colas, y no te preocupes, incluso tiene sus propias luces para ayudar a autenticar la experiencia.<\/p>\n<h3><strong>Caracter\u00edsticas<\/strong>:<\/h3>\n<ul>\n<li>Este nuevo y divertido coche de juguete para montar Kidzone, completamente recargable y con motor, puede girar 360 grados con sus sencillos controles de palanca de mando.<\/li>\n<li>Con controles de joystick simplificados y una velocidad m\u00e1xima de 0.75 mph, este auto el\u00e9ctrico giratorio de 6v es una excelente introducci\u00f3n al mundo de los autos el\u00e9ctricos para ni\u00f1os<\/li>\n<li>Incluye una bater\u00eda recargable de 6V y un cargador para encender la diversi\u00f3n cuando lo desee<\/li>\n<li>Este peque\u00f1o auto brillante est\u00e1 construido a partir de un carcasa de pl\u00e1stico resistente y tiene un sistema exterior de parachoques blando que le permite dar golpes si hace un giro equivocado<br \/>\ncertificado por ASTM para este auto de choque y consta de un cintur\u00f3n de seguridad, llantas antipinchazos y luz. Recomendado para ni\u00f1os a partir de un a\u00f1o y medio.<br \/>\nSin ensamblaje, simplemente conecte el cable de la bater\u00eda y estar\u00e1 listo para salir directamente de la caja.<\/li>\n<li>Personaliza tus dorsales (00-99). Elige antes de realizar el pedido.<\/li>\n<\/ul>\n<p>&nbsp;<\/p>\n<h3><strong>Especificaciones<\/strong>:<\/h3>\n<ul>\n<li>Color: Azul \/ Azul oscuro \/ Verde \/ Gris \/ Naranja \/ Rosa \/ P\u00farpura \/ Rojo \/ Blanco \/ Amarillo<\/li>\n<li>Material: Pl\u00e1stico<\/li>\n<li>Motor: 6V \/ 12V<\/li>\n<li>Velocidad: 6V &#8211; 0.75mph (1.2km \/ h) \/ 12V &#8211; 1.3mph ( 2.1 km \/ h<\/li>\n<li>Capacidad de peso: 66 libras<\/li>\n<li>Recomendado para edades: 1.5-6 a\u00f1os<\/li>\n<li>Tiempo de uso: 1-2 horas<\/li>\n<li>Tiempo de carga: 5 horas (18 por primera vez)<\/li>\n<li>Requiere ensamblaje: No<\/li>\n<li>Dimensi\u00f3n total: 28.35 \u00ab(L) x 28.35\u00bb (W) x 16,93 \u00ab(alto)<\/li>\n<li>El paquete incluye:\u00a0Manual del\u00a0cargador del\u00a0control remoto del<br \/>\ncoche del parachoques para montar<\/li>\n<li>Prep\u00e1rate para girar: este nuevo y divertido auto de juguete para montar Kidzone, completamente recargable y con motor, puede girar 360 grados con su simple joystick o controles remotos.<\/li>\n<li>Incre\u00edble coche de choque: con controles de joystick simplificados y una velocidad m\u00e1xima de 0,75 mph, este coche el\u00e9ctrico giratorio de 6 V es una gran introducci\u00f3n al mundo de los coches el\u00e9ctricos para ni\u00f1os.<\/li>\n<li>Calidad y durabilidad: este peque\u00f1o y brillante autom\u00f3vil est\u00e1 construido con una carcasa de pl\u00e1stico resistente y tiene un sistema exterior de parachoques suave que le permite golpear si m<\/li>\n<\/ul>\n","protected":false},"excerpt":{"rendered":"<p>\u00a1Prep\u00e1rate para girar!\u00a0Este es el nuevo juguete para montar de 6 voltios * que ser\u00e1 el \u00e9xito de la temporada.\u00a0Como nada que hayas visto antes, este Kidzone Bumper Car de<\/p>\n","protected":false},"featured_media":66198,"comment_status":"open","ping_status":"closed","template":"","meta":{"_acf_changed":false,"_joinchat":[]},"product_brand":[],"product_cat":[886,1097,1193],"product_tag":[],"class_list":{"0":"post-19139","1":"product","2":"type-product","3":"status-publish","4":"has-post-thumbnail","6":"product_cat-juguetesycoleccionables","7":"product_cat-juguetes","8":"product_cat-montables-y-control-remoto","10":"first","11":"instock","12":"sale","13":"shipping-taxable","14":"purchasable","15":"product-type-variable","16":"has-default-attributes"},"acf":[],"_links":{"self":[{"href":"https:\/\/defabrica.com.mx\/defabrica\/wp-json\/wp\/v2\/product\/19139","targetHints":{"allow":["GET"]}}],"collection":[{"href":"https:\/\/defabrica.com.mx\/defabrica\/wp-json\/wp\/v2\/product"}],"about":[{"href":"https:\/\/defabrica.com.mx\/defabrica\/wp-json\/wp\/v2\/types\/product"}],"replies":[{"embeddable":true,"href":"https:\/\/defabrica.com.mx\/defabrica\/wp-json\/wp\/v2\/comments?post=19139"}],"wp:featuredmedia":[{"embeddable":true,"href":"https:\/\/defabrica.com.mx\/defabrica\/wp-json\/wp\/v2\/media\/66198"}],"wp:attachment":[{"href":"https:\/\/defabrica.com.mx\/defabrica\/wp-json\/wp\/v2\/media?parent=19139"}],"wp:term":[{"taxonomy":"product_brand","embeddable":true,"href":"https:\/\/defabrica.com.mx\/defabrica\/wp-json\/wp\/v2\/product_brand?post=19139"},{"taxonomy":"product_cat","embeddable":true,"href":"https:\/\/defabrica.com.mx\/defabrica\/wp-json\/wp\/v2\/product_cat?post=19139"},{"taxonomy":"product_tag","embeddable":true,"href":"https:\/\/defabrica.com.mx\/defabrica\/wp-json\/wp\/v2\/product_tag?post=19139"}],"curies":[{"name":"wp","href":"https:\/\/api.w.org\/{rel}","templated":true}]}}