{"id":18832,"date":"2020-11-24T16:18:15","date_gmt":"2020-11-24T22:18:15","guid":{"rendered":"https:\/\/defabrica.com.mx\/defabrica\/?post_type=product&#038;p=18832"},"modified":"2022-12-01T11:52:39","modified_gmt":"2022-12-01T17:52:39","slug":"secadores-de-cabello-con-mango-ergonomico-y-secado-rapido-de-tamano-mediano-conair-color-negro","status":"publish","type":"product","link":"https:\/\/defabrica.com.mx\/defabrica\/producto\/secadores-de-cabello-con-mango-ergonomico-y-secado-rapido-de-tamano-mediano-conair-color-negro\/","title":{"rendered":"Secadores de cabello con mango ergon\u00f3mico y secado r\u00e1pido de tama\u00f1o mediano Conair, color negro"},"content":{"rendered":"<p>Secador b\u00e1sico para todo tipo de cabello Obtenga estilo y valor con el secador de tama\u00f1o mediano de 1875 vatios de Conair.\u00a02 configuraciones de calor \/ velocidad te permiten elegir lo que funciona mejor para ti: bajo para cabello fino y delicado, o alto para cabello medio a grueso.\u00a0Lo suficientemente potente como para secar el cabello r\u00e1pidamente y lo suficientemente compacto para llevarlo en movimiento, este secador de pelo combina rendimiento con comodidad.\u00a0El secador de cabello de tama\u00f1o mediano de 1875 vatios Conair le brinda todo lo que necesita para un hermoso peinado.\u00a02 configuraciones de calor \/ velocidad le permiten personalizar f\u00e1cilmente las configuraciones para todo tipo de cabello.\u00a0Por ejemplo, use baja velocidad \/ calor para cabello fino y delicado.\u00a0O use alta velocidad \/ calor para cabello promedio a grueso.<\/p>\n<h3><strong>Caracter\u00edsticas del producto<\/strong><\/h3>\n<ul>\n<li>C\u00f3modo dise\u00f1o de tama\u00f1o medio<\/li>\n<li>Potentes 1875 vatios para un secado r\u00e1pido de alta potencia<\/li>\n<li>2 configuraciones personalizadas de calor \/ velocidad para todo tipo de cabello<\/li>\n<li>Anillo colgante para un f\u00e1cil almacenamiento<\/li>\n<li>Mango ergon\u00f3mico para un peinado y secado c\u00f3modos<\/li>\n<\/ul>\n<p>&nbsp;<\/p>\n<p>&nbsp;<\/p>\n<p>&nbsp;<\/p>\n","protected":false},"excerpt":{"rendered":"<p>Secador b\u00e1sico para todo tipo de cabello Obtenga estilo y valor con el secador de tama\u00f1o mediano de 1875 vatios de Conair.\u00a02 configuraciones de calor \/ velocidad te permiten elegir<\/p>\n","protected":false},"featured_media":18836,"comment_status":"open","ping_status":"closed","template":"","meta":{"_acf_changed":false,"_joinchat":[]},"product_brand":[],"product_cat":[1520,331,352,490,492],"product_tag":[],"class_list":{"0":"post-18832","1":"product","2":"type-product","3":"status-publish","4":"has-post-thumbnail","6":"product_cat-ofertas-saludbelleza","7":"product_cat-salud-y-belleza","8":"product_cat-ella","9":"product_cat-cuidado-del-cabello-ella","10":"product_cat-secadora-para-cabello","12":"first","13":"instock","14":"sale","15":"shipping-taxable","16":"purchasable","17":"product-type-simple"},"acf":[],"_links":{"self":[{"href":"https:\/\/defabrica.com.mx\/defabrica\/wp-json\/wp\/v2\/product\/18832","targetHints":{"allow":["GET"]}}],"collection":[{"href":"https:\/\/defabrica.com.mx\/defabrica\/wp-json\/wp\/v2\/product"}],"about":[{"href":"https:\/\/defabrica.com.mx\/defabrica\/wp-json\/wp\/v2\/types\/product"}],"replies":[{"embeddable":true,"href":"https:\/\/defabrica.com.mx\/defabrica\/wp-json\/wp\/v2\/comments?post=18832"}],"wp:featuredmedia":[{"embeddable":true,"href":"https:\/\/defabrica.com.mx\/defabrica\/wp-json\/wp\/v2\/media\/18836"}],"wp:attachment":[{"href":"https:\/\/defabrica.com.mx\/defabrica\/wp-json\/wp\/v2\/media?parent=18832"}],"wp:term":[{"taxonomy":"product_brand","embeddable":true,"href":"https:\/\/defabrica.com.mx\/defabrica\/wp-json\/wp\/v2\/product_brand?post=18832"},{"taxonomy":"product_cat","embeddable":true,"href":"https:\/\/defabrica.com.mx\/defabrica\/wp-json\/wp\/v2\/product_cat?post=18832"},{"taxonomy":"product_tag","embeddable":true,"href":"https:\/\/defabrica.com.mx\/defabrica\/wp-json\/wp\/v2\/product_tag?post=18832"}],"curies":[{"name":"wp","href":"https:\/\/api.w.org\/{rel}","templated":true}]}}

Secadores de cabello con mango ergonómico y secado rápido de tamaño mediano Conair, color negro

<p>Secador básico para todo tipo de cabello Obtenga estilo y valor con el secador de tamaño mediano de 1875 vatios de Conair. 2 configuraciones de calor / velocidad te permiten elegir lo que funciona mejor para ti: bajo para cabello fino y delicado, o alto para cabello medio a grueso. Lo suficientemente potente como para secar el cabello rápidamente y lo suficientemente compacto para llevarlo en movimiento, este secador de pelo combina rendimiento con comodidad. El secador de cabello de tamaño mediano de 1875 vatios Conair le brinda todo lo que necesita para un hermoso peinado. 2 configuraciones de calor / velocidad le permiten personalizar fácilmente las configuraciones para todo tipo de cabello. Por ejemplo, use baja velocidad / calor para cabello fino y delicado. O use alta velocidad / calor para cabello promedio a grueso.</p>
<h3><strong>Características del producto</strong></h3>
<ul>
<li>Cómodo diseño de tamaño medio</li>
<li>Potentes 1875 vatios para un secado rápido de alta potencia</li>
<li>2 configuraciones personalizadas de calor / velocidad para todo tipo de cabello</li>
<li>Anillo colgante para un fácil almacenamiento</li>
<li>Mango ergonómico para un peinado y secado cómodos</li>
</ul>
<p>&nbsp;</p>
<p>&nbsp;</p>
<p>&nbsp;</p>

<p>Secador básico para todo tipo de cabello Obtenga estilo y valor con el secador de tamaño mediano de 1875 vatios de Conair. 2 configuraciones de calor / velocidad te permiten elegir</p>
