{"id":18667,"date":"2020-11-21T19:59:45","date_gmt":"2020-11-22T01:59:45","guid":{"rendered":"https:\/\/defabrica.com.mx\/defabrica\/?post_type=product&#038;p=18667"},"modified":"2025-09-04T00:43:04","modified_gmt":"2025-09-04T06:43:04","slug":"secador-de-pelo-de-un-solo-paso-revlon-y-cepillo-voluminizador-de-aire-caliente-secador-de-pelo-negro","status":"publish","type":"product","link":"https:\/\/defabrica.com.mx\/defabrica\/producto\/secador-de-pelo-de-un-solo-paso-revlon-y-cepillo-voluminizador-de-aire-caliente-secador-de-pelo-negro\/","title":{"rendered":"REVLON Salon One-Step Secador y Voluminizador, Negro"},"content":{"rendered":"<p>El secador y voluminizador de cabello de un solo paso Revlon es un cepillo de aire caliente dise\u00f1ado para brindar un volumen magn\u00edfico y un brillo brillante en un solo paso.\u00a0El dise\u00f1o \u00fanico del cepillo ovalado suaviza el cabello, mientras que los bordes redondeados crean r\u00e1pidamente volumen en la ra\u00edz y se curvan con mucho cuerpo en las puntas en una sola pasada, para hacer estallar en el sal\u00f3n en casa.\u00a0El cepillo est\u00e1 dise\u00f1ado con pasador de nailon y cerdas copetudas para desenredar, mejorar el volumen y el control.\u00a0Construido para proporcionar la cantidad justa de calor.\u00a0A diferencia de los secadores de cabello convencionales, este voluminizador se puede colocar m\u00e1s cerca del cuero cabelludo para levantarlo.\u00a0Impulsado por la tecnolog\u00eda i\u00f3nica a trav\u00e9s de un generador de iones genuino incorporado, el cabello se seca r\u00e1pidamente y ayuda a reducir el da\u00f1o por calor.<\/p>\n<section class=\"AboutProduct AboutHealth Ingredients\">\n<h3 class=\"font-bold moduleHeading\">Ingredientes:<\/h3>\n<p class=\"Ingredients\"><span class=\"subTitle font-bold\">Ingredientes: <\/span><span class=\"aboutModuleText\">esencial<\/span><\/p>\n<div class=\"ui-pdp-container__col col-2 ui-pdp-container--column-left pb-40\">\n<div class=\"ui-pdp-container__col col-1 ui-vip-core-container--content-left\">\n<div class=\"ui-pdp-container__row ui-pdp-container__row--description\">\n<div class=\"ui-pdp-description\">\n<p class=\"ui-pdp-description__content\">Esta revolucionaria herramienta de estilizado esta dise\u00f1ada para dar un hermoso volumen y brillo en UN SOLO PASO. El dise\u00f1o \u00fanico del Oval Brush cree r\u00e1pidamente volumen libre de frizz desde la ra\u00edz y hermosas ondas en el cuerpo del cabello con solo una pasada, as\u00ed puedes obtener resultados de sal\u00f3n en tu hogar. Estimulada por la TECNOLOGIA I\u00d3NICA\u00ae, el cabello se seca m\u00e1s r\u00e1pido con menos da\u00f1o.<\/p>\n<p>Dise\u00f1o de Cepillo Ovalado<\/p>\n<p>Con los lados ligeramente curvos para alaciar el cabello, y bordes redondos para crear volumen y ondas en las puntas, resultados magn\u00edficos en un solo paso.<\/p>\n<p>Menor tiempo, menor da\u00f1o<\/p>\n<p>Dise\u00f1ado para distribuir el aire de manera r\u00e1pida y uniforme para secar y estilizar el cabello con un menor da\u00f1o provocado por el calor.<\/p>\n<p><strong>TECNOLOG\u00cdA I\u00d3NICA<\/strong><\/p>\n<p>Los iones negativos saturan el flujo de aire reduciendo la humedad en el cabello para un secado m\u00e1s r\u00e1pido. Esto ayuda a acondicionar, suavizar y hacer m\u00e1s brillante el cabello al mismo tiempo que reduce el frizz y la est\u00e1tica.<\/p>\n<p>Cerdas combinadas<\/p>\n<p>Cerdas de nylon con puntas redondeadas para desenredar r\u00e1pidamente, mientras que las cerdas de jabal\u00ed se deslizan suavemente por el cabello para crear brillo.<\/p>\n<p>3 Configuraciones de Temperatura<\/p>\n<p>Para un secado completo y flexibilidad en el estlizado.<\/p>\n<p>Mango ergon\u00f3mico y punta fr\u00eda<\/p>\n<p>Para confort y facilidad de uso.<\/p>\n<p>Dise\u00f1o ligero<\/p>\n<p>Cord\u00f3n giratorio profesional libre de enredos<\/p>\n<\/div>\n<\/div>\n<\/div>\n<\/div>\n<\/section>\n<div class=\"product-specifications\"><\/div>\n","protected":false},"excerpt":{"rendered":"<p>El secador y voluminizador de cabello de un solo paso Revlon es un cepillo de aire caliente dise\u00f1ado para brindar un volumen magn\u00edfico y un brillo brillante en un solo<\/p>\n","protected":false},"featured_media":18669,"comment_status":"open","ping_status":"closed","template":"","meta":{"_acf_changed":false,"_joinchat":[]},"product_brand":[],"product_cat":[1520,331,352,490,493],"product_tag":[],"class_list":{"0":"post-18667","1":"product","2":"type-product","3":"status-publish","4":"has-post-thumbnail","6":"product_cat-ofertas-saludbelleza","7":"product_cat-salud-y-belleza","8":"product_cat-ella","9":"product_cat-cuidado-del-cabello-ella","10":"product_cat-cepillos-alisadores-y-rizadores","12":"first","13":"instock","14":"sale","15":"shipping-taxable","16":"purchasable","17":"product-type-variable","18":"has-default-attributes"},"acf":[],"_links":{"self":[{"href":"https:\/\/defabrica.com.mx\/defabrica\/wp-json\/wp\/v2\/product\/18667","targetHints":{"allow":["GET"]}}],"collection":[{"href":"https:\/\/defabrica.com.mx\/defabrica\/wp-json\/wp\/v2\/product"}],"about":[{"href":"https:\/\/defabrica.com.mx\/defabrica\/wp-json\/wp\/v2\/types\/product"}],"replies":[{"embeddable":true,"href":"https:\/\/defabrica.com.mx\/defabrica\/wp-json\/wp\/v2\/comments?post=18667"}],"wp:featuredmedia":[{"embeddable":true,"href":"https:\/\/defabrica.com.mx\/defabrica\/wp-json\/wp\/v2\/media\/18669"}],"wp:attachment":[{"href":"https:\/\/defabrica.com.mx\/defabrica\/wp-json\/wp\/v2\/media?parent=18667"}],"wp:term":[{"taxonomy":"product_brand","embeddable":true,"href":"https:\/\/defabrica.com.mx\/defabrica\/wp-json\/wp\/v2\/product_brand?post=18667"},{"taxonomy":"product_cat","embeddable":true,"href":"https:\/\/defabrica.com.mx\/defabrica\/wp-json\/wp\/v2\/product_cat?post=18667"},{"taxonomy":"product_tag","embeddable":true,"href":"https:\/\/defabrica.com.mx\/defabrica\/wp-json\/wp\/v2\/product_tag?post=18667"}],"curies":[{"name":"wp","href":"https:\/\/api.w.org\/{rel}","templated":true}]}}