{"id":17664,"date":"2020-10-31T16:04:54","date_gmt":"2020-10-31T22:04:54","guid":{"rendered":"https:\/\/defabrica.com.mx\/defabrica\/?post_type=product&#038;p=17664"},"modified":"2022-11-30T12:57:25","modified_gmt":"2022-11-30T18:57:25","slug":"wd-nube-personal-my-cloud-home-duo-de-16-tb-y-2-bahias-blanco","status":"publish","type":"product","link":"https:\/\/defabrica.com.mx\/defabrica\/producto\/wd-nube-personal-my-cloud-home-duo-de-16-tb-y-2-bahias-blanco\/","title":{"rendered":"WD &#8211; Nube personal My Cloud Home Duo de 16 TB y 2 bah\u00edas &#8211; Blanco"},"content":{"rendered":"<div>\n<div>Proteja los archivos con este dispositivo de almacenamiento personal My Cloud Home Duo.\u00a0My Cloud Home Duo es un dispositivo de almacenamiento personal de dos discos y f\u00e1cil de usar que se conecta directamente a su enrutador Wi-Fi en casa para que pueda guardar todo su contenido digital en un lugar central.\u00a0Con dos unidades configuradas en modo espejo, todo su contenido se guarda autom\u00e1ticamente dos veces.\u00a0Puede hacer una copia de seguridad autom\u00e1tica de las fotos y videos en su tel\u00e9fono, y hacer una copia de seguridad y sincronizar de forma inal\u00e1mbrica todas sus computadoras PC y Mac y cuentas en la nube.\u00a0Utilice el puerto USB para importar r\u00e1pidamente fotos, videos y documentos desde otros dispositivos, como unidades flash USB y discos duros externos.\u00a0Acceda, cargue y comparta esas fotos y videos desde cualquier lugar con una conexi\u00f3n a Internet utilizando las aplicaciones My Cloud Home para dispositivos m\u00f3viles, computadoras de escritorio y web.\u00a0Utilice estas aplicaciones simples para una experiencia de transmisi\u00f3n fluida de sus videos personales a cualquier dispositivo,<\/div>\n<\/div>\n<p>&nbsp;<\/p>\n<h3 class=\"heading-5 v-fw-regular feature-heading\">Caracter\u00edsticas<\/h3>\n<ul>\n<li><strong>Capacidad de almacenamiento de 16 TB<\/strong><br \/>\nProporciona un amplio espacio para almacenar documentos, fotos, m\u00fasica y m\u00e1s en un lugar central.<\/li>\n<li><strong>Velocidades de transferencia de datos de hasta 5 Gbps con USB 3.0<\/strong><br \/>\nHabilite una importaci\u00f3n r\u00e1pida de fotos, videos y documentos desde unidades flash USB y discos duros externos.<\/li>\n<li><strong>Dos discos duros en modo espejo (RAID 1)<\/strong><br \/>\nDe modo que todas sus fotos, videos y archivos se almacenan en una unidad y se duplican autom\u00e1ticamente en la segunda unidad para mayor tranquilidad.<\/li>\n<li><strong>Acceso sobre la marcha con la aplicaci\u00f3n m\u00f3vil My Cloud Home, la aplicaci\u00f3n de escritorio o MyCloud.com<\/strong><br \/>\nLe permite acceder, cargar y compartir esas fotos y videos desde cualquier lugar con una conexi\u00f3n a Internet utilizando las aplicaciones My Cloud Home para dispositivos m\u00f3viles, computadoras de escritorio y web.<\/li>\n<li><strong>Compatible con Time Machine<\/strong><br \/>\nRealice una copia de seguridad de todo su sistema directamente en la unidad.<\/li>\n<li><strong>Compatible con Apple MacOS, PC, Android y Apple iOS<\/strong><br \/>\nPara opciones de instalaci\u00f3n flexibles.<\/li>\n<\/ul>\n<p>&nbsp;<\/p>\n<h3>Qu\u00e9 est\u00e1 incluido<\/h3>\n<div class=\"list-container list-lv\">\n<ul class=\" bold\">\n<li class=\"bold v-fw-medium body-copy\">adaptador de CA<\/li>\n<li class=\"bold v-fw-medium body-copy\">Cable de ethernet<\/li>\n<li class=\"bold v-fw-medium body-copy\">Almacenamiento en la nube personal<\/li>\n<li class=\"bold v-fw-medium body-copy\">Gu\u00eda de instalaci\u00f3n r\u00e1pida<\/li>\n<\/ul>\n<\/div>\n","protected":false},"excerpt":{"rendered":"<p>Proteja los archivos con este dispositivo de almacenamiento personal My Cloud Home Duo.\u00a0My Cloud Home Duo es un dispositivo de almacenamiento personal de dos discos y f\u00e1cil de usar que<\/p>\n","protected":false},"featured_media":73029,"comment_status":"open","ping_status":"closed","template":"","meta":{"_acf_changed":false,"_joinchat":[]},"product_brand":[],"product_cat":[240,395,396,403],"product_tag":[],"class_list":{"0":"post-17664","1":"product","2":"type-product","3":"status-publish","4":"has-post-thumbnail","6":"product_cat-computadoras","7":"product_cat-componentes","8":"product_cat-almacenamiento","9":"product_cat-todos-los-componentes","11":"first","12":"instock","13":"sale","14":"shipping-taxable","15":"purchasable","16":"product-type-simple"},"acf":[],"_links":{"self":[{"href":"https:\/\/defabrica.com.mx\/defabrica\/wp-json\/wp\/v2\/product\/17664","targetHints":{"allow":["GET"]}}],"collection":[{"href":"https:\/\/defabrica.com.mx\/defabrica\/wp-json\/wp\/v2\/product"}],"about":[{"href":"https:\/\/defabrica.com.mx\/defabrica\/wp-json\/wp\/v2\/types\/product"}],"replies":[{"embeddable":true,"href":"https:\/\/defabrica.com.mx\/defabrica\/wp-json\/wp\/v2\/comments?post=17664"}],"wp:featuredmedia":[{"embeddable":true,"href":"https:\/\/defabrica.com.mx\/defabrica\/wp-json\/wp\/v2\/media\/73029"}],"wp:attachment":[{"href":"https:\/\/defabrica.com.mx\/defabrica\/wp-json\/wp\/v2\/media?parent=17664"}],"wp:term":[{"taxonomy":"product_brand","embeddable":true,"href":"https:\/\/defabrica.com.mx\/defabrica\/wp-json\/wp\/v2\/product_brand?post=17664"},{"taxonomy":"product_cat","embeddable":true,"href":"https:\/\/defabrica.com.mx\/defabrica\/wp-json\/wp\/v2\/product_cat?post=17664"},{"taxonomy":"product_tag","embeddable":true,"href":"https:\/\/defabrica.com.mx\/defabrica\/wp-json\/wp\/v2\/product_tag?post=17664"}],"curies":[{"name":"wp","href":"https:\/\/api.w.org\/{rel}","templated":true}]}}

WD &#8211; Nube personal My Cloud Home Duo de 16 TB y 2 bahías &#8211; Blanco

<div>
<div>Proteja los archivos con este dispositivo de almacenamiento personal My Cloud Home Duo. My Cloud Home Duo es un dispositivo de almacenamiento personal de dos discos y fácil de usar que se conecta directamente a su enrutador Wi-Fi en casa para que pueda guardar todo su contenido digital en un lugar central. Con dos unidades configuradas en modo espejo, todo su contenido se guarda automáticamente dos veces. Puede hacer una copia de seguridad automática de las fotos y videos en su teléfono, y hacer una copia de seguridad y sincronizar de forma inalámbrica todas sus computadoras PC y Mac y cuentas en la nube. Utilice el puerto USB para importar rápidamente fotos, videos y documentos desde otros dispositivos, como unidades flash USB y discos duros externos. Acceda, cargue y comparta esas fotos y videos desde cualquier lugar con una conexión a Internet utilizando las aplicaciones My Cloud Home para dispositivos móviles, computadoras de escritorio y web. Utilice estas aplicaciones simples para una experiencia de transmisión fluida de sus videos personales a cualquier dispositivo,</div>
</div>
<p>&nbsp;</p>
<h3 class="heading-5 v-fw-regular feature-heading">Características</h3>
<ul>
<li><strong>Capacidad de almacenamiento de 16 TB</strong><br />
Proporciona un amplio espacio para almacenar documentos, fotos, música y más en un lugar central.</li>
<li><strong>Velocidades de transferencia de datos de hasta 5 Gbps con USB 3.0</strong><br />
Habilite una importación rápida de fotos, videos y documentos desde unidades flash USB y discos duros externos.</li>
<li><strong>Dos discos duros en modo espejo (RAID 1)</strong><br />
De modo que todas sus fotos, videos y archivos se almacenan en una unidad y se duplican automáticamente en la segunda unidad para mayor tranquilidad.</li>
<li><strong>Acceso sobre la marcha con la aplicación móvil My Cloud Home, la aplicación de escritorio o MyCloud.com</strong><br />
Le permite acceder, cargar y compartir esas fotos y videos desde cualquier lugar con una conexión a Internet utilizando las aplicaciones My Cloud Home para dispositivos móviles, computadoras de escritorio y web.</li>
<li><strong>Compatible con Time Machine</strong><br />
Realice una copia de seguridad de todo su sistema directamente en la unidad.</li>
<li><strong>Compatible con Apple MacOS, PC, Android y Apple iOS</strong><br />
Para opciones de instalación flexibles.</li>
</ul>
<p>&nbsp;</p>
<h3>Qué está incluido</h3>
<div class="list-container list-lv">
<ul class=" bold">
<li class="bold v-fw-medium body-copy">adaptador de CA</li>
<li class="bold v-fw-medium body-copy">Cable de ethernet</li>
<li class="bold v-fw-medium body-copy">Almacenamiento en la nube personal</li>
<li class="bold v-fw-medium body-copy">Guía de instalación rápida</li>
</ul>
</div>

<p>Proteja los archivos con este dispositivo de almacenamiento personal My Cloud Home Duo. My Cloud Home Duo es un dispositivo de almacenamiento personal de dos discos y fácil de usar que</p>
