{"id":17631,"date":"2020-10-31T15:32:27","date_gmt":"2020-10-31T21:32:27","guid":{"rendered":"https:\/\/defabrica.com.mx\/defabrica\/?post_type=product&#038;p=17631"},"modified":"2023-01-13T12:49:34","modified_gmt":"2023-01-13T18:49:34","slug":"wd-disco-duro-portatil-easystore-de-4-tb-externo-usb-3-0-con-unidad-flash-usb-easystore-de-32-gb-negro-azul","status":"publish","type":"product","link":"https:\/\/defabrica.com.mx\/defabrica\/producto\/wd-disco-duro-portatil-easystore-de-4-tb-externo-usb-3-0-con-unidad-flash-usb-easystore-de-32-gb-negro-azul\/","title":{"rendered":"WD &#8211; disco duro port\u00e1til easystore de 4 TB externo USB 3.0 con unidad flash USB easystore de 32 GB &#8211; negro \/ azul"},"content":{"rendered":"<div>\n<div>Cree copias seguras y confiables de documentos importantes con este paquete de almacenamiento port\u00e1til de Western Digital easystore.\u00a0El disco duro de 4TB tiene capacidad para un gran volumen de videos e im\u00e1genes, y el software WD asegura copias actualizadas autom\u00e1ticamente de archivos a trav\u00e9s de configuraciones de respaldo continuas o programadas.\u00a0Este paquete de almacenamiento port\u00e1til de Western Digital easystore incluye una unidad flash USB de 32 GB que ofrece espacio adicional.<\/div>\n<\/div>\n<p>&nbsp;<\/p>\n<h3 class=\"heading-5 v-fw-regular feature-heading\">Caracter\u00edsticas<\/h3>\n<ul>\n<li><strong>Capacidad de almacenamiento de 4 TB<\/strong><br \/>\nProporciona un amplio espacio para almacenar documentos, fotos, m\u00fasica y m\u00e1s.<\/li>\n<li><strong>Interfaz USB 3.0<\/strong><br \/>\nOfrece una conexi\u00f3n f\u00e1cil de usar a dispositivos. Compatible con versiones anteriores con USB 2.0 para una conexi\u00f3n simple a su computadora. Alimentado por USB.<\/li>\n<li><strong>Velocidades de transferencia de datos de hasta 5 Gbps con USB 3.0<\/strong><br \/>\nHabilite una respuesta r\u00e1pida al actualizar archivos.<\/li>\n<li><strong>Opciones de copia de seguridad autom\u00e1tica<\/strong><br \/>\nLe permite utilizar software compatible para realizar copias de seguridad de sus archivos en el servidor.<\/li>\n<li><strong>Dise\u00f1o port\u00e1til<\/strong><br \/>\nLe permite llevar sus datos sobre la marcha.<\/li>\n<li><strong>Compatible con Mac y PC<\/strong><br \/>\nPara opciones de instalaci\u00f3n flexibles.<\/li>\n<\/ul>\n<p>&nbsp;<\/p>\n<h3>Qu\u00e9 est\u00e1 incluido<\/h3>\n<div class=\"list-container list-lv\">\n<ul class=\" bold\">\n<li class=\"bold v-fw-medium body-copy\">Unidad flash de 32 GB<\/li>\n<li class=\"bold v-fw-medium body-copy\">Gu\u00eda de instalaci\u00f3n r\u00e1pida<\/li>\n<li class=\"bold v-fw-medium body-copy\">cable USB<\/li>\n<li class=\"bold v-fw-medium body-copy\">Software WD Discovery \u2122 con WD Backup \u2122 y WD Drive Utilities \u2122<\/li>\n<li class=\"bold v-fw-medium body-copy\">easystore disco duro port\u00e1til<\/li>\n<\/ul>\n<\/div>\n","protected":false},"excerpt":{"rendered":"<p>Cree copias seguras y confiables de documentos importantes con este paquete de almacenamiento port\u00e1til de Western Digital easystore.\u00a0El disco duro de 4TB tiene capacidad para un gran volumen de videos<\/p>\n","protected":false},"featured_media":17632,"comment_status":"open","ping_status":"closed","template":"","meta":{"_acf_changed":false,"_joinchat":[]},"product_brand":[],"product_cat":[240,395,396,403],"product_tag":[],"class_list":{"0":"post-17631","1":"product","2":"type-product","3":"status-publish","4":"has-post-thumbnail","6":"product_cat-computadoras","7":"product_cat-componentes","8":"product_cat-almacenamiento","9":"product_cat-todos-los-componentes","11":"first","12":"instock","13":"sale","14":"shipping-taxable","15":"purchasable","16":"product-type-simple"},"acf":[],"_links":{"self":[{"href":"https:\/\/defabrica.com.mx\/defabrica\/wp-json\/wp\/v2\/product\/17631","targetHints":{"allow":["GET"]}}],"collection":[{"href":"https:\/\/defabrica.com.mx\/defabrica\/wp-json\/wp\/v2\/product"}],"about":[{"href":"https:\/\/defabrica.com.mx\/defabrica\/wp-json\/wp\/v2\/types\/product"}],"replies":[{"embeddable":true,"href":"https:\/\/defabrica.com.mx\/defabrica\/wp-json\/wp\/v2\/comments?post=17631"}],"wp:featuredmedia":[{"embeddable":true,"href":"https:\/\/defabrica.com.mx\/defabrica\/wp-json\/wp\/v2\/media\/17632"}],"wp:attachment":[{"href":"https:\/\/defabrica.com.mx\/defabrica\/wp-json\/wp\/v2\/media?parent=17631"}],"wp:term":[{"taxonomy":"product_brand","embeddable":true,"href":"https:\/\/defabrica.com.mx\/defabrica\/wp-json\/wp\/v2\/product_brand?post=17631"},{"taxonomy":"product_cat","embeddable":true,"href":"https:\/\/defabrica.com.mx\/defabrica\/wp-json\/wp\/v2\/product_cat?post=17631"},{"taxonomy":"product_tag","embeddable":true,"href":"https:\/\/defabrica.com.mx\/defabrica\/wp-json\/wp\/v2\/product_tag?post=17631"}],"curies":[{"name":"wp","href":"https:\/\/api.w.org\/{rel}","templated":true}]}}