{"id":17623,"date":"2020-10-31T15:26:23","date_gmt":"2020-10-31T21:26:23","guid":{"rendered":"https:\/\/defabrica.com.mx\/defabrica\/?post_type=product&#038;p=17623"},"modified":"2023-01-13T12:49:07","modified_gmt":"2023-01-13T18:49:07","slug":"wd-easystore-5tb-disco-duro-externo-usb-3-0-portatil-negro","status":"publish","type":"product","link":"https:\/\/defabrica.com.mx\/defabrica\/producto\/wd-easystore-5tb-disco-duro-externo-usb-3-0-portatil-negro\/","title":{"rendered":"WD &#8211; easystore 5TB disco duro externo USB 3.0 port\u00e1til &#8211; negro"},"content":{"rendered":"<div>\n<div>Disfrute de almacenamiento de alta capacidad mientras viaja con esta unidad port\u00e1til Western Digital de 5TB easystore.\u00a0La tasa de transferencia de datos de hasta 5 Gbps permite una respuesta r\u00e1pida al actualizar archivos, mientras que la conectividad USB 3.0 ofrece un enlace simple a su computadora.\u00a0Esta unidad port\u00e1til Western Digital de 5TB easystore cuenta con un software de copia de seguridad autom\u00e1tica f\u00e1cil de usar que administra la configuraci\u00f3n de la unidad de manera conveniente.<\/div>\n<\/div>\n<p>&nbsp;<\/p>\n<h3 class=\"heading-5 v-fw-regular feature-heading\">Caracter\u00edsticas<\/h3>\n<ul>\n<li><strong>Interfaz USB 3.0<\/strong><br \/>\nOfrece una conexi\u00f3n f\u00e1cil de usar a dispositivos. Compatible con versiones anteriores con USB 2.0 para una conexi\u00f3n simple a su computadora. Alimentado por USB.<\/li>\n<li><strong>Velocidades de transferencia de datos de hasta 5 Gbps con USB 3.0<\/strong><br \/>\nHabilite una respuesta r\u00e1pida al actualizar archivos.<\/li>\n<li><strong>Opciones de copia de seguridad autom\u00e1tica<\/strong><br \/>\nLe permite utilizar software compatible para realizar copias de seguridad de sus archivos en el servidor.<\/li>\n<li><strong>Compatible con Mac y PC<\/strong><br \/>\nPara opciones de instalaci\u00f3n flexibles.<\/li>\n<li><strong>5 TB de capacidad de almacenamiento<\/strong><br \/>\nProporciona un amplio espacio para almacenar documentos, fotos, m\u00fasica y m\u00e1s.<\/li>\n<li><strong>Dise\u00f1o port\u00e1til<\/strong><br \/>\nLe permite llevar sus datos sobre la marcha.<\/li>\n<li><strong>Copia de seguridad autom\u00e1tica<\/strong><br \/>\nEl software WD Backup \u2122 funciona silenciosamente en segundo plano para ayudar a preservar sus datos utilizando recursos m\u00ednimos de la PC. Seleccione una opci\u00f3n de respaldo autom\u00e1tico, continuo o programado para respaldar instant\u00e1neamente sus archivos.<\/li>\n<li><strong>WD Drive Utilities \u2122<\/strong><br \/>\nLe permite configurar, administrar y diagnosticar su unidad.<\/li>\n<\/ul>\n<p>&nbsp;<\/p>\n<h3>Qu\u00e9 est\u00e1 incluido<\/h3>\n<div class=\"list-container list-lv\">\n<div class=\"embedded-component-container lv\">\n<div>\n<div id=\"shop-whats-included-411ac5d9-1de9-49b7-b307-3a2f426d11cc\" class=\"None\" data-version=\"2.1.2\">\n<div class=\"shop-whats-included\">\n<div class=\"whats-included accordion-container \" data-reactroot=\"\">\n<div class=\"list-container list-lv\">\n<ul class=\" bold\">\n<li class=\"bold v-fw-medium body-copy\">Software<\/li>\n<li class=\"bold v-fw-medium body-copy\">cable USB<\/li>\n<li class=\"bold v-fw-medium body-copy\">easystore 5TB disco duro externo USB 3.0 port\u00e1til<\/li>\n<\/ul>\n<\/div>\n<\/div>\n<\/div>\n<\/div>\n<\/div>\n<\/div>\n<div class=\"embedded-component-container lv\">\n<div>\n<div id=\"shop-product-energy-ratings-247452a0-cd2a-44e2-8a7a-4275eba96917\" class=\"None\" data-version=\"1.3.3\">\n<div class=\"shop-product-energy-ratings\">\n<div data-reactroot=\"\"><\/div>\n<\/div>\n<\/div>\n<\/div>\n<\/div>\n<div class=\"embedded-component-container lv\"><\/div>\n<\/div>\n","protected":false},"excerpt":{"rendered":"<p>Disfrute de almacenamiento de alta capacidad mientras viaja con esta unidad port\u00e1til Western Digital de 5TB easystore.\u00a0La tasa de transferencia de datos de hasta 5 Gbps permite una respuesta r\u00e1pida<\/p>\n","protected":false},"featured_media":17628,"comment_status":"open","ping_status":"closed","template":"","meta":{"_acf_changed":false,"_joinchat":[]},"product_brand":[],"product_cat":[240,395,396,403],"product_tag":[],"class_list":{"0":"post-17623","1":"product","2":"type-product","3":"status-publish","4":"has-post-thumbnail","6":"product_cat-computadoras","7":"product_cat-componentes","8":"product_cat-almacenamiento","9":"product_cat-todos-los-componentes","11":"first","12":"instock","13":"sale","14":"shipping-taxable","15":"purchasable","16":"product-type-simple"},"acf":[],"_links":{"self":[{"href":"https:\/\/defabrica.com.mx\/defabrica\/wp-json\/wp\/v2\/product\/17623","targetHints":{"allow":["GET"]}}],"collection":[{"href":"https:\/\/defabrica.com.mx\/defabrica\/wp-json\/wp\/v2\/product"}],"about":[{"href":"https:\/\/defabrica.com.mx\/defabrica\/wp-json\/wp\/v2\/types\/product"}],"replies":[{"embeddable":true,"href":"https:\/\/defabrica.com.mx\/defabrica\/wp-json\/wp\/v2\/comments?post=17623"}],"wp:featuredmedia":[{"embeddable":true,"href":"https:\/\/defabrica.com.mx\/defabrica\/wp-json\/wp\/v2\/media\/17628"}],"wp:attachment":[{"href":"https:\/\/defabrica.com.mx\/defabrica\/wp-json\/wp\/v2\/media?parent=17623"}],"wp:term":[{"taxonomy":"product_brand","embeddable":true,"href":"https:\/\/defabrica.com.mx\/defabrica\/wp-json\/wp\/v2\/product_brand?post=17623"},{"taxonomy":"product_cat","embeddable":true,"href":"https:\/\/defabrica.com.mx\/defabrica\/wp-json\/wp\/v2\/product_cat?post=17623"},{"taxonomy":"product_tag","embeddable":true,"href":"https:\/\/defabrica.com.mx\/defabrica\/wp-json\/wp\/v2\/product_tag?post=17623"}],"curies":[{"name":"wp","href":"https:\/\/api.w.org\/{rel}","templated":true}]}}