{"id":17306,"date":"2020-10-28T00:06:50","date_gmt":"2020-10-28T06:06:50","guid":{"rendered":"https:\/\/defabrica.com.mx\/defabrica\/?post_type=product&#038;p=17306"},"modified":"2022-07-05T14:02:44","modified_gmt":"2022-07-05T19:02:44","slug":"speck-funda-folio-presidio-pro-para-apple-ipad-pro-12-9-gris-gris-pizarra","status":"publish","type":"product","link":"https:\/\/defabrica.com.mx\/defabrica\/producto\/speck-funda-folio-presidio-pro-para-apple-ipad-pro-12-9-gris-gris-pizarra\/","title":{"rendered":"Speck &#8211; Funda Folio Presidio Pro para Apple\u00ae iPad\u00ae Pro 12.9 \u00ab- Gris \/ Gris pizarra"},"content":{"rendered":"<p>Proteja su tableta de golpes, rayones y otros da\u00f1os con esta funda para iPad Speck Presido Pro Folio de 12.9 pulgadas. Una base incorporada para sostener un Apple Pencil brinda mayor comodidad. Esta funda para iPad Speck Presido Pro Folio de 12,9 pulgadas resiste los da\u00f1os causados \u200b\u200bpor ca\u00eddas de hasta 6 pies para su tranquilidad.<\/p>\n<h3 class=\"heading-5 v-fw-regular feature-heading\">Caracteristicas<\/h3>\n<div class=\"feature-body-container\">\n<div class=\"features-list-container\">\n<div class=\"features-list all-features\">\n<div class=\"list-row\">\n<ul>\n<li><strong>Dise\u00f1ado para usar con iPad Pro de 12,9 \u00ab<\/strong><br \/>\nAsegura un ajuste preciso.<\/li>\n<li><strong>Estuche folio<\/strong><br \/>\nProtege tanto la parte delantera como la trasera de su iPad.<\/li>\n<li><strong>Soporte para l\u00e1piz Apple incorporado<\/strong><br \/>\nTotalmente compatible con la carga de Apple Pencil\u00ae.<\/li>\n<li><strong>Protecci\u00f3n contra ca\u00eddas<\/strong><br \/>\nLa funda evita da\u00f1os causados \u200b\u200bpor ca\u00eddas accidentales de hasta 6 &#8216;.<\/li>\n<li><strong>Soporte de escritura y visualizaci\u00f3n de m\u00faltiples \u00e1ngulos<\/strong><br \/>\nFolio se convierte en un soporte para escribir y le permite ajustar el \u00e1ngulo para ver videos.<\/li>\n<li><strong>Protecci\u00f3n de pantalla con bisel elevado<\/strong><br \/>\nAyuda a evitar que su dispositivo se raye y se rompa si se cae y aterriza boca abajo.<\/li>\n<li><strong>Broche de cierre seguro<\/strong><br \/>\nSu cierre de bloqueo garantiza que la cubierta permanezca cerrada de forma segura para proteger la pantalla en caso de una ca\u00edda.<\/li>\n<li><strong>Funci\u00f3n de despertar y dormir<\/strong><br \/>\nEsta cubierta activa autom\u00e1ticamente su dispositivo cuando se abre y lo pone en reposo cuando se cierra la carcasa para prolongar la vida \u00fatil de la bater\u00eda.<\/li>\n<\/ul>\n<\/div>\n<\/div>\n<\/div>\n<\/div>\n","protected":false},"excerpt":{"rendered":"<p>Proteja su tableta de golpes, rayones y otros da\u00f1os con esta funda para iPad Speck Presido Pro Folio de 12.9 pulgadas. Una base incorporada para sostener un Apple Pencil brinda<\/p>\n","protected":false},"featured_media":17307,"comment_status":"open","ping_status":"closed","template":"","meta":{"_acf_changed":false,"_joinchat":[]},"product_brand":[],"product_cat":[408,411,417,421],"product_tag":[],"class_list":{"0":"post-17306","1":"product","2":"type-product","3":"status-publish","4":"has-post-thumbnail","6":"product_cat-celulares-y-tablets","7":"product_cat-accesorios-para-tablets","8":"product_cat-fundas-y-maletines","9":"product_cat-todos-los-accesorios-para-tablets","11":"first","12":"instock","13":"sale","14":"shipping-taxable","15":"purchasable","16":"product-type-simple"},"acf":[],"_links":{"self":[{"href":"https:\/\/defabrica.com.mx\/defabrica\/wp-json\/wp\/v2\/product\/17306","targetHints":{"allow":["GET"]}}],"collection":[{"href":"https:\/\/defabrica.com.mx\/defabrica\/wp-json\/wp\/v2\/product"}],"about":[{"href":"https:\/\/defabrica.com.mx\/defabrica\/wp-json\/wp\/v2\/types\/product"}],"replies":[{"embeddable":true,"href":"https:\/\/defabrica.com.mx\/defabrica\/wp-json\/wp\/v2\/comments?post=17306"}],"wp:featuredmedia":[{"embeddable":true,"href":"https:\/\/defabrica.com.mx\/defabrica\/wp-json\/wp\/v2\/media\/17307"}],"wp:attachment":[{"href":"https:\/\/defabrica.com.mx\/defabrica\/wp-json\/wp\/v2\/media?parent=17306"}],"wp:term":[{"taxonomy":"product_brand","embeddable":true,"href":"https:\/\/defabrica.com.mx\/defabrica\/wp-json\/wp\/v2\/product_brand?post=17306"},{"taxonomy":"product_cat","embeddable":true,"href":"https:\/\/defabrica.com.mx\/defabrica\/wp-json\/wp\/v2\/product_cat?post=17306"},{"taxonomy":"product_tag","embeddable":true,"href":"https:\/\/defabrica.com.mx\/defabrica\/wp-json\/wp\/v2\/product_tag?post=17306"}],"curies":[{"name":"wp","href":"https:\/\/api.w.org\/{rel}","templated":true}]}}

<p>Proteja su tableta de golpes, rayones y otros daños con esta funda para iPad Speck Presido Pro Folio de 12.9 pulgadas. Una base incorporada para sostener un Apple Pencil brinda mayor comodidad. Esta funda para iPad Speck Presido Pro Folio de 12,9 pulgadas resiste los daños causados ​​por caídas de hasta 6 pies para su tranquilidad.</p>
<h3 class="heading-5 v-fw-regular feature-heading">Caracteristicas</h3>
<div class="feature-body-container">
<div class="features-list-container">
<div class="features-list all-features">
<div class="list-row">
<ul>
<li><strong>Diseñado para usar con iPad Pro de 12,9 «</strong><br />
Asegura un ajuste preciso.</li>
<li><strong>Estuche folio</strong><br />
Protege tanto la parte delantera como la trasera de su iPad.</li>
<li><strong>Soporte para lápiz Apple incorporado</strong><br />
Totalmente compatible con la carga de Apple Pencil®.</li>
<li><strong>Protección contra caídas</strong><br />
La funda evita daños causados ​​por caídas accidentales de hasta 6 &#8216;.</li>
<li><strong>Soporte de escritura y visualización de múltiples ángulos</strong><br />
Folio se convierte en un soporte para escribir y le permite ajustar el ángulo para ver videos.</li>
<li><strong>Protección de pantalla con bisel elevado</strong><br />
Ayuda a evitar que su dispositivo se raye y se rompa si se cae y aterriza boca abajo.</li>
<li><strong>Broche de cierre seguro</strong><br />
Su cierre de bloqueo garantiza que la cubierta permanezca cerrada de forma segura para proteger la pantalla en caso de una caída.</li>
<li><strong>Función de despertar y dormir</strong><br />
Esta cubierta activa automáticamente su dispositivo cuando se abre y lo pone en reposo cuando se cierra la carcasa para prolongar la vida útil de la batería.</li>
</ul>
</div>
</div>
</div>
</div>

<p>Proteja su tableta de golpes, rayones y otros daños con esta funda para iPad Speck Presido Pro Folio de 12.9 pulgadas. Una base incorporada para sostener un Apple Pencil brinda</p>
