{"id":17268,"date":"2020-10-27T23:22:53","date_gmt":"2020-10-28T05:22:53","guid":{"rendered":"https:\/\/defabrica.com.mx\/defabrica\/?post_type=product&#038;p=17268"},"modified":"2023-01-24T14:04:04","modified_gmt":"2023-01-24T20:04:04","slug":"recambios-para-cuchillas-de-afeitar-gillette-mach3-para-hombre-15-unidades","status":"publish","type":"product","link":"https:\/\/defabrica.com.mx\/defabrica\/producto\/recambios-para-cuchillas-de-afeitar-gillette-mach3-para-hombre-15-unidades\/","title":{"rendered":"Recambios para cuchillas de afeitar Gillette Mach3 para hombre, 15 unidades"},"content":{"rendered":"<p>Nuestras hojas de afeitar Gillette Mach3 le brindan el afeitado confiable Gillette con comodidad y precisi\u00f3n.\u00a0Cada recambio de hoja de afeitar est\u00e1 dise\u00f1ado para durar hasta 15 c\u00f3modas afeitadas, para que puedas aprovechar al m\u00e1ximo cada afeitado.\u00a0Las maquinillas de afeitar Gillette Mach3 para hombres tienen hojas m\u00e1s fuertes que el acero y se mantienen afiladas por m\u00e1s tiempo (en comparaci\u00f3n con Sensor3).\u00a0Junto con la durabilidad, estas maquinillas de afeitar Gillette cuentan con una tira de lubricaci\u00f3n que se desliza para ayudar a proteger la piel del enrojecimiento, mientras que las microfinas suaves estiran y suavizan la piel, preparando el vello para cortarlo para una experiencia de afeitado \u00f3ptima.\u00a0Un Lubrastrip es una tira delgada que se coloca en la parte superior de la maquinilla de afeitar, liberando lubricantes mientras te afeitas, para producir un excelente deslizamiento.\u00a0Cuando ya no obtiene un afeitado \u00f3ptimo, Lubrastrip se vuelve blanco, lo que indica que podr\u00eda ser el momento de cambiar la cuchilla.\u00a0Mach3 cuenta con tres hojas DuraComfort y una arquitectura de hoja abierta para un enjuague f\u00e1cil para mantener su rasuradora limpia y funcionando al m\u00e1ximo.\u00a0\u00bfNo est\u00e1 seguro de si estas hojas se adaptar\u00e1n a su mango actual?\u00a0Todas las hojas de afeitar Gillette Mach3 se adaptan a todos los mangos de afeitar Mach3.\u00a0Para obtener los mejores resultados, \u00faselo con su gel, crema o espuma de afeitar Gillette favorita.<\/p>\n<h3><strong>Caracteristicas.<\/strong><\/h3>\n<ul>\n<li>La Gillette Mach3 cuenta con hojas m\u00e1s fuertes que el acero que se mantienen afiladas por m\u00e1s tiempo (en comparaci\u00f3n con el Sensor3)<\/li>\n<li>Las tres hojas DuraComfort cuentan con una arquitectura de hoja abierta para facilitar el enjuague<\/li>\n<li>Una tira de lubricaci\u00f3n \u00fanica ayuda a que la maquinilla se deslice para garantizar un afeitado suave<\/li>\n<li>Cada recarga dura hasta 15 c\u00f3modas afeitadas y cada recarga de cuchillas Mach3 se adapta a todos los mangos de las maquinillas de afeitar Mach3<\/li>\n<\/ul>\n<p>&nbsp;<\/p>\n","protected":false},"excerpt":{"rendered":"<p>Nuestras hojas de afeitar Gillette Mach3 le brindan el afeitado confiable Gillette con comodidad y precisi\u00f3n.\u00a0Cada recambio de hoja de afeitar est\u00e1 dise\u00f1ado para durar hasta 15 c\u00f3modas afeitadas, para<\/p>\n","protected":false},"featured_media":17271,"comment_status":"open","ping_status":"closed","template":"","meta":{"_acf_changed":false,"_joinchat":[]},"product_brand":[],"product_cat":[1520,331,351,462],"product_tag":[],"class_list":{"0":"post-17268","1":"product","2":"type-product","3":"status-publish","4":"has-post-thumbnail","6":"product_cat-ofertas-saludbelleza","7":"product_cat-salud-y-belleza","8":"product_cat-el","9":"product_cat-afeitado-y-aseo","11":"first","12":"instock","13":"sale","14":"shipping-taxable","15":"purchasable","16":"product-type-simple"},"acf":[],"_links":{"self":[{"href":"https:\/\/defabrica.com.mx\/defabrica\/wp-json\/wp\/v2\/product\/17268","targetHints":{"allow":["GET"]}}],"collection":[{"href":"https:\/\/defabrica.com.mx\/defabrica\/wp-json\/wp\/v2\/product"}],"about":[{"href":"https:\/\/defabrica.com.mx\/defabrica\/wp-json\/wp\/v2\/types\/product"}],"replies":[{"embeddable":true,"href":"https:\/\/defabrica.com.mx\/defabrica\/wp-json\/wp\/v2\/comments?post=17268"}],"wp:featuredmedia":[{"embeddable":true,"href":"https:\/\/defabrica.com.mx\/defabrica\/wp-json\/wp\/v2\/media\/17271"}],"wp:attachment":[{"href":"https:\/\/defabrica.com.mx\/defabrica\/wp-json\/wp\/v2\/media?parent=17268"}],"wp:term":[{"taxonomy":"product_brand","embeddable":true,"href":"https:\/\/defabrica.com.mx\/defabrica\/wp-json\/wp\/v2\/product_brand?post=17268"},{"taxonomy":"product_cat","embeddable":true,"href":"https:\/\/defabrica.com.mx\/defabrica\/wp-json\/wp\/v2\/product_cat?post=17268"},{"taxonomy":"product_tag","embeddable":true,"href":"https:\/\/defabrica.com.mx\/defabrica\/wp-json\/wp\/v2\/product_tag?post=17268"}],"curies":[{"name":"wp","href":"https:\/\/api.w.org\/{rel}","templated":true}]}}