{"id":17253,"date":"2020-10-27T23:00:55","date_gmt":"2020-10-28T05:00:55","guid":{"rendered":"https:\/\/defabrica.com.mx\/defabrica\/?post_type=product&#038;p=17253"},"modified":"2022-11-30T13:18:57","modified_gmt":"2022-11-30T19:18:57","slug":"biostar-radeon-gaming-rx-550-2gb-gddr5-128-bit-directx-12-pci-express-3-0-x16-dvi-d-de-doble-enlace-hdmi-displayport-2","status":"publish","type":"product","link":"https:\/\/defabrica.com.mx\/defabrica\/producto\/biostar-radeon-gaming-rx-550-2gb-gddr5-128-bit-directx-12-pci-express-3-0-x16-dvi-d-de-doble-enlace-hdmi-displayport-2\/","title":{"rendered":"Biostar Radeon Gaming RX 550 2GB GDDR5 128-Bit DirectX 12 PCI Express 3.0 x16 DVI-D de doble enlace, HDMI, DisplayPort"},"content":{"rendered":"<p>5 Tecnolog\u00eda AMD PowerTune Decodificador de video unificado (UVD) TrueAudio Next Motor de c\u00f3digo de video (VCE) S\u00faper resoluci\u00f3n virtual El sistema operativo Vulkan API es compatible con Windows 10 &#8211; Edici\u00f3n de 64 bits Windows 7 &#8211; Edici\u00f3n de 32 bits Windows 7 &#8211; 64 bits Biostar Radeon RX 550 2GB GDDR5 DirectX 12 PCI Express 3.0 de 128 bits x16DVI-D de doble enlace, HDMI, DisplayPort.\u00a0EDICI\u00d3N DE JUEGOS.\u00a0REQUISITOS DE INSTALACI\u00d3N: Se requiere espacio en la caja de la bah\u00eda de doble ranura disponible para una tarjeta gr\u00e1fica de tama\u00f1o est\u00e1ndar ATX y una fuente de alimentaci\u00f3n m\u00ednima de 400 vatios.<\/p>\n<p>&nbsp;<\/p>\n<p>&nbsp;<\/p>\n","protected":false},"excerpt":{"rendered":"<p>5 Tecnolog\u00eda AMD PowerTune Decodificador de video unificado (UVD) TrueAudio Next Motor de c\u00f3digo de video (VCE) S\u00faper resoluci\u00f3n virtual El sistema operativo Vulkan API es compatible con Windows 10<\/p>\n","protected":false},"featured_media":17254,"comment_status":"open","ping_status":"closed","template":"","meta":{"_acf_changed":false,"_joinchat":[]},"product_brand":[],"product_cat":[240,395,397,403],"product_tag":[],"class_list":{"0":"post-17253","1":"product","2":"type-product","3":"status-publish","4":"has-post-thumbnail","6":"product_cat-computadoras","7":"product_cat-componentes","8":"product_cat-tarjetas-graficas","9":"product_cat-todos-los-componentes","11":"first","12":"instock","13":"sale","14":"shipping-taxable","15":"purchasable","16":"product-type-simple"},"acf":[],"_links":{"self":[{"href":"https:\/\/defabrica.com.mx\/defabrica\/wp-json\/wp\/v2\/product\/17253","targetHints":{"allow":["GET"]}}],"collection":[{"href":"https:\/\/defabrica.com.mx\/defabrica\/wp-json\/wp\/v2\/product"}],"about":[{"href":"https:\/\/defabrica.com.mx\/defabrica\/wp-json\/wp\/v2\/types\/product"}],"replies":[{"embeddable":true,"href":"https:\/\/defabrica.com.mx\/defabrica\/wp-json\/wp\/v2\/comments?post=17253"}],"wp:featuredmedia":[{"embeddable":true,"href":"https:\/\/defabrica.com.mx\/defabrica\/wp-json\/wp\/v2\/media\/17254"}],"wp:attachment":[{"href":"https:\/\/defabrica.com.mx\/defabrica\/wp-json\/wp\/v2\/media?parent=17253"}],"wp:term":[{"taxonomy":"product_brand","embeddable":true,"href":"https:\/\/defabrica.com.mx\/defabrica\/wp-json\/wp\/v2\/product_brand?post=17253"},{"taxonomy":"product_cat","embeddable":true,"href":"https:\/\/defabrica.com.mx\/defabrica\/wp-json\/wp\/v2\/product_cat?post=17253"},{"taxonomy":"product_tag","embeddable":true,"href":"https:\/\/defabrica.com.mx\/defabrica\/wp-json\/wp\/v2\/product_tag?post=17253"}],"curies":[{"name":"wp","href":"https:\/\/api.w.org\/{rel}","templated":true}]}}