{"id":17053,"date":"2020-10-26T11:49:36","date_gmt":"2020-10-26T17:49:36","guid":{"rendered":"https:\/\/defabrica.com.mx\/defabrica\/?post_type=product&#038;p=17053"},"modified":"2023-01-28T11:32:02","modified_gmt":"2023-01-28T17:32:02","slug":"camara-digital-compacta-kodak-pixpro-fz53-video-hd-720p-con-zoom-optico-5x-de-16mp-azul","status":"publish","type":"product","link":"https:\/\/defabrica.com.mx\/defabrica\/producto\/camara-digital-compacta-kodak-pixpro-fz53-video-hd-720p-con-zoom-optico-5x-de-16mp-azul\/","title":{"rendered":"C\u00e1mara digital compacta KODAK PIXPRO FZ53 &#8211; Video HD 720p con zoom \u00f3ptico 5X de 16MP (azul)"},"content":{"rendered":"<p>Conozca la FZ53, Friendly Zoom de la nueva colecci\u00f3n de c\u00e1maras digitales KODAK PIXPRO.\u00a0Este compacto de apuntar y disparar es un modelo avanzado con bater\u00eda de iones de litio recargable.\u00a0El video HD de un toque, la lente gran angular de 28 mm y una serie de funciones y modos de captura le permiten expresar su creatividad interior.\u00a0C\u00e1maras digitales KODAK PIXPRO: cuente su historia<br \/>\nC\u00e1mara digital KODAK PIXPRO FZ53:<\/p>\n<ul>\n<li>Resoluci\u00f3n de 16,15 megap\u00edxeles con im\u00e1genes fijas y grabaciones de v\u00eddeo de alta calidad<\/li>\n<li>Con efectos autom\u00e1ticos, est\u00e1ndar y panor\u00e1micos, selector de escena, grabaci\u00f3n de pel\u00edculas HD de 720p, tecnolog\u00eda de detecci\u00f3n de rostros, estabilizaci\u00f3n de imagen \u00f3ptica y detecci\u00f3n de parpadeo<\/li>\n<li>Lente con zoom de 5,1-25,5 mm con zoom \u00f3ptico 5x \/ zoom digital 6x<\/li>\n<li>Equivalente a un objetivo de 28-140 mm en una c\u00e1mara anal\u00f3gica<\/li>\n<li>Pantalla LCD TFT de 2,7 \u00abcon funciones de edici\u00f3n de im\u00e1genes<br \/>\nCon un sistema de men\u00fa f\u00e1cil de leer<\/li>\n<li>Flash incorporado con autom\u00e1tico, reducci\u00f3n de ojos rojos, flash forzado, sin flash, flash de sincronizaci\u00f3n lenta, reducci\u00f3n de ojos rojos y sincronizaci\u00f3n lenta<\/li>\n<\/ul>\n<p><strong>Caracter\u00edsticas adicionales:<\/strong><\/p>\n<ul>\n<li>Memoria incorporada de 8 MB con 1 ranura para tarjeta de memoria SD \/ SDHC (tarjeta de memoria no incluida)<\/li>\n<li>Bater\u00eda de iones de litio recargable para hasta 200 disparos<\/li>\n<li>Modos ISO: Autom\u00e1tico, 1600, 400, 200, 100, 80<\/li>\n<li>Formatos de archivo compatibles: Exif 2.3 (JPEG), MOV (Motion JPEG)<\/li>\n<li>3.6 \u00abx 2.23\u00bb x 0.9 \u00ab; 3.7 oz<\/li>\n<\/ul>\n<p><strong>Compatibilidad<\/strong>:<\/p>\n<ul>\n<li>Compatible con PC o Mac<\/li>\n<\/ul>\n<p><strong>Qu\u00e9 hay en la caja:<\/strong><\/p>\n<ul>\n<li>C\u00e1mara con zoom amigable KODAK PIXPRO FZ53<\/li>\n<li>Bater\u00eda de iones de litio recargable LB-012<\/li>\n<li>Cable USB<\/li>\n<li>adaptador de CA<\/li>\n<li>Correa para la mu\u00f1eca<\/li>\n<li>Gu\u00eda de inicio r\u00e1pido<\/li>\n<li>Tarjeta de garant\u00eda<\/li>\n<li>Tarjeta de servicio<\/li>\n<\/ul>\n","protected":false},"excerpt":{"rendered":"<p>Conozca la FZ53, Friendly Zoom de la nueva colecci\u00f3n de c\u00e1maras digitales KODAK PIXPRO.\u00a0Este compacto de apuntar y disparar es un modelo avanzado con bater\u00eda de iones de litio recargable.\u00a0El<\/p>\n","protected":false},"featured_media":17061,"comment_status":"open","ping_status":"closed","template":"","meta":{"_acf_changed":false,"_joinchat":[]},"product_brand":[],"product_cat":[442,284,287,444],"product_tag":[],"class_list":{"0":"post-17053","1":"product","2":"type-product","3":"status-publish","4":"has-post-thumbnail","6":"product_cat-camaras","7":"product_cat-camaras-y-lentes","8":"product_cat-camaras-apunta-dispara","9":"product_cat-todas-las-camaras-y-lentes","11":"first","12":"instock","13":"sale","14":"shipping-taxable","15":"purchasable","16":"product-type-variable","17":"has-default-attributes"},"acf":[],"_links":{"self":[{"href":"https:\/\/defabrica.com.mx\/defabrica\/wp-json\/wp\/v2\/product\/17053","targetHints":{"allow":["GET"]}}],"collection":[{"href":"https:\/\/defabrica.com.mx\/defabrica\/wp-json\/wp\/v2\/product"}],"about":[{"href":"https:\/\/defabrica.com.mx\/defabrica\/wp-json\/wp\/v2\/types\/product"}],"replies":[{"embeddable":true,"href":"https:\/\/defabrica.com.mx\/defabrica\/wp-json\/wp\/v2\/comments?post=17053"}],"wp:featuredmedia":[{"embeddable":true,"href":"https:\/\/defabrica.com.mx\/defabrica\/wp-json\/wp\/v2\/media\/17061"}],"wp:attachment":[{"href":"https:\/\/defabrica.com.mx\/defabrica\/wp-json\/wp\/v2\/media?parent=17053"}],"wp:term":[{"taxonomy":"product_brand","embeddable":true,"href":"https:\/\/defabrica.com.mx\/defabrica\/wp-json\/wp\/v2\/product_brand?post=17053"},{"taxonomy":"product_cat","embeddable":true,"href":"https:\/\/defabrica.com.mx\/defabrica\/wp-json\/wp\/v2\/product_cat?post=17053"},{"taxonomy":"product_tag","embeddable":true,"href":"https:\/\/defabrica.com.mx\/defabrica\/wp-json\/wp\/v2\/product_tag?post=17053"}],"curies":[{"name":"wp","href":"https:\/\/api.w.org\/{rel}","templated":true}]}}