{"id":16276,"date":"2020-10-22T19:52:33","date_gmt":"2020-10-23T00:52:33","guid":{"rendered":"https:\/\/defabrica.com.mx\/defabrica\/?post_type=product&#038;p=16276"},"modified":"2022-12-14T14:17:48","modified_gmt":"2022-12-14T20:17:48","slug":"apple-macbook-pro-pantalla-de-13-con-barra-tactil-intel-core-i5-memoria-de-16-gb-ssd-de-512-gb-ultimo-modelo-gris-espacial","status":"publish","type":"product","link":"https:\/\/defabrica.com.mx\/defabrica\/producto\/apple-macbook-pro-pantalla-de-13-con-barra-tactil-intel-core-i5-memoria-de-16-gb-ssd-de-512-gb-ultimo-modelo-gris-espacial\/","title":{"rendered":"Apple &#8211; MacBook Pro &#8211; Pantalla de 13 \u00abcon barra t\u00e1ctil &#8211; Intel Core i5 &#8211; Memoria de 16 GB &#8211; SSD de 512 GB (\u00faltimo modelo) &#8211; Gris espacial"},"content":{"rendered":"<div>\n<div>MacBook Pro tiene un procesador Intel de cuatro n\u00facleos de d\u00e9cima generaci\u00f3n con Turbo Boost de hasta 3.8GHz.\u00a0Una pantalla Retina brillante y colorida con tecnolog\u00eda True Tone para una experiencia de visualizaci\u00f3n m\u00e1s realista.\u00a0Un teclado m\u00e1gico retroiluminado y Touch ID.\u00a0Gr\u00e1ficos integrados r\u00e1pidos.\u00a0Y la vers\u00e1til Touch Bar para m\u00e1s formas de ser productivo.\u00a0Es el port\u00e1til de 13 pulgadas m\u00e1s potente de Apple.\u00a0Empujado a\u00fan m\u00e1s.<\/div>\n<\/div>\n<h3><\/h3>\n<div>\n<h3 class=\"heading-5 v-fw-regular feature-heading\"><strong>Caracter\u00edsticas<\/strong><\/h3>\n<ul>\n<li>Procesador Intel Core i5 de cuatro n\u00facleos de d\u00e9cima generaci\u00f3n<\/li>\n<li>Pantalla Retina brillante con tecnolog\u00eda True Tone<\/li>\n<li>Teclado m\u00e1gico retroiluminado<\/li>\n<li>Touch Bar y Touch ID<\/li>\n<li>Gr\u00e1ficos Intel Iris Plus<\/li>\n<li>SSD ultrarr\u00e1pido<\/li>\n<li>Cuatro puertos Thunderbolt 3 (USB tipo C)<\/li>\n<li>Hasta 10 horas de duraci\u00f3n de la bater\u00eda *<\/li>\n<li>Wi-Fi 802.11ac<\/li>\n<li>Trackpad Force Touch<\/li>\n<li>Disponible en gris espacial y plateado<\/li>\n<li>La \u00faltima versi\u00f3n de macOS<\/li>\n<li>Hay disponibles opciones configurables de procesador, memoria y almacenamiento.<\/li>\n<li>* La duraci\u00f3n de la bater\u00eda var\u00eda seg\u00fan el uso y la configuraci\u00f3n. Consulta apple.com\/batteries para obtener m\u00e1s informaci\u00f3n.<\/li>\n<\/ul>\n<p>&nbsp;<\/p>\n<\/div>\n<h3>Qu\u00e9 est\u00e1 incluido<\/h3>\n<div class=\"list-container list-lv\">\n<ul class=\" bold\">\n<li class=\"bold v-fw-medium body-copy\">Apple MacBook Pro &#8211; Pantalla de 13 \u00abcon barra t\u00e1ctil &#8211; Intel Core i5 &#8211; Memoria de 16 GB &#8211; SSD de 512 GB (\u00faltimo modelo)<\/li>\n<li class=\"bold v-fw-medium body-copy\">Adaptador de corriente USB-C de 61 W<\/li>\n<li class=\"bold v-fw-medium body-copy\">Cable de carga USB-C (2 m)<\/li>\n<\/ul>\n<\/div>\n","protected":false},"excerpt":{"rendered":"<p>MacBook Pro tiene un procesador Intel de cuatro n\u00facleos de d\u00e9cima generaci\u00f3n con Turbo Boost de hasta 3.8GHz.\u00a0Una pantalla Retina brillante y colorida con tecnolog\u00eda True Tone para una experiencia<\/p>\n","protected":false},"featured_media":54925,"comment_status":"open","ping_status":"closed","template":"","meta":{"_acf_changed":false,"_joinchat":[]},"product_brand":[],"product_cat":[240,241,243],"product_tag":[],"class_list":{"0":"post-16276","1":"product","2":"type-product","3":"status-publish","4":"has-post-thumbnail","6":"product_cat-computadoras","7":"product_cat-laptops","8":"product_cat-mac","10":"first","11":"instock","12":"sale","13":"shipping-taxable","14":"purchasable","15":"product-type-variable","16":"has-default-attributes"},"acf":[],"_links":{"self":[{"href":"https:\/\/defabrica.com.mx\/defabrica\/wp-json\/wp\/v2\/product\/16276","targetHints":{"allow":["GET"]}}],"collection":[{"href":"https:\/\/defabrica.com.mx\/defabrica\/wp-json\/wp\/v2\/product"}],"about":[{"href":"https:\/\/defabrica.com.mx\/defabrica\/wp-json\/wp\/v2\/types\/product"}],"replies":[{"embeddable":true,"href":"https:\/\/defabrica.com.mx\/defabrica\/wp-json\/wp\/v2\/comments?post=16276"}],"wp:featuredmedia":[{"embeddable":true,"href":"https:\/\/defabrica.com.mx\/defabrica\/wp-json\/wp\/v2\/media\/54925"}],"wp:attachment":[{"href":"https:\/\/defabrica.com.mx\/defabrica\/wp-json\/wp\/v2\/media?parent=16276"}],"wp:term":[{"taxonomy":"product_brand","embeddable":true,"href":"https:\/\/defabrica.com.mx\/defabrica\/wp-json\/wp\/v2\/product_brand?post=16276"},{"taxonomy":"product_cat","embeddable":true,"href":"https:\/\/defabrica.com.mx\/defabrica\/wp-json\/wp\/v2\/product_cat?post=16276"},{"taxonomy":"product_tag","embeddable":true,"href":"https:\/\/defabrica.com.mx\/defabrica\/wp-json\/wp\/v2\/product_tag?post=16276"}],"curies":[{"name":"wp","href":"https:\/\/api.w.org\/{rel}","templated":true}]}}

Apple &#8211; MacBook Pro &#8211; Pantalla de 13 «con barra táctil &#8211; Intel Core i5 &#8211; Memoria de 16 GB &#8211; SSD de 512 GB (último modelo) &#8211; Gris espacial

<div>
<div>MacBook Pro tiene un procesador Intel de cuatro núcleos de décima generación con Turbo Boost de hasta 3.8GHz. Una pantalla Retina brillante y colorida con tecnología True Tone para una experiencia de visualización más realista. Un teclado mágico retroiluminado y Touch ID. Gráficos integrados rápidos. Y la versátil Touch Bar para más formas de ser productivo. Es el portátil de 13 pulgadas más potente de Apple. Empujado aún más.</div>
</div>
<h3></h3>
<div>
<h3 class="heading-5 v-fw-regular feature-heading"><strong>Características</strong></h3>
<ul>
<li>Procesador Intel Core i5 de cuatro núcleos de décima generación</li>
<li>Pantalla Retina brillante con tecnología True Tone</li>
<li>Teclado mágico retroiluminado</li>
<li>Touch Bar y Touch ID</li>
<li>Gráficos Intel Iris Plus</li>
<li>SSD ultrarrápido</li>
<li>Cuatro puertos Thunderbolt 3 (USB tipo C)</li>
<li>Hasta 10 horas de duración de la batería *</li>
<li>Wi-Fi 802.11ac</li>
<li>Trackpad Force Touch</li>
<li>Disponible en gris espacial y plateado</li>
<li>La última versión de macOS</li>
<li>Hay disponibles opciones configurables de procesador, memoria y almacenamiento.</li>
<li>* La duración de la batería varía según el uso y la configuración. Consulta apple.com/batteries para obtener más información.</li>
</ul>
<p>&nbsp;</p>
</div>
<h3>Qué está incluido</h3>
<div class="list-container list-lv">
<ul class=" bold">
<li class="bold v-fw-medium body-copy">Apple MacBook Pro &#8211; Pantalla de 13 «con barra táctil &#8211; Intel Core i5 &#8211; Memoria de 16 GB &#8211; SSD de 512 GB (último modelo)</li>
<li class="bold v-fw-medium body-copy">Adaptador de corriente USB-C de 61 W</li>
<li class="bold v-fw-medium body-copy">Cable de carga USB-C (2 m)</li>
</ul>
</div>

<p>MacBook Pro tiene un procesador Intel de cuatro núcleos de décima generación con Turbo Boost de hasta 3.8GHz. Una pantalla Retina brillante y colorida con tecnología True Tone para una experiencia</p>
