{"id":16066,"date":"2020-10-22T16:18:34","date_gmt":"2020-10-22T21:18:34","guid":{"rendered":"https:\/\/defabrica.com.mx\/defabrica\/?post_type=product&#038;p=16066"},"modified":"2023-01-13T13:29:06","modified_gmt":"2023-01-13T19:29:06","slug":"saharacase-funda-folio-para-apple-ipad-10-2-7-a-generacion-2019-y-8-a-generacion-2020-azul","status":"publish","type":"product","link":"https:\/\/defabrica.com.mx\/defabrica\/producto\/saharacase-funda-folio-para-apple-ipad-10-2-7-a-generacion-2019-y-8-a-generacion-2020-azul\/","title":{"rendered":"SaharaCase &#8211; Funda Folio para Apple\u00ae iPad\u00ae 10.2 \u00ab(7.a generaci\u00f3n 2019) y (8.a generaci\u00f3n 2020) &#8211; Azul"},"content":{"rendered":"<div class=\"embedded-component-container lv\">\n<div>\n<div id=\"shop-product-description-b078d608-3fb5-4858-a259-7424f8239310\" class=\"None\" data-version=\"1.3.2\">\n<div class=\"shop-product-description\">\n<section class=\"align-heading-left\" data-reactroot=\"\">\n<div class=\"long-description-container body-copy \">\n<div class=\"html-fragment\">\n<div>\n<div>Obtenga una capa protectora para su iPad de Apple de 10-2 pulgadas con esta funda azul SaharaCase Folio.\u00a0La construcci\u00f3n resistente de TPU y pl\u00e1stico ayuda a prevenir da\u00f1os por ca\u00eddas, mientras que los bordes elevados ayudan a proteger la pantalla y la lente de la c\u00e1mara.\u00a0Este estuche SaharaCase Folio cuenta con un soporte incorporado para su Apple Pencil y cortes precisos para un acceso al puerto sin obstrucciones.<\/div>\n<\/div>\n<\/div>\n<\/div>\n<\/section>\n<\/div>\n<\/div>\n<\/div>\n<\/div>\n<div class=\"embedded-component-container lv\"><\/div>\n<div><\/div>\n<div><\/div>\n<div><\/div>\n<div><\/div>\n<div><\/div>\n<div><\/div>\n<div><\/div>\n<div><\/div>\n<div><\/div>\n<div>\n<h3><\/h3>\n<h3><\/h3>\n<h3 class=\"heading-5 v-fw-regular feature-heading\"><strong>Caracter\u00edsticas<\/strong><\/h3>\n<ul>\n<li><strong>Dise\u00f1ado para usar con Apple iPad 10.2 \u00ab(7.a generaci\u00f3n 2019) y (8.a generaci\u00f3n 2020)<\/strong><br \/>\nComplemente su dispositivo Apple con esta funda liviana y ajustada con un dise\u00f1o ergon\u00f3mico de bot\u00f3n cerrado.<\/li>\n<li><strong>TPU y materiales pl\u00e1sticos robustos<\/strong><br \/>\nLa construcci\u00f3n de triple endurecimiento asegura durabilidad.<\/li>\n<li><strong>Protecci\u00f3n de pantalla<\/strong><br \/>\nEste estuche protege la pantalla de grietas y rasgu\u00f1os.<\/li>\n<li><strong>Bordes elevados para pantalla y lente<\/strong><br \/>\nProporcione seguridad adicional para su dispositivo.<\/li>\n<li><strong>Soporte para l\u00e1piz Apple incorporado<\/strong><br \/>\nGarantiza que su Apple Pencil est\u00e9 siempre a su alcance.<\/li>\n<li><strong>Pie de apoyo integrado<\/strong><br \/>\nPermite una visualizaci\u00f3n c\u00f3moda con manos libres.<\/li>\n<li><strong>Funci\u00f3n de despertar y dormir<\/strong><br \/>\nDespierta autom\u00e1ticamente su dispositivo cuando se abre y lo pone en reposo cuando se cierra la carcasa para prolongar la vida \u00fatil de la bater\u00eda.<\/li>\n<li><strong>Apple iPad y Apple Pencil no incluidos.<\/strong><\/li>\n<\/ul>\n<p>&nbsp;<\/p>\n<\/div>\n<h3>Qu\u00e9 est\u00e1 incluido<\/h3>\n<div class=\"list-container list-lv\">\n<div id=\"shop-overview-accordion-1544661d-4977-4676-a803-67fa96ddff2b\" class=\"None\" data-version=\"1.3.0\">\n<div class=\"shop-overview-accordion\">\n<div class=\"overview-accordion-container show \" data-reactroot=\"\">\n<div class=\"c-accordion size-l\">\n<div id=\"overview-accordion-content\" class=\"c-show-hide \" aria-hidden=\"false\">\n<div class=\"c-accordion-content c-accordion-content-active c-accordion-content-complete\">\n<div class=\"overview-accordion-content-wrapper\">\n<div class=\"embedded-component-container lv\">\n<div>\n<div id=\"shop-whats-included-14396114-2d6b-4ce5-b670-641bdb2c0f3a\" class=\"None\" data-version=\"2.1.2\">\n<div class=\"shop-whats-included\">\n<div class=\"whats-included accordion-container \" data-reactroot=\"\">\n<div class=\"list-container list-lv\">\n<ul class=\" bold\">\n<li class=\"bold v-fw-medium body-copy\">Estuche tipo folio para Apple\u00ae iPad\u00ae 10.2 \u00ab(7.a generaci\u00f3n 2019) y (8.a generaci\u00f3n 2020)<\/li>\n<\/ul>\n<\/div>\n<\/div>\n<\/div>\n<\/div>\n<\/div>\n<\/div>\n<div class=\"embedded-component-container lv\">\n<div>\n<div id=\"shop-product-energy-ratings-ebf8c06b-7e72-4db6-a305-a3a268a9e08e\" class=\"None\" data-version=\"1.3.3\">\n<div class=\"shop-product-energy-ratings\">\n<div data-reactroot=\"\"><\/div>\n<\/div>\n<\/div>\n<\/div>\n<\/div>\n<div class=\"embedded-component-container lv\">\n<div><\/div>\n<\/div>\n<\/div>\n<\/div>\n<\/div>\n<\/div>\n<\/div>\n<\/div>\n<\/div>\n<div id=\"shop-specifications-d533328b-b50e-47fa-ba4a-a2bb71d84810\" class=\"None\" data-version=\"2.3.0\">\n<div class=\"shop-specifications\">\n<section class=\"specs-container specs-wrapper all-specs-wrapper\" data-reactroot=\"\">\n<div class=\"specifications-accordion-wrapper \">\n<div class=\"c-accordion size-l\">\n<div role=\"heading\" aria-level=\"2\"><\/div>\n<\/div>\n<\/div>\n<\/section>\n<\/div>\n<\/div>\n<\/div>\n","protected":false},"excerpt":{"rendered":"<p>Obtenga una capa protectora para su iPad de Apple de 10-2 pulgadas con esta funda azul SaharaCase Folio.\u00a0La construcci\u00f3n resistente de TPU y pl\u00e1stico ayuda a prevenir da\u00f1os por ca\u00eddas,<\/p>\n","protected":false},"featured_media":16075,"comment_status":"open","ping_status":"closed","template":"","meta":{"_acf_changed":false,"_joinchat":[]},"product_brand":[],"product_cat":[408,411,417,421],"product_tag":[],"class_list":{"0":"post-16066","1":"product","2":"type-product","3":"status-publish","4":"has-post-thumbnail","6":"product_cat-celulares-y-tablets","7":"product_cat-accesorios-para-tablets","8":"product_cat-fundas-y-maletines","9":"product_cat-todos-los-accesorios-para-tablets","11":"first","12":"instock","13":"sale","14":"shipping-taxable","15":"purchasable","16":"product-type-variable","17":"has-default-attributes"},"acf":[],"_links":{"self":[{"href":"https:\/\/defabrica.com.mx\/defabrica\/wp-json\/wp\/v2\/product\/16066","targetHints":{"allow":["GET"]}}],"collection":[{"href":"https:\/\/defabrica.com.mx\/defabrica\/wp-json\/wp\/v2\/product"}],"about":[{"href":"https:\/\/defabrica.com.mx\/defabrica\/wp-json\/wp\/v2\/types\/product"}],"replies":[{"embeddable":true,"href":"https:\/\/defabrica.com.mx\/defabrica\/wp-json\/wp\/v2\/comments?post=16066"}],"wp:featuredmedia":[{"embeddable":true,"href":"https:\/\/defabrica.com.mx\/defabrica\/wp-json\/wp\/v2\/media\/16075"}],"wp:attachment":[{"href":"https:\/\/defabrica.com.mx\/defabrica\/wp-json\/wp\/v2\/media?parent=16066"}],"wp:term":[{"taxonomy":"product_brand","embeddable":true,"href":"https:\/\/defabrica.com.mx\/defabrica\/wp-json\/wp\/v2\/product_brand?post=16066"},{"taxonomy":"product_cat","embeddable":true,"href":"https:\/\/defabrica.com.mx\/defabrica\/wp-json\/wp\/v2\/product_cat?post=16066"},{"taxonomy":"product_tag","embeddable":true,"href":"https:\/\/defabrica.com.mx\/defabrica\/wp-json\/wp\/v2\/product_tag?post=16066"}],"curies":[{"name":"wp","href":"https:\/\/api.w.org\/{rel}","templated":true}]}}

SaharaCase &#8211; Funda Folio para Apple® iPad® 10.2 «(7.a generación 2019) y (8.a generación 2020) &#8211; Azul

<div class="embedded-component-container lv">
<div>
<div id="shop-product-description-b078d608-3fb5-4858-a259-7424f8239310" class="None" data-version="1.3.2">
<div class="shop-product-description">
<section class="align-heading-left" data-reactroot="">
<div class="long-description-container body-copy ">
<div class="html-fragment">
<div>
<div>Obtenga una capa protectora para su iPad de Apple de 10-2 pulgadas con esta funda azul SaharaCase Folio. La construcción resistente de TPU y plástico ayuda a prevenir daños por caídas, mientras que los bordes elevados ayudan a proteger la pantalla y la lente de la cámara. Este estuche SaharaCase Folio cuenta con un soporte incorporado para su Apple Pencil y cortes precisos para un acceso al puerto sin obstrucciones.</div>
</div>
</div>
</div>
</section>
</div>
</div>
</div>
</div>
<div class="embedded-component-container lv"></div>
<div></div>
<div></div>
<div></div>
<div></div>
<div></div>
<div></div>
<div></div>
<div></div>
<div></div>
<div>
<h3></h3>
<h3></h3>
<h3 class="heading-5 v-fw-regular feature-heading"><strong>Características</strong></h3>
<ul>
<li><strong>Diseñado para usar con Apple iPad 10.2 «(7.a generación 2019) y (8.a generación 2020)</strong><br />
Complemente su dispositivo Apple con esta funda liviana y ajustada con un diseño ergonómico de botón cerrado.</li>
<li><strong>TPU y materiales plásticos robustos</strong><br />
La construcción de triple endurecimiento asegura durabilidad.</li>
<li><strong>Protección de pantalla</strong><br />
Este estuche protege la pantalla de grietas y rasguños.</li>
<li><strong>Bordes elevados para pantalla y lente</strong><br />
Proporcione seguridad adicional para su dispositivo.</li>
<li><strong>Soporte para lápiz Apple incorporado</strong><br />
Garantiza que su Apple Pencil esté siempre a su alcance.</li>
<li><strong>Pie de apoyo integrado</strong><br />
Permite una visualización cómoda con manos libres.</li>
<li><strong>Función de despertar y dormir</strong><br />
Despierta automáticamente su dispositivo cuando se abre y lo pone en reposo cuando se cierra la carcasa para prolongar la vida útil de la batería.</li>
<li><strong>Apple iPad y Apple Pencil no incluidos.</strong></li>
</ul>
<p>&nbsp;</p>
</div>
<h3>Qué está incluido</h3>
<div class="list-container list-lv">
<div id="shop-overview-accordion-1544661d-4977-4676-a803-67fa96ddff2b" class="None" data-version="1.3.0">
<div class="shop-overview-accordion">
<div class="overview-accordion-container show " data-reactroot="">
<div class="c-accordion size-l">
<div id="overview-accordion-content" class="c-show-hide " aria-hidden="false">
<div class="c-accordion-content c-accordion-content-active c-accordion-content-complete">
<div class="overview-accordion-content-wrapper">
<div class="embedded-component-container lv">
<div>
<div id="shop-whats-included-14396114-2d6b-4ce5-b670-641bdb2c0f3a" class="None" data-version="2.1.2">
<div class="shop-whats-included">
<div class="whats-included accordion-container " data-reactroot="">
<div class="list-container list-lv">
<ul class=" bold">
<li class="bold v-fw-medium body-copy">Estuche tipo folio para Apple® iPad® 10.2 «(7.a generación 2019) y (8.a generación 2020)</li>
</ul>
</div>
</div>
</div>
</div>
</div>
</div>
<div class="embedded-component-container lv">
<div>
<div id="shop-product-energy-ratings-ebf8c06b-7e72-4db6-a305-a3a268a9e08e" class="None" data-version="1.3.3">
<div class="shop-product-energy-ratings">
<div data-reactroot=""></div>
</div>
</div>
</div>
</div>
<div class="embedded-component-container lv">
<div></div>
</div>
</div>
</div>
</div>
</div>
</div>
</div>
</div>
<div id="shop-specifications-d533328b-b50e-47fa-ba4a-a2bb71d84810" class="None" data-version="2.3.0">
<div class="shop-specifications">
<section class="specs-container specs-wrapper all-specs-wrapper" data-reactroot="">
<div class="specifications-accordion-wrapper ">
<div class="c-accordion size-l">
<div role="heading" aria-level="2"></div>
</div>
</div>
</section>
</div>
</div>
</div>

<p>Obtenga una capa protectora para su iPad de Apple de 10-2 pulgadas con esta funda azul SaharaCase Folio. La construcción resistente de TPU y plástico ayuda a prevenir daños por caídas,</p>
