{"id":16008,"date":"2020-10-22T15:40:15","date_gmt":"2020-10-22T20:40:15","guid":{"rendered":"https:\/\/defabrica.com.mx\/defabrica\/?post_type=product&#038;p=16008"},"modified":"2022-11-30T15:30:57","modified_gmt":"2022-11-30T21:30:57","slug":"targus-funda-folio-pro-tek-para-apple-ipad-8th-gen-10-2-ipad-air-10-5-y-ipad-pro-10-5-azul","status":"publish","type":"product","link":"https:\/\/defabrica.com.mx\/defabrica\/producto\/targus-funda-folio-pro-tek-para-apple-ipad-8th-gen-10-2-ipad-air-10-5-y-ipad-pro-10-5-azul\/","title":{"rendered":"Targus &#8211; Funda Folio Pro-Tek para Apple\u00ae iPad\u00ae 8th Gen 10.2 \u00ab, iPad\u00ae Air 10.5\u00bb y iPad\u00ae Pro 10.5 \u00ab- Azul"},"content":{"rendered":"<div class=\"embedded-component-container lv\">\n<div>\n<div id=\"shop-product-description-6472590c-2eab-41d9-ae8b-2886557e80d8\" class=\"None\" data-version=\"1.3.2\">\n<div class=\"shop-product-description\">\n<section class=\"align-heading-left\" data-reactroot=\"\">\n<div class=\"long-description-container body-copy \">\n<div class=\"html-fragment\">\n<div>\n<div>Mantenga su tableta intacta con esta funda Targus Pro-Tek para iPad de Apple de 10,2 pulgadas Nuevo iPad de 8.a generaci\u00f3n, iPad Air de 10,5 pulgadas y iPad Pro de 10,5 pulgadas.\u00a0La bandeja flexible y la construcci\u00f3n resistente brindan protecci\u00f3n contra ca\u00eddas de grado militar, y la cubierta frontal resistente mantiene la pantalla libre de rayones.\u00a0Este estuche Targus Pro-Tek tiene tomas de audio integradas que ayudan a amplificar el volumen de la m\u00fasica y los videos.<\/div>\n<\/div>\n<\/div>\n<\/div>\n<\/section>\n<\/div>\n<\/div>\n<\/div>\n<\/div>\n<div class=\"embedded-component-container lv\"><\/div>\n<div><\/div>\n<div><\/div>\n<div>\n<h3 class=\"heading-5 v-fw-regular feature-heading\"><strong>Caracter\u00edsticas<\/strong><\/h3>\n<div class=\"feature-body-container\">\n<div class=\"features-list-container\">\n<div class=\"features-list all-features\">\n<div class=\"list-row\">\n<ul>\n<li><strong>Dise\u00f1ado para usar con Apple iPad 10.2 \u00ab(8.a generaci\u00f3n 2020), iPad 10.2\u00bb (7.a generaci\u00f3n 2019), iPad Air 10.5 \u00ab(3.a generaci\u00f3n 2019), iPad Pro 10.5\u00bb<\/strong><br \/>\nEste estuche brinda protecci\u00f3n de grado militar para su dispositivo.<\/li>\n<li><strong>Bisel de pantalla y esquinas reforzadas<\/strong><br \/>\nProteja su pantalla de ara\u00f1azos y ca\u00eddas.<\/li>\n<li><strong>Cierre con leng\u00fceta magn\u00e9tica<\/strong><br \/>\nMantiene su dispositivo seguro mientras viaja.<\/li>\n<li><strong>Recortes de precisi\u00f3n<\/strong><br \/>\nDisfrute de un f\u00e1cil acceso a los controles, los puertos y la c\u00e1mara.<\/li>\n<li><strong>Soporte para l\u00e1piz o l\u00e1piz Apple Pencil\u00ae integrado<\/strong><br \/>\nMantiene su l\u00e1piz \u00f3ptico cerca de la tableta cuando no est\u00e1 en uso.<\/li>\n<li><strong>Bolas de sonido que mejoran el audio<\/strong><br \/>\nDirija el sonido hacia el usuario para aumentar el volumen del audio.<\/li>\n<li><strong>iPad es una marca comercial de Apple Inc., registrada en EE. UU. y otros pa\u00edses<\/strong><\/li>\n<\/ul>\n<\/div>\n<\/div>\n<\/div>\n<\/div>\n<\/div>\n<p>&nbsp;<\/p>\n<div class=\"header-container header-lv\">\n<h3 class=\"heading-5 v-fw-regular\">Qu\u00e9 est\u00e1 incluido<\/h3>\n<\/div>\n<div class=\"list-container list-lv\">\n<div class=\"embedded-component-container lv\">\n<div>\n<div id=\"shop-whats-included-79e89f63-ca8c-41da-a25b-62d78643e0ea\" class=\"None\" data-version=\"2.1.2\">\n<div class=\"shop-whats-included\">\n<div class=\"whats-included accordion-container \" data-reactroot=\"\">\n<div class=\"list-container list-lv\">\n<ul class=\" bold\">\n<li class=\"bold v-fw-medium body-copy\">Targus Pro-Tek Folio Case para Apple\u00ae iPad\u00ae 10.2 \u00ab, iPad\u00ae Air 10.5\u00bb y iPad\u00ae Pro 10.5 \u00ab<\/li>\n<\/ul>\n<\/div>\n<\/div>\n<\/div>\n<\/div>\n<\/div>\n<\/div>\n<div class=\"embedded-component-container lv\">\n<div>\n<div id=\"shop-product-energy-ratings-2950a7f4-6ac6-42e4-9b79-014479cf512d\" class=\"None\" data-version=\"1.3.3\">\n<div class=\"shop-product-energy-ratings\">\n<div data-reactroot=\"\"><\/div>\n<\/div>\n<\/div>\n<\/div>\n<\/div>\n<div class=\"embedded-component-container lv\"><\/div>\n<\/div>\n","protected":false},"excerpt":{"rendered":"<p>Mantenga su tableta intacta con esta funda Targus Pro-Tek para iPad de Apple de 10,2 pulgadas Nuevo iPad de 8.a generaci\u00f3n, iPad Air de 10,5 pulgadas y iPad Pro de<\/p>\n","protected":false},"featured_media":16024,"comment_status":"open","ping_status":"closed","template":"","meta":{"_acf_changed":false,"_joinchat":[]},"product_brand":[],"product_cat":[408,411,417,421],"product_tag":[],"class_list":{"0":"post-16008","1":"product","2":"type-product","3":"status-publish","4":"has-post-thumbnail","6":"product_cat-celulares-y-tablets","7":"product_cat-accesorios-para-tablets","8":"product_cat-fundas-y-maletines","9":"product_cat-todos-los-accesorios-para-tablets","11":"first","12":"instock","13":"sale","14":"shipping-taxable","15":"purchasable","16":"product-type-variable","17":"has-default-attributes"},"acf":[],"_links":{"self":[{"href":"https:\/\/defabrica.com.mx\/defabrica\/wp-json\/wp\/v2\/product\/16008","targetHints":{"allow":["GET"]}}],"collection":[{"href":"https:\/\/defabrica.com.mx\/defabrica\/wp-json\/wp\/v2\/product"}],"about":[{"href":"https:\/\/defabrica.com.mx\/defabrica\/wp-json\/wp\/v2\/types\/product"}],"replies":[{"embeddable":true,"href":"https:\/\/defabrica.com.mx\/defabrica\/wp-json\/wp\/v2\/comments?post=16008"}],"wp:featuredmedia":[{"embeddable":true,"href":"https:\/\/defabrica.com.mx\/defabrica\/wp-json\/wp\/v2\/media\/16024"}],"wp:attachment":[{"href":"https:\/\/defabrica.com.mx\/defabrica\/wp-json\/wp\/v2\/media?parent=16008"}],"wp:term":[{"taxonomy":"product_brand","embeddable":true,"href":"https:\/\/defabrica.com.mx\/defabrica\/wp-json\/wp\/v2\/product_brand?post=16008"},{"taxonomy":"product_cat","embeddable":true,"href":"https:\/\/defabrica.com.mx\/defabrica\/wp-json\/wp\/v2\/product_cat?post=16008"},{"taxonomy":"product_tag","embeddable":true,"href":"https:\/\/defabrica.com.mx\/defabrica\/wp-json\/wp\/v2\/product_tag?post=16008"}],"curies":[{"name":"wp","href":"https:\/\/api.w.org\/{rel}","templated":true}]}}

<div class="embedded-component-container lv">
<div>
<div id="shop-product-description-6472590c-2eab-41d9-ae8b-2886557e80d8" class="None" data-version="1.3.2">
<div class="shop-product-description">
<section class="align-heading-left" data-reactroot="">
<div class="long-description-container body-copy ">
<div class="html-fragment">
<div>
<div>Mantenga su tableta intacta con esta funda Targus Pro-Tek para iPad de Apple de 10,2 pulgadas Nuevo iPad de 8.a generación, iPad Air de 10,5 pulgadas y iPad Pro de 10,5 pulgadas. La bandeja flexible y la construcción resistente brindan protección contra caídas de grado militar, y la cubierta frontal resistente mantiene la pantalla libre de rayones. Este estuche Targus Pro-Tek tiene tomas de audio integradas que ayudan a amplificar el volumen de la música y los videos.</div>
</div>
</div>
</div>
</section>
</div>
</div>
</div>
</div>
<div class="embedded-component-container lv"></div>
<div></div>
<div></div>
<div>
<h3 class="heading-5 v-fw-regular feature-heading"><strong>Características</strong></h3>
<div class="feature-body-container">
<div class="features-list-container">
<div class="features-list all-features">
<div class="list-row">
<ul>
<li><strong>Diseñado para usar con Apple iPad 10.2 «(8.a generación 2020), iPad 10.2» (7.a generación 2019), iPad Air 10.5 «(3.a generación 2019), iPad Pro 10.5»</strong><br />
Este estuche brinda protección de grado militar para su dispositivo.</li>
<li><strong>Bisel de pantalla y esquinas reforzadas</strong><br />
Proteja su pantalla de arañazos y caídas.</li>
<li><strong>Cierre con lengüeta magnética</strong><br />
Mantiene su dispositivo seguro mientras viaja.</li>
<li><strong>Recortes de precisión</strong><br />
Disfrute de un fácil acceso a los controles, los puertos y la cámara.</li>
<li><strong>Soporte para lápiz o lápiz Apple Pencil® integrado</strong><br />
Mantiene su lápiz óptico cerca de la tableta cuando no está en uso.</li>
<li><strong>Bolas de sonido que mejoran el audio</strong><br />
Dirija el sonido hacia el usuario para aumentar el volumen del audio.</li>
<li><strong>iPad es una marca comercial de Apple Inc., registrada en EE. UU. y otros países</strong></li>
</ul>
</div>
</div>
</div>
</div>
</div>
<p>&nbsp;</p>
<div class="header-container header-lv">
<h3 class="heading-5 v-fw-regular">Qué está incluido</h3>
</div>
<div class="list-container list-lv">
<div class="embedded-component-container lv">
<div>
<div id="shop-whats-included-79e89f63-ca8c-41da-a25b-62d78643e0ea" class="None" data-version="2.1.2">
<div class="shop-whats-included">
<div class="whats-included accordion-container " data-reactroot="">
<div class="list-container list-lv">
<ul class=" bold">
<li class="bold v-fw-medium body-copy">Targus Pro-Tek Folio Case para Apple® iPad® 10.2 «, iPad® Air 10.5» y iPad® Pro 10.5 «</li>
</ul>
</div>
</div>
</div>
</div>
</div>
</div>
<div class="embedded-component-container lv">
<div>
<div id="shop-product-energy-ratings-2950a7f4-6ac6-42e4-9b79-014479cf512d" class="None" data-version="1.3.3">
<div class="shop-product-energy-ratings">
<div data-reactroot=""></div>
</div>
</div>
</div>
</div>
<div class="embedded-component-container lv"></div>
</div>

<p>Mantenga su tableta intacta con esta funda Targus Pro-Tek para iPad de Apple de 10,2 pulgadas Nuevo iPad de 8.a generación, iPad Air de 10,5 pulgadas y iPad Pro de</p>
