{"id":15982,"date":"2020-10-22T15:21:10","date_gmt":"2020-10-22T20:21:10","guid":{"rendered":"https:\/\/defabrica.com.mx\/defabrica\/?post_type=product&#038;p=15982"},"modified":"2022-11-30T15:27:43","modified_gmt":"2022-11-30T21:27:43","slug":"dynex-funda-folio-para-apple-ipad-10-2-7-a-generacion-2019-y-8-a-generacion-2020-ciruela","status":"publish","type":"product","link":"https:\/\/defabrica.com.mx\/defabrica\/producto\/dynex-funda-folio-para-apple-ipad-10-2-7-a-generacion-2019-y-8-a-generacion-2020-ciruela\/","title":{"rendered":"Dynex \u2122 &#8211; Funda Folio para Apple iPad 10.2 \u00ab(7.a generaci\u00f3n 2019 y 8.a generaci\u00f3n 2020) &#8211; Ciruela"},"content":{"rendered":"<div class=\"embedded-component-container lv\">\n<div>\n<div id=\"shop-product-description-175b0efd-9b3a-4229-a451-4c33fd9b456e\" class=\"None\" data-version=\"1.3.2\">\n<div class=\"shop-product-description\">\n<section class=\"align-heading-left\" data-reactroot=\"\">\n<div class=\"long-description-container body-copy \">\n<div class=\"html-fragment\">\n<div>\n<div>Proteja y agregue accesorios a su iPad de 10.2 pulgadas con esta funda tipo folio de tacto suave Dynex Plum.\u00a0La base de policarbonato resistente a los impactos y la cubierta de PU brindan una durabilidad duradera, mientras que el interior de microfibra ayuda a proteger la pantalla contra rasgu\u00f1os.\u00a0Esta funda tipo folio de tacto suave Dynex Plum tiene un soporte integrado que permite opciones de visualizaci\u00f3n vers\u00e1tiles y un acabado de poliuretano para un agarre c\u00f3modo.<\/div>\n<\/div>\n<\/div>\n<\/div>\n<\/section>\n<\/div>\n<\/div>\n<\/div>\n<\/div>\n<div><\/div>\n<div><\/div>\n<div><\/div>\n<div class=\"embedded-component-container lv\">\n<h3><\/h3>\n<h3><\/h3>\n<h3><\/h3>\n<h3 class=\"heading-5 v-fw-regular feature-heading\"><strong>Caracter\u00edsticas<\/strong><\/h3>\n<ul>\n<li><strong>Dise\u00f1ado para usar con Apple iPad 10.2 \u00ab(7.a generaci\u00f3n 2019 y 8.a generaci\u00f3n 2020)<\/strong><br \/>\nProtege y complementa su tableta.<\/li>\n<li><strong>Materiales duraderos<\/strong><br \/>\nLa base de policarbonato asegura durabilidad y absorbe el impacto, mientras que el interior de microfibra ayuda a proteger la pantalla contra raspaduras y rayones.<\/li>\n<li><strong>Cubierta frontal integrada convertible<\/strong><br \/>\nAdmite posiciones vers\u00e1tiles para una experiencia de visualizaci\u00f3n mejorada.<\/li>\n<li><strong>Acabado suave al tacto<\/strong><br \/>\nProporciona un agarre c\u00f3modo para enviar mensajes de texto, ver y jugar.<\/li>\n<li><strong>Recortes abiertos<\/strong><br \/>\nDise\u00f1ado para acceder a la c\u00e1mara y al puerto de carga sin quitar la funda.<\/li>\n<\/ul>\n<p>&nbsp;<\/p>\n<\/div>\n<h3>Qu\u00e9 est\u00e1 incluido<\/h3>\n<div class=\"list-container list-lv\">\n<div id=\"shop-overview-accordion-7633f684-826e-40e7-a874-1afbfff696dc\" class=\"None\" data-version=\"1.3.0\">\n<div class=\"shop-overview-accordion\">\n<div class=\"overview-accordion-container show \" data-reactroot=\"\">\n<div class=\"c-accordion size-l\">\n<div id=\"overview-accordion-content\" class=\"c-show-hide \" aria-hidden=\"false\">\n<div class=\"c-accordion-content c-accordion-content-active c-accordion-content-complete\">\n<div class=\"overview-accordion-content-wrapper\">\n<div class=\"embedded-component-container lv\">\n<div>\n<div id=\"shop-whats-included-e029c788-9666-404e-b656-3439fefb3619\" class=\"None\" data-version=\"2.1.2\">\n<div class=\"shop-whats-included\">\n<div class=\"whats-included accordion-container \" data-reactroot=\"\">\n<div class=\"list-container list-lv\">\n<ul class=\" bold\">\n<li class=\"bold v-fw-medium body-copy\">Estuche tipo folio Dynex \u2122<\/li>\n<\/ul>\n<\/div>\n<\/div>\n<\/div>\n<\/div>\n<\/div>\n<\/div>\n<div class=\"embedded-component-container lv\">\n<div>\n<div id=\"shop-product-energy-ratings-46f5512e-01e1-4f52-a0f0-ca0f04fbfba3\" class=\"None\" data-version=\"1.3.3\">\n<div class=\"shop-product-energy-ratings\">\n<div data-reactroot=\"\"><\/div>\n<\/div>\n<\/div>\n<\/div>\n<\/div>\n<div class=\"embedded-component-container lv\">\n<div><\/div>\n<\/div>\n<\/div>\n<\/div>\n<\/div>\n<\/div>\n<\/div>\n<\/div>\n<\/div>\n<div id=\"shop-specifications-807705de-ca8e-44b2-a79e-f9bebfefbe56\" class=\"None\" data-version=\"2.3.0\">\n<div class=\"shop-specifications\">\n<section class=\"specs-container specs-wrapper all-specs-wrapper\" data-reactroot=\"\">\n<div class=\"specifications-accordion-wrapper \">\n<div class=\"c-accordion size-l\">\n<div role=\"heading\" aria-level=\"2\"><\/div>\n<\/div>\n<\/div>\n<\/section>\n<\/div>\n<\/div>\n<\/div>\n","protected":false},"excerpt":{"rendered":"<p>Proteja y agregue accesorios a su iPad de 10.2 pulgadas con esta funda tipo folio de tacto suave Dynex Plum.\u00a0La base de policarbonato resistente a los impactos y la cubierta<\/p>\n","protected":false},"featured_media":15992,"comment_status":"open","ping_status":"closed","template":"","meta":{"_acf_changed":false,"_joinchat":[]},"product_brand":[],"product_cat":[408,411,417,421],"product_tag":[],"class_list":{"0":"post-15982","1":"product","2":"type-product","3":"status-publish","4":"has-post-thumbnail","6":"product_cat-celulares-y-tablets","7":"product_cat-accesorios-para-tablets","8":"product_cat-fundas-y-maletines","9":"product_cat-todos-los-accesorios-para-tablets","11":"first","12":"instock","13":"sale","14":"shipping-taxable","15":"purchasable","16":"product-type-variable","17":"has-default-attributes"},"acf":[],"_links":{"self":[{"href":"https:\/\/defabrica.com.mx\/defabrica\/wp-json\/wp\/v2\/product\/15982","targetHints":{"allow":["GET"]}}],"collection":[{"href":"https:\/\/defabrica.com.mx\/defabrica\/wp-json\/wp\/v2\/product"}],"about":[{"href":"https:\/\/defabrica.com.mx\/defabrica\/wp-json\/wp\/v2\/types\/product"}],"replies":[{"embeddable":true,"href":"https:\/\/defabrica.com.mx\/defabrica\/wp-json\/wp\/v2\/comments?post=15982"}],"wp:featuredmedia":[{"embeddable":true,"href":"https:\/\/defabrica.com.mx\/defabrica\/wp-json\/wp\/v2\/media\/15992"}],"wp:attachment":[{"href":"https:\/\/defabrica.com.mx\/defabrica\/wp-json\/wp\/v2\/media?parent=15982"}],"wp:term":[{"taxonomy":"product_brand","embeddable":true,"href":"https:\/\/defabrica.com.mx\/defabrica\/wp-json\/wp\/v2\/product_brand?post=15982"},{"taxonomy":"product_cat","embeddable":true,"href":"https:\/\/defabrica.com.mx\/defabrica\/wp-json\/wp\/v2\/product_cat?post=15982"},{"taxonomy":"product_tag","embeddable":true,"href":"https:\/\/defabrica.com.mx\/defabrica\/wp-json\/wp\/v2\/product_tag?post=15982"}],"curies":[{"name":"wp","href":"https:\/\/api.w.org\/{rel}","templated":true}]}}

Dynex ™ &#8211; Funda Folio para Apple iPad 10.2 «(7.a generación 2019 y 8.a generación 2020) &#8211; Ciruela

<div class="embedded-component-container lv">
<div>
<div id="shop-product-description-175b0efd-9b3a-4229-a451-4c33fd9b456e" class="None" data-version="1.3.2">
<div class="shop-product-description">
<section class="align-heading-left" data-reactroot="">
<div class="long-description-container body-copy ">
<div class="html-fragment">
<div>
<div>Proteja y agregue accesorios a su iPad de 10.2 pulgadas con esta funda tipo folio de tacto suave Dynex Plum. La base de policarbonato resistente a los impactos y la cubierta de PU brindan una durabilidad duradera, mientras que el interior de microfibra ayuda a proteger la pantalla contra rasguños. Esta funda tipo folio de tacto suave Dynex Plum tiene un soporte integrado que permite opciones de visualización versátiles y un acabado de poliuretano para un agarre cómodo.</div>
</div>
</div>
</div>
</section>
</div>
</div>
</div>
</div>
<div></div>
<div></div>
<div></div>
<div class="embedded-component-container lv">
<h3></h3>
<h3></h3>
<h3></h3>
<h3 class="heading-5 v-fw-regular feature-heading"><strong>Características</strong></h3>
<ul>
<li><strong>Diseñado para usar con Apple iPad 10.2 «(7.a generación 2019 y 8.a generación 2020)</strong><br />
Protege y complementa su tableta.</li>
<li><strong>Materiales duraderos</strong><br />
La base de policarbonato asegura durabilidad y absorbe el impacto, mientras que el interior de microfibra ayuda a proteger la pantalla contra raspaduras y rayones.</li>
<li><strong>Cubierta frontal integrada convertible</strong><br />
Admite posiciones versátiles para una experiencia de visualización mejorada.</li>
<li><strong>Acabado suave al tacto</strong><br />
Proporciona un agarre cómodo para enviar mensajes de texto, ver y jugar.</li>
<li><strong>Recortes abiertos</strong><br />
Diseñado para acceder a la cámara y al puerto de carga sin quitar la funda.</li>
</ul>
<p>&nbsp;</p>
</div>
<h3>Qué está incluido</h3>
<div class="list-container list-lv">
<div id="shop-overview-accordion-7633f684-826e-40e7-a874-1afbfff696dc" class="None" data-version="1.3.0">
<div class="shop-overview-accordion">
<div class="overview-accordion-container show " data-reactroot="">
<div class="c-accordion size-l">
<div id="overview-accordion-content" class="c-show-hide " aria-hidden="false">
<div class="c-accordion-content c-accordion-content-active c-accordion-content-complete">
<div class="overview-accordion-content-wrapper">
<div class="embedded-component-container lv">
<div>
<div id="shop-whats-included-e029c788-9666-404e-b656-3439fefb3619" class="None" data-version="2.1.2">
<div class="shop-whats-included">
<div class="whats-included accordion-container " data-reactroot="">
<div class="list-container list-lv">
<ul class=" bold">
<li class="bold v-fw-medium body-copy">Estuche tipo folio Dynex ™</li>
</ul>
</div>
</div>
</div>
</div>
</div>
</div>
<div class="embedded-component-container lv">
<div>
<div id="shop-product-energy-ratings-46f5512e-01e1-4f52-a0f0-ca0f04fbfba3" class="None" data-version="1.3.3">
<div class="shop-product-energy-ratings">
<div data-reactroot=""></div>
</div>
</div>
</div>
</div>
<div class="embedded-component-container lv">
<div></div>
</div>
</div>
</div>
</div>
</div>
</div>
</div>
</div>
<div id="shop-specifications-807705de-ca8e-44b2-a79e-f9bebfefbe56" class="None" data-version="2.3.0">
<div class="shop-specifications">
<section class="specs-container specs-wrapper all-specs-wrapper" data-reactroot="">
<div class="specifications-accordion-wrapper ">
<div class="c-accordion size-l">
<div role="heading" aria-level="2"></div>
</div>
</div>
</section>
</div>
</div>
</div>
