{"id":15822,"date":"2020-10-22T12:05:05","date_gmt":"2020-10-22T17:05:05","guid":{"rendered":"https:\/\/defabrica.com.mx\/defabrica\/?post_type=product&#038;p=15822"},"modified":"2023-01-24T13:16:39","modified_gmt":"2023-01-24T19:16:39","slug":"samsung-860-qvo-series-2-5-sata-iii-ssd-interno-version-de-una-sola-unidad-mz-76q1t0b-am","status":"publish","type":"product","link":"https:\/\/defabrica.com.mx\/defabrica\/producto\/samsung-860-qvo-series-2-5-sata-iii-ssd-interno-version-de-una-sola-unidad-mz-76q1t0b-am\/","title":{"rendered":"SAMSUNG 860 QVO-Series 2.5 \u00abSATA III SSD interno Versi\u00f3n de una sola unidad &#8211; MZ-76Q1T0B \/ AM"},"content":{"rendered":"<p>Haga que su PC se sienta como nueva.\u00a0Con el rendimiento de SSD Samsung QVO 860 en su PC, puede disfrutar de velocidades de arranque ultrarr\u00e1pidas, almacenamiento a nivel de terabytes y confiabilidad confiable.\u00a0todo a un precio incre\u00edble.<\/p>\n<div id=\"featureBullets\" class=\"featureBullets\">\n<div>\n<div class=\"featureBullet\">\n<h3>Un nuevo est\u00e1ndar en velocidad.<\/h3>\n<ul>\n<li>Obtenga una velocidad excepcional que hace que los arranques sean 4 veces m\u00e1s r\u00e1pidos y la transferencia de archivos 10 veces m\u00e1s r\u00e1pida que una unidad de disco duro. * Una vez que haya experimentado el rendimiento de SSD, no hay vuelta atr\u00e1s.<\/li>\n<li>* El rendimiento puede variar seg\u00fan la versi\u00f3n de firmware de SSD y el hardware y la configuraci\u00f3n del sistema.\u00a0El rendimiento de escritura secuencial se mide con la tecnolog\u00eda Intelligent TurboWrite activada.\u00a0Es posible que el rendimiento de escritura secuencial no se mantenga para la parte de datos que exceda el tama\u00f1o del b\u00fafer de TurboWrite inteligente.\u00a0Las medidas de rendimiento secuenciales se basan en CrystalDiskMark v. 5.0.2.\u00a0Las mediciones de rendimiento aleatorias se basan en IOmeter1.1.0.\u00a0Configuraci\u00f3n del sistema de prueba: CPU Intel\u00ae Core i7-4790k a 4GHz, DDR3 1600MHz 8GB, OS-Windows 7 Ultimate 64bit, Chipset-ASUS-Z97-PRO.\u00a0La tecnolog\u00eda Intelligent TurboWrite ajusta el tama\u00f1o del b\u00fafer al nivel \u00f3ptimo dentro del espacio de disco utilizable;\u00a0hasta 42 GB para el modelo de 1 TB y hasta 78 GB para los modelos de 2 TB y 4 TB.\u00a0Para obtener m\u00e1s informaci\u00f3n sobre Intelligent TurboWrite, visite www.samsungssd.com.<\/li>\n<\/ul>\n<\/div>\n<div class=\"featureBullet\">\n<h3>La libertad de almacenar m\u00e1s.<\/h3>\n<ul>\n<li>La capacidad a nivel de terabytes le permite almacenar horas de sus pel\u00edculas 4K favoritas, toneladas de juegos y miles de fotos, todo sin comprometer la velocidad.<\/li>\n<\/ul>\n<\/div>\n<div class=\"featureBullet\">\n<h3>Tecnolog\u00eda en la que puede confiar.<\/h3>\n<ul>\n<li>El dise\u00f1o de estado s\u00f3lido significa que no hay partes m\u00f3viles, lo que convierte al Samsung 860 QVO en una alternativa confiable a un disco duro.\u00a0Una garant\u00eda de 3 a\u00f1os significa la tranquilidad de saber que todas sus pel\u00edculas, juegos y fotos est\u00e1n sanos y salvos. *<\/li>\n<li>* TBW: Terabytes escritos.\u00a0TBW garantizado: 360 TBW para el modelo de 1TB, 720 TBW para el modelo de 2TB y 1.440 TBW para el modelo de 4TB.\u00a03 a\u00f1os o TBW, lo que ocurra primero.\u00a0Para obtener m\u00e1s informaci\u00f3n sobre la garant\u00eda, busque la declaraci\u00f3n de garant\u00eda adjunta en el paquete.<\/li>\n<\/ul>\n<\/div>\n<div class=\"featureBullet\">\n<h3>Mantenga su conducci\u00f3n saludable.<\/h3>\n<ul>\n<li>Samsung Magician, un conjunto de herramientas simples que monitorea la velocidad, el rendimiento y el estado general de su disco, viene de serie con cada SSD 860 QVO.\u00a0Compatible con determinadas PC y Mac. * * El rendimiento puede variar seg\u00fan el hardware y la configuraci\u00f3n del sistema.<\/li>\n<li><span class=\"font-bold\">Garant\u00eda: 1<\/span><span class=\"xxs-margin-left\"> a\u00f1o directamente con nosotros<br \/>\n<\/span><\/li>\n<\/ul>\n<\/div>\n<\/div>\n<\/div>\n","protected":false},"excerpt":{"rendered":"<p>Haga que su PC se sienta como nueva.\u00a0Con el rendimiento de SSD Samsung QVO 860 en su PC, puede disfrutar de velocidades de arranque ultrarr\u00e1pidas, almacenamiento a nivel de terabytes<\/p>\n","protected":false},"featured_media":15823,"comment_status":"open","ping_status":"closed","template":"","meta":{"_acf_changed":false,"_joinchat":[]},"product_brand":[],"product_cat":[240,395,403],"product_tag":[],"class_list":{"0":"post-15822","1":"product","2":"type-product","3":"status-publish","4":"has-post-thumbnail","6":"product_cat-computadoras","7":"product_cat-componentes","8":"product_cat-todos-los-componentes","10":"first","11":"instock","12":"sale","13":"shipping-taxable","14":"purchasable","15":"product-type-simple"},"acf":[],"_links":{"self":[{"href":"https:\/\/defabrica.com.mx\/defabrica\/wp-json\/wp\/v2\/product\/15822","targetHints":{"allow":["GET"]}}],"collection":[{"href":"https:\/\/defabrica.com.mx\/defabrica\/wp-json\/wp\/v2\/product"}],"about":[{"href":"https:\/\/defabrica.com.mx\/defabrica\/wp-json\/wp\/v2\/types\/product"}],"replies":[{"embeddable":true,"href":"https:\/\/defabrica.com.mx\/defabrica\/wp-json\/wp\/v2\/comments?post=15822"}],"wp:featuredmedia":[{"embeddable":true,"href":"https:\/\/defabrica.com.mx\/defabrica\/wp-json\/wp\/v2\/media\/15823"}],"wp:attachment":[{"href":"https:\/\/defabrica.com.mx\/defabrica\/wp-json\/wp\/v2\/media?parent=15822"}],"wp:term":[{"taxonomy":"product_brand","embeddable":true,"href":"https:\/\/defabrica.com.mx\/defabrica\/wp-json\/wp\/v2\/product_brand?post=15822"},{"taxonomy":"product_cat","embeddable":true,"href":"https:\/\/defabrica.com.mx\/defabrica\/wp-json\/wp\/v2\/product_cat?post=15822"},{"taxonomy":"product_tag","embeddable":true,"href":"https:\/\/defabrica.com.mx\/defabrica\/wp-json\/wp\/v2\/product_tag?post=15822"}],"curies":[{"name":"wp","href":"https:\/\/api.w.org\/{rel}","templated":true}]}}