{"id":15779,"date":"2020-10-21T23:10:21","date_gmt":"2020-10-22T04:10:21","guid":{"rendered":"https:\/\/defabrica.com.mx\/defabrica\/?post_type=product&#038;p=15779"},"modified":"2025-09-04T00:43:46","modified_gmt":"2025-09-04T06:43:46","slug":"apple-airpods-pro","status":"publish","type":"product","link":"https:\/\/defabrica.com.mx\/defabrica\/producto\/apple-airpods-pro\/","title":{"rendered":"Apple AirPods Pro"},"content":{"rendered":"<p>Cancelaci\u00f3n activa de ruido para un sonido envolvente.\u00a0Modo de transparencia para escuchar y conectarse con el mundo que lo rodea.\u00a0Un ajuste m\u00e1s personalizable para comodidad durante todo el d\u00eda.\u00a0Resistente al agua y al sudor (1).\u00a0Todo en un auricular intrauditivo superligero que es f\u00e1cil de configurar con todos tus dispositivos Apple.\u00a0(2)<\/p>\n<h3><b>Caracter\u00edsticas\u00a0<\/b><\/h3>\n<ul>\n<li>Cancelaci\u00f3n activa de ruido para un sonido envolvente<\/li>\n<li>Modo de transparencia para escuchar y conectarse con el mundo que lo rodea<\/li>\n<li>Tres tama\u00f1os de puntas de silicona suaves y c\u00f3nicas para un ajuste personalizado<\/li>\n<li>Resistente al agua y al sudor (1)<\/li>\n<li>Adaptive EQ sintoniza autom\u00e1ticamente la m\u00fasica a la forma de su o\u00eddo<\/li>\n<li>Configuraci\u00f3n sencilla para todos sus dispositivos Apple (2)<\/li>\n<li>Acceso r\u00e1pido a Siri diciendo? Hey Siri?\u00a0(3)<\/li>\n<li>El estuche de carga inal\u00e1mbrica ofrece m\u00e1s de 24 horas de duraci\u00f3n de la bater\u00eda (4)<\/li>\n<\/ul>\n","protected":false},"excerpt":{"rendered":"<p>Cancelaci\u00f3n activa de ruido para un sonido envolvente.\u00a0Modo de transparencia para escuchar y conectarse con el mundo que lo rodea.\u00a0Un ajuste m\u00e1s personalizable para comodidad durante todo el d\u00eda.\u00a0Resistente al<\/p>\n","protected":false},"featured_media":15780,"comment_status":"open","ping_status":"closed","template":"","meta":{"_acf_changed":false,"_joinchat":[]},"product_brand":[],"product_cat":[1453,1476,294,300,304],"product_tag":[],"class_list":{"0":"post-15779","1":"product","2":"type-product","3":"status-publish","4":"has-post-thumbnail","6":"product_cat-black-friday","7":"product_cat-ofertas-primavera-audio","8":"product_cat-audio","9":"product_cat-audifonos","10":"product_cat-inalambricos","12":"first","13":"instock","14":"sale","15":"shipping-taxable","16":"purchasable","17":"product-type-simple"},"acf":[],"_links":{"self":[{"href":"https:\/\/defabrica.com.mx\/defabrica\/wp-json\/wp\/v2\/product\/15779","targetHints":{"allow":["GET"]}}],"collection":[{"href":"https:\/\/defabrica.com.mx\/defabrica\/wp-json\/wp\/v2\/product"}],"about":[{"href":"https:\/\/defabrica.com.mx\/defabrica\/wp-json\/wp\/v2\/types\/product"}],"replies":[{"embeddable":true,"href":"https:\/\/defabrica.com.mx\/defabrica\/wp-json\/wp\/v2\/comments?post=15779"}],"wp:featuredmedia":[{"embeddable":true,"href":"https:\/\/defabrica.com.mx\/defabrica\/wp-json\/wp\/v2\/media\/15780"}],"wp:attachment":[{"href":"https:\/\/defabrica.com.mx\/defabrica\/wp-json\/wp\/v2\/media?parent=15779"}],"wp:term":[{"taxonomy":"product_brand","embeddable":true,"href":"https:\/\/defabrica.com.mx\/defabrica\/wp-json\/wp\/v2\/product_brand?post=15779"},{"taxonomy":"product_cat","embeddable":true,"href":"https:\/\/defabrica.com.mx\/defabrica\/wp-json\/wp\/v2\/product_cat?post=15779"},{"taxonomy":"product_tag","embeddable":true,"href":"https:\/\/defabrica.com.mx\/defabrica\/wp-json\/wp\/v2\/product_tag?post=15779"}],"curies":[{"name":"wp","href":"https:\/\/api.w.org\/{rel}","templated":true}]}}

<p>Cancelación activa de ruido para un sonido envolvente. Modo de transparencia para escuchar y conectarse con el mundo que lo rodea. Un ajuste más personalizable para comodidad durante todo el día. Resistente al agua y al sudor (1). Todo en un auricular intrauditivo superligero que es fácil de configurar con todos tus dispositivos Apple. (2)</p>
<h3><b>Características </b></h3>
<ul>
<li>Cancelación activa de ruido para un sonido envolvente</li>
<li>Modo de transparencia para escuchar y conectarse con el mundo que lo rodea</li>
<li>Tres tamaños de puntas de silicona suaves y cónicas para un ajuste personalizado</li>
<li>Resistente al agua y al sudor (1)</li>
<li>Adaptive EQ sintoniza automáticamente la música a la forma de su oído</li>
<li>Configuración sencilla para todos sus dispositivos Apple (2)</li>
<li>Acceso rápido a Siri diciendo? Hey Siri? (3)</li>
<li>El estuche de carga inalámbrica ofrece más de 24 horas de duración de la batería (4)</li>
</ul>

<p>Cancelación activa de ruido para un sonido envolvente. Modo de transparencia para escuchar y conectarse con el mundo que lo rodea. Un ajuste más personalizable para comodidad durante todo el día. Resistente al</p>
