{"id":15752,"date":"2020-10-21T21:36:00","date_gmt":"2020-10-22T02:36:00","guid":{"rendered":"https:\/\/defabrica.com.mx\/defabrica\/?post_type=product&#038;p=15752"},"modified":"2023-01-28T11:19:25","modified_gmt":"2023-01-28T17:19:25","slug":"vankyo-matrixpad-z1-kids-7-pulgadas-rom-de-32-gb-kidoz-preinstalado-pantalla-ips-hd-wifi-sistema-operativo-android-go-estuche-a-prueba-de-ninos-azul","status":"publish","type":"product","link":"https:\/\/defabrica.com.mx\/defabrica\/producto\/vankyo-matrixpad-z1-kids-7-pulgadas-rom-de-32-gb-kidoz-preinstalado-pantalla-ips-hd-wifi-sistema-operativo-android-go-estuche-a-prueba-de-ninos-azul\/","title":{"rendered":"Vankyo MatrixPad Z1 Kids 7 pulgadas, ROM de 32 GB, Kidoz preinstalado, pantalla IPS HD, WiFi, sistema operativo Android GO, estuche a prueba de ni\u00f1os, azul"},"content":{"rendered":"<p><strong>Dise\u00f1ado para sus peque\u00f1os:<\/strong><br \/>\nel Vankyo MatrixPad Z1 kids viene con la aplicaci\u00f3n para ni\u00f1os con certificaci\u00f3n COPPA Kidoz precargada, un parachoques resistente a los golpes con soporte incorporado y modo Eye Health que filtra la luz azul.\u00a0Tiene una pantalla HD de 7 pulgadas, procesador de cuatro n\u00facleos a 1,5 GHz, sistema operativo Android 8.1 Go y pesa menos de 1 libra. Compatible con 38 idiomas, incluido el espa\u00f1ol, todos los ni\u00f1os pueden jugar en \u00e9l.<\/p>\n<h3><strong>Caracter\u00edsticas<\/strong><\/h3>\n<ul>\n<li>Pantalla HD con protecci\u00f3n ocular<\/li>\n<li>Caja de pintura para la creatividad<\/li>\n<li>Gran almacenamiento y diversi\u00f3n duradera<\/li>\n<li>Estuche exclusivo para ni\u00f1os<\/li>\n<\/ul>\n","protected":false},"excerpt":{"rendered":"<p>Dise\u00f1ado para sus peque\u00f1os: el Vankyo MatrixPad Z1 kids viene con la aplicaci\u00f3n para ni\u00f1os con certificaci\u00f3n COPPA Kidoz precargada, un parachoques resistente a los golpes con soporte incorporado y<\/p>\n","protected":false},"featured_media":15758,"comment_status":"open","ping_status":"closed","template":"","meta":{"_acf_changed":false,"_joinchat":[]},"product_brand":[],"product_cat":[408,409,410],"product_tag":[],"class_list":{"0":"post-15752","1":"product","2":"type-product","3":"status-publish","4":"has-post-thumbnail","6":"product_cat-celulares-y-tablets","7":"product_cat-tablets-y-ipad","8":"product_cat-todas-las-tablets","10":"first","11":"instock","12":"sale","13":"shipping-taxable","14":"purchasable","15":"product-type-simple"},"acf":[],"_links":{"self":[{"href":"https:\/\/defabrica.com.mx\/defabrica\/wp-json\/wp\/v2\/product\/15752","targetHints":{"allow":["GET"]}}],"collection":[{"href":"https:\/\/defabrica.com.mx\/defabrica\/wp-json\/wp\/v2\/product"}],"about":[{"href":"https:\/\/defabrica.com.mx\/defabrica\/wp-json\/wp\/v2\/types\/product"}],"replies":[{"embeddable":true,"href":"https:\/\/defabrica.com.mx\/defabrica\/wp-json\/wp\/v2\/comments?post=15752"}],"wp:featuredmedia":[{"embeddable":true,"href":"https:\/\/defabrica.com.mx\/defabrica\/wp-json\/wp\/v2\/media\/15758"}],"wp:attachment":[{"href":"https:\/\/defabrica.com.mx\/defabrica\/wp-json\/wp\/v2\/media?parent=15752"}],"wp:term":[{"taxonomy":"product_brand","embeddable":true,"href":"https:\/\/defabrica.com.mx\/defabrica\/wp-json\/wp\/v2\/product_brand?post=15752"},{"taxonomy":"product_cat","embeddable":true,"href":"https:\/\/defabrica.com.mx\/defabrica\/wp-json\/wp\/v2\/product_cat?post=15752"},{"taxonomy":"product_tag","embeddable":true,"href":"https:\/\/defabrica.com.mx\/defabrica\/wp-json\/wp\/v2\/product_tag?post=15752"}],"curies":[{"name":"wp","href":"https:\/\/api.w.org\/{rel}","templated":true}]}}