{"id":15721,"date":"2020-10-21T21:18:28","date_gmt":"2020-10-22T02:18:28","guid":{"rendered":"https:\/\/defabrica.com.mx\/defabrica\/?post_type=product&#038;p=15721"},"modified":"2022-11-30T14:51:33","modified_gmt":"2022-11-30T20:51:33","slug":"amazon-fire-hd-8-kids-edition-10-a-generacion-8-tableta-32-gb-rosa","status":"publish","type":"product","link":"https:\/\/defabrica.com.mx\/defabrica\/producto\/amazon-fire-hd-8-kids-edition-10-a-generacion-8-tableta-32-gb-rosa\/","title":{"rendered":"Amazon &#8211; Tablet Fire 8 &#8211; Kids &#8211; 8 Pulgadas &#8211; 32GB &#8211; Wi-Fi &#8211; Amazon Alexa &#8211; USB Tipo C &#8211; Hasta 7hrs de Bater\u00eda &#8211; 2 a\u00f1os de garant\u00eda"},"content":{"rendered":"<div>\n<div>Educa a tus hijos en casa con esta tableta Amazon Fire HD 8 Kids Edition.\u00a0La duraci\u00f3n de la bater\u00eda de 12 horas ofrece uso durante todo el d\u00eda para actividades de lectura y se alimenta a trav\u00e9s de USB-C para una carga r\u00e1pida, mientras que los 32 GB de almacenamiento interno se adaptan al contenido multimedia.\u00a0Esta tableta Amazon Fire HD 8 Kids Edition cuenta con un estuche a prueba de ni\u00f1os con un soporte incorporado para uso con manos libres y durabilidad.<\/div>\n<\/div>\n<div><\/div>\n<div><\/div>\n<div>\n<h3><\/h3>\n<h3 class=\"heading-5 v-fw-regular feature-heading\"><strong>Caracter\u00edsticas<\/strong><\/h3>\n<ul>\n<li><strong>Dise\u00f1ado pensando en los ni\u00f1os<\/strong><br \/>\nIncluye una tableta Fire HD 8 con todas las funciones, un estuche a prueba de ni\u00f1os con soporte incorporado y un a\u00f1o de Amazon FreeTime Unlimited.<\/li>\n<li><strong>Amazon FreeTime Unlimited<\/strong><br \/>\nOfrece m\u00e1s de 20,000 libros, libros en Audible, pel\u00edculas, programas de TV, aplicaciones y juegos para ni\u00f1os de 3 a 12 a\u00f1os. Todo el contenido de FreeTime Unlimited est\u00e1 cuidadosamente seleccionado y es apropiado para la edad.<\/li>\n<li><strong>Amazon FreeTime en espa\u00f1ol<\/strong><br \/>\nIncluye miles de libros, videos, aplicaciones, juegos y libros Audible en espa\u00f1ol para ni\u00f1os y cuidadosamente seleccionados.<\/li>\n<li><strong>Controles parentales f\u00e1ciles de usar<\/strong><br \/>\nLimite el tiempo frente a la pantalla, establezca objetivos educativos y toques de queda, y administre el contenido de hasta cuatro perfiles de ni\u00f1os.<\/li>\n<li><strong>Manos libres con Alexa<\/strong><br \/>\nAlexa te conecta con la informaci\u00f3n, el entretenimiento y las personas que m\u00e1s te importan, solo con tu voz. Solicite reproducir videos, abrir aplicaciones, verificar el clima o controlar dispositivos dom\u00e9sticos inteligentes.<\/li>\n<li><strong>Sistema operativo Fire OS 7<\/strong><br \/>\nAcceda instant\u00e1neamente a sus aplicaciones favoritas a trav\u00e9s de la tienda de aplicaciones de Amazon.<\/li>\n<li><strong>Pantalla de 8 \u00abcon resoluci\u00f3n de 1280 x 800<\/strong><br \/>\nResoluci\u00f3n clara y brillante para ver pel\u00edculas, navegar por la web, leer libros y m\u00e1s.<\/li>\n<li><strong>Almacenamiento interno de 32 GB m\u00e1s ranura microSD<\/strong><br \/>\nAlmacene su software, aplicaciones, m\u00fasica, pel\u00edculas, fotos y m\u00e1s. Agregue una tarjeta microSD (se vende por separado) para hasta 1 TB de almacenamiento adicional.<\/li>\n<li><strong>Procesador de cuatro n\u00facleos<\/strong><br \/>\nLa combinaci\u00f3n correcta de rendimiento r\u00e1pido y eficiencia energ\u00e9tica. Permite una r\u00e1pida multitarea, ofrece una respuesta fluida y da rienda suelta a gr\u00e1ficos impresionantes.<\/li>\n<li><strong>C\u00e1maras duales HD para fotos y chat cara a cara<\/strong><br \/>\nC\u00e1mara frontal de 2.0MP y c\u00e1mara trasera con enfoque autom\u00e1tico de 2.0MP.<\/li>\n<\/ul>\n<\/div>\n<p>&nbsp;<\/p>\n<div class=\"header-container header-lv\">\n<h3 class=\"heading-5 v-fw-regular\">Qu\u00e9 est\u00e1 incluido<\/h3>\n<p>&nbsp;<\/p>\n<\/div>\n<div class=\"list-container list-lv\">\n<ul class=\" bold\">\n<li class=\"bold v-fw-medium body-copy\">Amazon Fire HD 8 Kids Edition 10.a generaci\u00f3n &#8211; 8 \u00ab- Tableta &#8211; 32 GB<\/li>\n<li class=\"bold v-fw-medium body-copy\">Bater\u00eda de pol\u00edmero de iones de litio<\/li>\n<li class=\"bold v-fw-medium body-copy\">Estuche a prueba de ni\u00f1os<\/li>\n<li class=\"bold v-fw-medium body-copy\">Adaptador de corriente de 5 W<\/li>\n<li class=\"bold v-fw-medium body-copy\">Cable USB-C<\/li>\n<li class=\"bold v-fw-medium body-copy\">El manual del propietario<\/li>\n<\/ul>\n<\/div>\n","protected":false},"excerpt":{"rendered":"<p>Educa a tus hijos en casa con esta tableta Amazon Fire HD 8 Kids Edition.\u00a0La duraci\u00f3n de la bater\u00eda de 12 horas ofrece uso durante todo el d\u00eda para actividades<\/p>\n","protected":false},"featured_media":15734,"comment_status":"open","ping_status":"closed","template":"","meta":{"_acf_changed":false,"_joinchat":[]},"product_brand":[],"product_cat":[1472,408,409,261,260,410,886,1097,1200],"product_tag":[],"class_list":{"0":"post-15721","1":"product","2":"type-product","3":"status-publish","4":"has-post-thumbnail","6":"product_cat-ofertas-primavera-tablets","7":"product_cat-celulares-y-tablets","8":"product_cat-tablets-y-ipad","9":"product_cat-amazon","10":"product_cat-tablets-para-ninos","11":"product_cat-todas-las-tablets","12":"product_cat-juguetesycoleccionables","13":"product_cat-juguetes","14":"product_cat-electronica-para-ninos","16":"first","17":"instock","18":"sale","19":"shipping-taxable","20":"purchasable","21":"product-type-variable","22":"has-default-attributes"},"acf":[],"_links":{"self":[{"href":"https:\/\/defabrica.com.mx\/defabrica\/wp-json\/wp\/v2\/product\/15721","targetHints":{"allow":["GET"]}}],"collection":[{"href":"https:\/\/defabrica.com.mx\/defabrica\/wp-json\/wp\/v2\/product"}],"about":[{"href":"https:\/\/defabrica.com.mx\/defabrica\/wp-json\/wp\/v2\/types\/product"}],"replies":[{"embeddable":true,"href":"https:\/\/defabrica.com.mx\/defabrica\/wp-json\/wp\/v2\/comments?post=15721"}],"wp:featuredmedia":[{"embeddable":true,"href":"https:\/\/defabrica.com.mx\/defabrica\/wp-json\/wp\/v2\/media\/15734"}],"wp:attachment":[{"href":"https:\/\/defabrica.com.mx\/defabrica\/wp-json\/wp\/v2\/media?parent=15721"}],"wp:term":[{"taxonomy":"product_brand","embeddable":true,"href":"https:\/\/defabrica.com.mx\/defabrica\/wp-json\/wp\/v2\/product_brand?post=15721"},{"taxonomy":"product_cat","embeddable":true,"href":"https:\/\/defabrica.com.mx\/defabrica\/wp-json\/wp\/v2\/product_cat?post=15721"},{"taxonomy":"product_tag","embeddable":true,"href":"https:\/\/defabrica.com.mx\/defabrica\/wp-json\/wp\/v2\/product_tag?post=15721"}],"curies":[{"name":"wp","href":"https:\/\/api.w.org\/{rel}","templated":true}]}}