{"id":15386,"date":"2020-10-18T03:09:28","date_gmt":"2020-10-18T08:09:28","guid":{"rendered":"https:\/\/defabrica.com.mx\/defabrica\/?post_type=product&#038;p=15386"},"modified":"2023-01-26T14:15:07","modified_gmt":"2023-01-26T20:15:07","slug":"apple-smart-keyboard-para-ipad-7-a-generacion-y-ipad-air-3-a-generacion","status":"publish","type":"product","link":"https:\/\/defabrica.com.mx\/defabrica\/producto\/apple-smart-keyboard-para-ipad-7-a-generacion-y-ipad-air-3-a-generacion\/","title":{"rendered":"Apple Smart Keyboard para iPad (7.a generaci\u00f3n) y iPad Air (3.a generaci\u00f3n)"},"content":{"rendered":"<p>Escriba en un teclado de tama\u00f1o completo cuando lo necesite.\u00a0O d\u00f3blelo para crear una funda delgada y liviana para su iPad (7.a generaci\u00f3n), iPad Air (3.a generaci\u00f3n) o iPad Pro de 10.5 pulgadas.<\/p>\n<p>Smart Keyboard le permite escribir un trabajo final o crear una presentaci\u00f3n en un teclado de tama\u00f1o completo siempre que lo necesite.\u00a0Se conecta f\u00e1cilmente sin necesidad de emparejarlo o cargarlo, por lo que siempre est\u00e1 listo para funcionar.\u00a0Y cuando termines, se pliega para crear una cubierta delgada y liviana.<\/p>\n<h3><strong>Compatibilidad:<\/strong><\/h3>\n<ul>\n<li>iPad (s\u00e9ptima generaci\u00f3n)<\/li>\n<li>iPad Air (tercera generaci\u00f3n)<\/li>\n<li>iPad Pro de 10,5 pulgadas<\/li>\n<\/ul>\n","protected":false},"excerpt":{"rendered":"<p>Escriba en un teclado de tama\u00f1o completo cuando lo necesite.\u00a0O d\u00f3blelo para crear una funda delgada y liviana para su iPad (7.a generaci\u00f3n), iPad Air (3.a generaci\u00f3n) o iPad Pro<\/p>\n","protected":false},"featured_media":15387,"comment_status":"open","ping_status":"closed","template":"","meta":{"_acf_changed":false,"_joinchat":[]},"product_brand":[],"product_cat":[408,411,418,421],"product_tag":[],"class_list":{"0":"post-15386","1":"product","2":"type-product","3":"status-publish","4":"has-post-thumbnail","6":"product_cat-celulares-y-tablets","7":"product_cat-accesorios-para-tablets","8":"product_cat-teclados-para-tablets","9":"product_cat-todos-los-accesorios-para-tablets","11":"first","12":"instock","13":"sale","14":"shipping-taxable","15":"purchasable","16":"product-type-simple"},"acf":[],"_links":{"self":[{"href":"https:\/\/defabrica.com.mx\/defabrica\/wp-json\/wp\/v2\/product\/15386","targetHints":{"allow":["GET"]}}],"collection":[{"href":"https:\/\/defabrica.com.mx\/defabrica\/wp-json\/wp\/v2\/product"}],"about":[{"href":"https:\/\/defabrica.com.mx\/defabrica\/wp-json\/wp\/v2\/types\/product"}],"replies":[{"embeddable":true,"href":"https:\/\/defabrica.com.mx\/defabrica\/wp-json\/wp\/v2\/comments?post=15386"}],"wp:featuredmedia":[{"embeddable":true,"href":"https:\/\/defabrica.com.mx\/defabrica\/wp-json\/wp\/v2\/media\/15387"}],"wp:attachment":[{"href":"https:\/\/defabrica.com.mx\/defabrica\/wp-json\/wp\/v2\/media?parent=15386"}],"wp:term":[{"taxonomy":"product_brand","embeddable":true,"href":"https:\/\/defabrica.com.mx\/defabrica\/wp-json\/wp\/v2\/product_brand?post=15386"},{"taxonomy":"product_cat","embeddable":true,"href":"https:\/\/defabrica.com.mx\/defabrica\/wp-json\/wp\/v2\/product_cat?post=15386"},{"taxonomy":"product_tag","embeddable":true,"href":"https:\/\/defabrica.com.mx\/defabrica\/wp-json\/wp\/v2\/product_tag?post=15386"}],"curies":[{"name":"wp","href":"https:\/\/api.w.org\/{rel}","templated":true}]}}

Apple Smart Keyboard para iPad (7.a generación) y iPad Air (3.a generación)

<p>Escriba en un teclado de tamaño completo cuando lo necesite. O dóblelo para crear una funda delgada y liviana para su iPad (7.a generación), iPad Air (3.a generación) o iPad Pro de 10.5 pulgadas.</p>
<p>Smart Keyboard le permite escribir un trabajo final o crear una presentación en un teclado de tamaño completo siempre que lo necesite. Se conecta fácilmente sin necesidad de emparejarlo o cargarlo, por lo que siempre está listo para funcionar. Y cuando termines, se pliega para crear una cubierta delgada y liviana.</p>
<h3><strong>Compatibilidad:</strong></h3>
<ul>
<li>iPad (séptima generación)</li>
<li>iPad Air (tercera generación)</li>
<li>iPad Pro de 10,5 pulgadas</li>
</ul>

<p>Escriba en un teclado de tamaño completo cuando lo necesite. O dóblelo para crear una funda delgada y liviana para su iPad (7.a generación), iPad Air (3.a generación) o iPad Pro</p>
