{"id":15359,"date":"2020-10-18T02:06:12","date_gmt":"2020-10-18T07:06:12","guid":{"rendered":"https:\/\/defabrica.com.mx\/defabrica\/?post_type=product&#038;p=15359"},"modified":"2023-01-13T13:26:26","modified_gmt":"2023-01-13T19:26:26","slug":"joby-soporte-pro-griptight-mount-para-telefono-inteligente","status":"publish","type":"product","link":"https:\/\/defabrica.com.mx\/defabrica\/producto\/joby-soporte-pro-griptight-mount-para-telefono-inteligente\/","title":{"rendered":"JOBY &#8211; Soporte PRO GripTight Mount para tel\u00e9fono inteligente"},"content":{"rendered":"<p>Estabilice su tel\u00e9fono inteligente al tomar fotos o videos con GripTight Mount Pro. Este soporte es compatible con cualquier tel\u00e9fono inteligente, con o sin estuche, y puede girar su tel\u00e9fono y ajustar el \u00e1ngulo de inclinaci\u00f3n mientras el soporte mantiene su tel\u00e9fono seguro. El GripTight Mount Pro se fija a tr\u00edpodes con una rosca de 1\/4 \u00ab-20.<\/p>\n<div>\n<h3 class=\"heading-5 v-fw-regular feature-heading\">Caracteristicas<\/h3>\n<ul>\n<li><strong>Compatibilidad universal con tel\u00e9fonos inteligentes<\/strong><br \/>\nSe adapta a cualquier modelo, con o sin estuche.<\/li>\n<li><strong>Materiales<\/strong><br \/>\nConstrucci\u00f3n robusta y premium con pl\u00e1stico ABS duradero, almohadillas de agarre de TPE y placas de acero inoxidable.<\/li>\n<li><strong>Bloquea de forma segura<\/strong><br \/>\nY gira para ver y tomar fotos o videos en modo vertical u horizontal.<\/li>\n<li><strong>Dise\u00f1ado para la sujeci\u00f3n m\u00e1s segura<\/strong><br \/>\nAl capturar im\u00e1genes, videos o disfrutar de medios a trav\u00e9s de su tel\u00e9fono inteligente.<\/li>\n<li><strong>Capaz de ajustar el \u00e1ngulo de inclinaci\u00f3n<\/strong><br \/>\nPara evitar el deslumbramiento.<\/li>\n<li><strong>Compatible con tr\u00edpodes<\/strong><br \/>\nEl soporte se conecta a JOBY GorillaPods y otros tr\u00edpodes a trav\u00e9s de una rosca de 1\/4 \u00ab-20.<\/li>\n<\/ul>\n<div class=\"header-container header-lv\">\n<h3 class=\"heading-5 v-fw-regular\">Qu\u00e9 est\u00e1 incluido<\/h3>\n<\/div>\n<ul>\n<li class=\"list-container list-lv\">Soporte JOBY GripTight Mount PRO para smartphone<\/li>\n<\/ul>\n<\/div>\n<p>&nbsp;<\/p>\n","protected":false},"excerpt":{"rendered":"<p>Estabilice su tel\u00e9fono inteligente al tomar fotos o videos con GripTight Mount Pro. Este soporte es compatible con cualquier tel\u00e9fono inteligente, con o sin estuche, y puede girar su tel\u00e9fono<\/p>\n","protected":false},"featured_media":15363,"comment_status":"open","ping_status":"closed","template":"","meta":{"_acf_changed":false,"_joinchat":[]},"product_brand":[],"product_cat":[408,275,416],"product_tag":[],"class_list":{"0":"post-15359","1":"product","2":"type-product","3":"status-publish","4":"has-post-thumbnail","6":"product_cat-celulares-y-tablets","7":"product_cat-accesorios-para-celular","8":"product_cat-todos-los-accesorios-para-celulares","10":"first","11":"instock","12":"sale","13":"shipping-taxable","14":"purchasable","15":"product-type-simple"},"acf":[],"_links":{"self":[{"href":"https:\/\/defabrica.com.mx\/defabrica\/wp-json\/wp\/v2\/product\/15359","targetHints":{"allow":["GET"]}}],"collection":[{"href":"https:\/\/defabrica.com.mx\/defabrica\/wp-json\/wp\/v2\/product"}],"about":[{"href":"https:\/\/defabrica.com.mx\/defabrica\/wp-json\/wp\/v2\/types\/product"}],"replies":[{"embeddable":true,"href":"https:\/\/defabrica.com.mx\/defabrica\/wp-json\/wp\/v2\/comments?post=15359"}],"wp:featuredmedia":[{"embeddable":true,"href":"https:\/\/defabrica.com.mx\/defabrica\/wp-json\/wp\/v2\/media\/15363"}],"wp:attachment":[{"href":"https:\/\/defabrica.com.mx\/defabrica\/wp-json\/wp\/v2\/media?parent=15359"}],"wp:term":[{"taxonomy":"product_brand","embeddable":true,"href":"https:\/\/defabrica.com.mx\/defabrica\/wp-json\/wp\/v2\/product_brand?post=15359"},{"taxonomy":"product_cat","embeddable":true,"href":"https:\/\/defabrica.com.mx\/defabrica\/wp-json\/wp\/v2\/product_cat?post=15359"},{"taxonomy":"product_tag","embeddable":true,"href":"https:\/\/defabrica.com.mx\/defabrica\/wp-json\/wp\/v2\/product_tag?post=15359"}],"curies":[{"name":"wp","href":"https:\/\/api.w.org\/{rel}","templated":true}]}}