{"id":15210,"date":"2020-10-17T11:56:53","date_gmt":"2020-10-17T16:56:53","guid":{"rendered":"https:\/\/defabrica.com.mx\/defabrica\/?post_type=product&#038;p=15210"},"modified":"2023-01-28T10:48:09","modified_gmt":"2023-01-28T16:48:09","slug":"onn-estuche-de-transporte-compacto-para-camara","status":"publish","type":"product","link":"https:\/\/defabrica.com.mx\/defabrica\/producto\/onn-estuche-de-transporte-compacto-para-camara\/","title":{"rendered":"Estuche de transporte compacto para c\u00e1mara"},"content":{"rendered":"<p>\u00a1Mantenga su c\u00e1mara segura y sus recuerdos tambi\u00e9n!\u00a0Simplemente deslice su c\u00e1mara digital en nuestro estuche de transporte compacto y t\u00edrelo en su bolso, o desl\u00edcelo.\u00a0la correa de hombro desmontable y perder el equipaje!\u00a0Con un exterior de nailon duradero y un interior acolchado, nuestro estuche para c\u00e1mara se adapta a la mayor\u00eda de las c\u00e1maras digitales compactas.\u00a0Capture cada momento especial.\u00a0Conc\u00e9ntrese en n.<\/p>\n<p>Estamos en.\u00a0a algo aqu\u00ed.\u00a0Eliminamos la molestia de comprar productos electr\u00f3nicos y creamos una marca que es fresca y simple.\u00a0Con deliciosos toques de color, encontrar el producto adecuado nunca ha sido tan f\u00e1cil.\u00a0D\u00edgale adi\u00f3s a la estresante toma de decisiones y al miedo al pasillo de la electr\u00f3nica.\u00a0Nuestra misi\u00f3n es simple &#8230; ofrecer excelentes productos y hacerlo f\u00e1cil.\u00a0Elija onn.\u00a0y vuelva a usar su capacidad intelectual para las cosas importantes de la vida &#8230; como reflexionar sobre la pregunta: \u00ab\u00bfQu\u00e9 debo ver este fin de semana?\u00bb<\/p>\n<p>onn. Estuche de transporte para c\u00e1mara compacta<\/p>\n<h3>Caracter\u00edsticas<\/h3>\n<ul>\n<li>El exterior de nailon duradero y el interior acolchado protegen su c\u00e1mara contra el desgaste diario<\/li>\n<li>Se adapta a la mayor\u00eda de las c\u00e1maras digitales compactas<\/li>\n<li>Correa de hombro desmontable y ajustable<\/li>\n<li>Ideal para cualquier viaje de vacaciones o por carretera.<\/li>\n<li>Mide 5.51 en x 3.15 en x 1.57 en<\/li>\n<li>\u00bfQu\u00e9 hay en la caja?\u00a01 funda para c\u00e1mara digital compacta con correa para el hombro ajustable \/ desmontable<\/li>\n<\/ul>\n","protected":false},"excerpt":{"rendered":"<p>\u00a1Mantenga su c\u00e1mara segura y sus recuerdos tambi\u00e9n!\u00a0Simplemente deslice su c\u00e1mara digital en nuestro estuche de transporte compacto y t\u00edrelo en su bolso, o desl\u00edcelo.\u00a0la correa de hombro desmontable y<\/p>\n","protected":false},"featured_media":15211,"comment_status":"open","ping_status":"closed","template":"","meta":{"_acf_changed":false,"_joinchat":[]},"product_brand":[],"product_cat":[442,450,453,456],"product_tag":[],"class_list":{"0":"post-15210","1":"product","2":"type-product","3":"status-publish","4":"has-post-thumbnail","6":"product_cat-camaras","7":"product_cat-accesorios-camaras","8":"product_cat-bolsas-y-estuches","9":"product_cat-todos-los-accesorios-de-camaras","11":"first","12":"instock","13":"sale","14":"shipping-taxable","15":"purchasable","16":"product-type-simple"},"acf":[],"_links":{"self":[{"href":"https:\/\/defabrica.com.mx\/defabrica\/wp-json\/wp\/v2\/product\/15210","targetHints":{"allow":["GET"]}}],"collection":[{"href":"https:\/\/defabrica.com.mx\/defabrica\/wp-json\/wp\/v2\/product"}],"about":[{"href":"https:\/\/defabrica.com.mx\/defabrica\/wp-json\/wp\/v2\/types\/product"}],"replies":[{"embeddable":true,"href":"https:\/\/defabrica.com.mx\/defabrica\/wp-json\/wp\/v2\/comments?post=15210"}],"wp:featuredmedia":[{"embeddable":true,"href":"https:\/\/defabrica.com.mx\/defabrica\/wp-json\/wp\/v2\/media\/15211"}],"wp:attachment":[{"href":"https:\/\/defabrica.com.mx\/defabrica\/wp-json\/wp\/v2\/media?parent=15210"}],"wp:term":[{"taxonomy":"product_brand","embeddable":true,"href":"https:\/\/defabrica.com.mx\/defabrica\/wp-json\/wp\/v2\/product_brand?post=15210"},{"taxonomy":"product_cat","embeddable":true,"href":"https:\/\/defabrica.com.mx\/defabrica\/wp-json\/wp\/v2\/product_cat?post=15210"},{"taxonomy":"product_tag","embeddable":true,"href":"https:\/\/defabrica.com.mx\/defabrica\/wp-json\/wp\/v2\/product_tag?post=15210"}],"curies":[{"name":"wp","href":"https:\/\/api.w.org\/{rel}","templated":true}]}}

Estuche de transporte compacto para cámara

<p>¡Mantenga su cámara segura y sus recuerdos también! Simplemente deslice su cámara digital en nuestro estuche de transporte compacto y tírelo en su bolso, o deslícelo. la correa de hombro desmontable y perder el equipaje! Con un exterior de nailon duradero y un interior acolchado, nuestro estuche para cámara se adapta a la mayoría de las cámaras digitales compactas. Capture cada momento especial. Concéntrese en n.</p>
<p>Estamos en. a algo aquí. Eliminamos la molestia de comprar productos electrónicos y creamos una marca que es fresca y simple. Con deliciosos toques de color, encontrar el producto adecuado nunca ha sido tan fácil. Dígale adiós a la estresante toma de decisiones y al miedo al pasillo de la electrónica. Nuestra misión es simple &#8230; ofrecer excelentes productos y hacerlo fácil. Elija onn. y vuelva a usar su capacidad intelectual para las cosas importantes de la vida &#8230; como reflexionar sobre la pregunta: «¿Qué debo ver este fin de semana?»</p>
<p>onn. Estuche de transporte para cámara compacta</p>
<h3>Características</h3>
<ul>
<li>El exterior de nailon duradero y el interior acolchado protegen su cámara contra el desgaste diario</li>
<li>Se adapta a la mayoría de las cámaras digitales compactas</li>
<li>Correa de hombro desmontable y ajustable</li>
<li>Ideal para cualquier viaje de vacaciones o por carretera.</li>
<li>Mide 5.51 en x 3.15 en x 1.57 en</li>
<li>¿Qué hay en la caja? 1 funda para cámara digital compacta con correa para el hombro ajustable / desmontable</li>
</ul>

<p>¡Mantenga su cámara segura y sus recuerdos también! Simplemente deslice su cámara digital en nuestro estuche de transporte compacto y tírelo en su bolso, o deslícelo. la correa de hombro desmontable y</p>
