{"id":15044,"date":"2020-10-16T20:07:02","date_gmt":"2020-10-17T01:07:02","guid":{"rendered":"https:\/\/defabrica.com.mx\/defabrica\/?post_type=product&#038;p=15044"},"modified":"2022-11-30T14:49:47","modified_gmt":"2022-11-30T20:49:47","slug":"microsoft-surface-pro-7-pantalla-tactil-de-123-intel-core-i5-memoria-de-8-gb-unidad-de-estado-solido-de-128-gb-ultimo-modelo-platinum","status":"publish","type":"product","link":"https:\/\/defabrica.com.mx\/defabrica\/producto\/microsoft-surface-pro-7-pantalla-tactil-de-123-intel-core-i5-memoria-de-8-gb-unidad-de-estado-solido-de-128-gb-ultimo-modelo-platinum\/","title":{"rendered":"Microsoft &#8211; Surface Pro 7 &#8211; Pantalla t\u00e1ctil de 12,3 \u00ab- Intel Core i5 &#8211; Memoria de 8 GB &#8211; Unidad de estado s\u00f3lido de 128 GB (\u00faltimo modelo) &#8211; Platinum"},"content":{"rendered":"<div>\n<div>En la oficina, en casa o de viaje, el nuevo Surface Pro 7 se adapta a su forma de trabajar con la versatilidad de port\u00e1til a tableta.\u00a0Y ahora, ofrece m\u00e1s potencia que nunca con un procesador Intel\u00ae Core \u2122 de clase port\u00e1til, bater\u00eda para todo el d\u00eda\u00b9, encendido instant\u00e1neo, gr\u00e1ficos mejorados y mayor tiempo de espera, adem\u00e1s de m\u00e1s conexiones multitarea, que ahora incluyen USB-C \u2122 y USB. -A puertos.<\/div>\n<\/div>\n<div><\/div>\n<h3><\/h3>\n<h3 class=\"heading-5 v-fw-regular feature-heading\"><strong>Caracter\u00edsticas<\/strong><\/h3>\n<ul>\n<li><strong>Tu port\u00e1til, a tu manera<\/strong><br \/>\nEsta computadora port\u00e1til de pr\u00f3xima generaci\u00f3n presenta la versatilidad de un estudio y una tableta, por lo que puede escribir, tocar, dibujar, escribir, trabajar y jugar de manera m\u00e1s natural.<\/li>\n<li><strong>Potencia de pr\u00f3xima generaci\u00f3n para alimentar sus ideas<\/strong><br \/>\nCon la tecnolog\u00eda de un procesador Intel\u00ae Core \u2122 de d\u00e9cima generaci\u00f3n y dos veces m\u00e1s r\u00e1pido que Surface Pro 6, Surface Pro 7 sigue tu ritmo.<\/li>\n<li><strong>Con velocidad multitarea, gr\u00e1ficos mejorados, entretenimiento asombroso, rendimiento Wi-Fi incre\u00edble y bater\u00eda de larga duraci\u00f3n\u00b9.<\/strong><\/li>\n<li><strong>M\u00e1s formas de conectarse<\/strong><br \/>\nAhora con puertos USB-C \u2122 y USB-A para conectarse a pantallas, estaciones de acoplamiento y m\u00e1s, as\u00ed como para cargar accesorios.<\/li>\n<li><strong>Ultradelgado y ligero<\/strong><br \/>\nEl dise\u00f1o sobresaliente no le pesar\u00e1, ultradelgado y liviano, Surface Pro 7 comienza con solo 1.70 lbs.\u00b2<\/li>\n<li><strong>Energ\u00eda todo el d\u00eda en movimiento<\/strong><br \/>\nDuraci\u00f3n de la bater\u00eda durante todo el d\u00eda de hasta 10,5 horas\u00b9, m\u00e1s la capacidad de pasar de vac\u00edo a lleno m\u00e1s r\u00e1pido, aproximadamente un 80% en poco m\u00e1s de una hora.<\/li>\n<li><strong>Expr\u00e9sate<\/strong><br \/>\nElija entre diferentes colores y accesorios para crear su propio estilo.<\/li>\n<li><strong>Haga m\u00e1s con Windows que conoce<\/strong><br \/>\nCon Windows 10 Home\u00b3, disfrute de funciones familiares como el inicio de sesi\u00f3n de Windows Hello sin contrase\u00f1a. Cree su mejor trabajo con Office 365 * en Windows y mantenga las fotos y los archivos seguros en la nube con OneDrive integrado.<\/li>\n<li><strong>Pantalla brillante con todas las luces<\/strong><br \/>\nLa pantalla PixelSense \u2122 de alta resoluci\u00f3n con sensor de luz ambiental se ajusta autom\u00e1ticamente a las condiciones de iluminaci\u00f3n.<\/li>\n<li><strong>Tu eres la contrase\u00f1a<\/strong><br \/>\nInicie sesi\u00f3n de forma segura con el inicio de sesi\u00f3n de Windows Hello, una forma r\u00e1pida y segura de desbloquear Surface Pro 7.<\/li>\n<li><strong>*Se vende por separado.<\/strong><\/li>\n<li>\u00b9 Hasta 10,5 horas de duraci\u00f3n de la bater\u00eda para el uso t\u00edpico del dispositivo.<\/li>\n<li>\u00b2 Peso sin incluir la funda.<\/li>\n<\/ul>\n<p>&nbsp;<\/p>\n<h3>Qu\u00e9 est\u00e1 incluido<\/h3>\n<div class=\"list-container list-lv\">\n<ul class=\" bold\">\n<li class=\"bold v-fw-medium body-copy\">Microsoft Surface Pro 7 &#8211; Pantalla t\u00e1ctil de 12,3 \u00ab- Platino &#8211; Intel Core i5 &#8211; Memoria de 8 GB &#8211; Unidad de estado s\u00f3lido de 128 GB (\u00faltimo modelo)<\/li>\n<li class=\"bold v-fw-medium body-copy\">Fuente de alimentaci\u00f3n<\/li>\n<li class=\"bold v-fw-medium body-copy\">Gu\u00eda de inicio r\u00e1pido<\/li>\n<li class=\"bold v-fw-medium body-copy\">Documentos de seguridad y garant\u00eda<\/li>\n<\/ul>\n<p>&nbsp;<\/p>\n<\/div>\n","protected":false},"excerpt":{"rendered":"<p>En la oficina, en casa o de viaje, el nuevo Surface Pro 7 se adapta a su forma de trabajar con la versatilidad de port\u00e1til a tableta.\u00a0Y ahora, ofrece m\u00e1s<\/p>\n","protected":false},"featured_media":62811,"comment_status":"open","ping_status":"closed","template":"","meta":{"_acf_changed":false,"_joinchat":[]},"product_brand":[],"product_cat":[408,409,258,410],"product_tag":[],"class_list":{"0":"post-15044","1":"product","2":"type-product","3":"status-publish","4":"has-post-thumbnail","6":"product_cat-celulares-y-tablets","7":"product_cat-tablets-y-ipad","8":"product_cat-microsoft-surface","9":"product_cat-todas-las-tablets","11":"first","12":"instock","13":"sale","14":"shipping-taxable","15":"purchasable","16":"product-type-simple"},"acf":[],"_links":{"self":[{"href":"https:\/\/defabrica.com.mx\/defabrica\/wp-json\/wp\/v2\/product\/15044","targetHints":{"allow":["GET"]}}],"collection":[{"href":"https:\/\/defabrica.com.mx\/defabrica\/wp-json\/wp\/v2\/product"}],"about":[{"href":"https:\/\/defabrica.com.mx\/defabrica\/wp-json\/wp\/v2\/types\/product"}],"replies":[{"embeddable":true,"href":"https:\/\/defabrica.com.mx\/defabrica\/wp-json\/wp\/v2\/comments?post=15044"}],"wp:featuredmedia":[{"embeddable":true,"href":"https:\/\/defabrica.com.mx\/defabrica\/wp-json\/wp\/v2\/media\/62811"}],"wp:attachment":[{"href":"https:\/\/defabrica.com.mx\/defabrica\/wp-json\/wp\/v2\/media?parent=15044"}],"wp:term":[{"taxonomy":"product_brand","embeddable":true,"href":"https:\/\/defabrica.com.mx\/defabrica\/wp-json\/wp\/v2\/product_brand?post=15044"},{"taxonomy":"product_cat","embeddable":true,"href":"https:\/\/defabrica.com.mx\/defabrica\/wp-json\/wp\/v2\/product_cat?post=15044"},{"taxonomy":"product_tag","embeddable":true,"href":"https:\/\/defabrica.com.mx\/defabrica\/wp-json\/wp\/v2\/product_tag?post=15044"}],"curies":[{"name":"wp","href":"https:\/\/api.w.org\/{rel}","templated":true}]}}

Microsoft &#8211; Surface Pro 7 &#8211; Pantalla táctil de 12,3 «- Intel Core i5 &#8211; Memoria de 8 GB &#8211; Unidad de estado sólido de 128 GB (último modelo) &#8211; Platinum

<div>
<div>En la oficina, en casa o de viaje, el nuevo Surface Pro 7 se adapta a su forma de trabajar con la versatilidad de portátil a tableta. Y ahora, ofrece más potencia que nunca con un procesador Intel® Core ™ de clase portátil, batería para todo el día¹, encendido instantáneo, gráficos mejorados y mayor tiempo de espera, además de más conexiones multitarea, que ahora incluyen USB-C ™ y USB. -A puertos.</div>
</div>
<div></div>
<h3></h3>
<h3 class="heading-5 v-fw-regular feature-heading"><strong>Características</strong></h3>
<ul>
<li><strong>Tu portátil, a tu manera</strong><br />
Esta computadora portátil de próxima generación presenta la versatilidad de un estudio y una tableta, por lo que puede escribir, tocar, dibujar, escribir, trabajar y jugar de manera más natural.</li>
<li><strong>Potencia de próxima generación para alimentar sus ideas</strong><br />
Con la tecnología de un procesador Intel® Core ™ de décima generación y dos veces más rápido que Surface Pro 6, Surface Pro 7 sigue tu ritmo.</li>
<li><strong>Con velocidad multitarea, gráficos mejorados, entretenimiento asombroso, rendimiento Wi-Fi increíble y batería de larga duración¹.</strong></li>
<li><strong>Más formas de conectarse</strong><br />
Ahora con puertos USB-C ™ y USB-A para conectarse a pantallas, estaciones de acoplamiento y más, así como para cargar accesorios.</li>
<li><strong>Ultradelgado y ligero</strong><br />
El diseño sobresaliente no le pesará, ultradelgado y liviano, Surface Pro 7 comienza con solo 1.70 lbs.²</li>
<li><strong>Energía todo el día en movimiento</strong><br />
Duración de la batería durante todo el día de hasta 10,5 horas¹, más la capacidad de pasar de vacío a lleno más rápido, aproximadamente un 80% en poco más de una hora.</li>
<li><strong>Exprésate</strong><br />
Elija entre diferentes colores y accesorios para crear su propio estilo.</li>
<li><strong>Haga más con Windows que conoce</strong><br />
Con Windows 10 Home³, disfrute de funciones familiares como el inicio de sesión de Windows Hello sin contraseña. Cree su mejor trabajo con Office 365 * en Windows y mantenga las fotos y los archivos seguros en la nube con OneDrive integrado.</li>
<li><strong>Pantalla brillante con todas las luces</strong><br />
La pantalla PixelSense ™ de alta resolución con sensor de luz ambiental se ajusta automáticamente a las condiciones de iluminación.</li>
<li><strong>Tu eres la contraseña</strong><br />
Inicie sesión de forma segura con el inicio de sesión de Windows Hello, una forma rápida y segura de desbloquear Surface Pro 7.</li>
<li><strong>*Se vende por separado.</strong></li>
<li>¹ Hasta 10,5 horas de duración de la batería para el uso típico del dispositivo.</li>
<li>² Peso sin incluir la funda.</li>
</ul>
<p>&nbsp;</p>
<h3>Qué está incluido</h3>
<div class="list-container list-lv">
<ul class=" bold">
<li class="bold v-fw-medium body-copy">Microsoft Surface Pro 7 &#8211; Pantalla táctil de 12,3 «- Platino &#8211; Intel Core i5 &#8211; Memoria de 8 GB &#8211; Unidad de estado sólido de 128 GB (último modelo)</li>
<li class="bold v-fw-medium body-copy">Fuente de alimentación</li>
<li class="bold v-fw-medium body-copy">Guía de inicio rápido</li>
<li class="bold v-fw-medium body-copy">Documentos de seguridad y garantía</li>
</ul>
<p>&nbsp;</p>
</div>

<p>En la oficina, en casa o de viaje, el nuevo Surface Pro 7 se adapta a su forma de trabajar con la versatilidad de portátil a tableta. Y ahora, ofrece más</p>
