{"id":15002,"date":"2020-10-16T19:30:15","date_gmt":"2020-10-17T00:30:15","guid":{"rendered":"https:\/\/defabrica.com.mx\/defabrica\/?post_type=product&#038;p=15002"},"modified":"2022-11-30T14:49:15","modified_gmt":"2022-11-30T20:49:15","slug":"microsoft-surface-pro-7-pantalla-tactil-de-123-intel-core-i3-memoria-de-4-gb-ssd-de-128-gb-con-funda-con-teclado-negra-ultimo-modelo-platino","status":"publish","type":"product","link":"https:\/\/defabrica.com.mx\/defabrica\/producto\/microsoft-surface-pro-7-pantalla-tactil-de-123-intel-core-i3-memoria-de-4-gb-ssd-de-128-gb-con-funda-con-teclado-negra-ultimo-modelo-platino\/","title":{"rendered":"Microsoft &#8211; Surface Pro 7 &#8211; Pantalla t\u00e1ctil de 12,3 \u00ab- Intel Core i3 &#8211; Memoria de 4 GB &#8211; SSD de 128 GB con funda con teclado negra (\u00faltimo modelo) &#8211; Platino"},"content":{"rendered":"<div>\n<div>En la oficina, en casa o de viaje, el nuevo Surface Pro 7 se adapta a su forma de trabajar con la versatilidad de port\u00e1til a tableta.\u00a0Y ahora ofrece m\u00e1s potencia que nunca, con un procesador Intel\u00ae Core \u2122 de clase port\u00e1til, bater\u00eda para todo el d\u00eda\u00b9, encendido instant\u00e1neo, gr\u00e1ficos mejorados y m\u00e1s tiempo de espera, adem\u00e1s de m\u00e1s conexiones multitarea, que ahora incluyen USB Type-C \u2122 y Puertos USB tipo A.\u00a0Incluye Funda con teclado para Surface Pro.<\/div>\n<\/div>\n<div><\/div>\n<h3><\/h3>\n<h3 class=\"heading-5 v-fw-regular feature-heading\"><strong>Caracter\u00edsticas<\/strong><\/h3>\n<div class=\"feature-body-container\">\n<div class=\"features-list-container\">\n<div class=\"features-list all-features\">\n<div class=\"list-row\">\n<ul>\n<li><strong>Tu port\u00e1til, a tu manera<\/strong><br \/>\nEsta computadora port\u00e1til de pr\u00f3xima generaci\u00f3n presenta la versatilidad de un estudio y una tableta, por lo que puede escribir, tocar, dibujar, escribir, trabajar y jugar de manera m\u00e1s natural.<\/li>\n<li><strong>Potencia de pr\u00f3xima generaci\u00f3n para alimentar sus ideas<\/strong><br \/>\nCon la tecnolog\u00eda de un procesador Intel\u00ae Core \u2122 de d\u00e9cima generaci\u00f3n y dos veces m\u00e1s r\u00e1pido que Surface Pro 6, Surface Pro 7 sigue tu ritmo.<\/li>\n<li><strong>Con velocidad multitarea, gr\u00e1ficos mejorados, entretenimiento incre\u00edble, rendimiento de Wi-Fi de calidad y bater\u00eda de larga duraci\u00f3n.<\/strong><\/li>\n<li><strong>M\u00e1s formas de conectarse<\/strong><br \/>\nAhora con puertos USB Type-C \u2122 y USB Type-A para conectarse a pantallas, estaciones de acoplamiento y m\u00e1s, as\u00ed como para cargar accesorios.<\/li>\n<li><strong>Ultra delgado y ligero<\/strong><br \/>\nEl dise\u00f1o sobresaliente no le pesar\u00e1, ultradelgado y liviano, Surface Pro 7 comienza con solo 1.70 lbs.\u00b2<\/li>\n<li><strong>Duraci\u00f3n de la bater\u00eda todo el d\u00eda<\/strong><br \/>\nDuraci\u00f3n de la bater\u00eda durante todo el d\u00eda de hasta 10,5 horas\u00b9, m\u00e1s la capacidad de pasar de vac\u00edo a lleno m\u00e1s r\u00e1pido, aproximadamente un 80% en poco m\u00e1s de una hora.<\/li>\n<li><strong>Expr\u00e9sate<\/strong><br \/>\nElija entre diferentes colores y accesorios para crear su propio estilo.<\/li>\n<li><strong>Haga m\u00e1s con Windows, ya sabe<\/strong><br \/>\nCon Windows 10 Home\u00b3, disfrute de funciones familiares, como el inicio de sesi\u00f3n de Windows Hello sin contrase\u00f1a. Cree su mejor trabajo con Office 365 * en Windows y mantenga las fotos y los archivos seguros en la nube con OneDrive integrado.<\/li>\n<li><strong>Pantalla brillante con todas las luces<\/strong><br \/>\nLa pantalla PixelSense \u2122 de alta resoluci\u00f3n con sensor de luz ambiental se ajusta autom\u00e1ticamente a las condiciones de iluminaci\u00f3n.<\/li>\n<li><strong>Tu eres la contrase\u00f1a<\/strong><br \/>\nInicie sesi\u00f3n de forma segura con el inicio de sesi\u00f3n de Windows Hello, una forma r\u00e1pida y segura de desbloquear Surface Pro 7.<\/li>\n<li><strong>Experiencia de teclado completa<\/strong><br \/>\nSurface Pro Type Cover (incluida) cuenta con un teclado mec\u00e1nico completo, teclas retroiluminadas y un panel t\u00e1ctil de vidrio grande para una navegaci\u00f3n y un control precisos. Delgado y compacto, pero funciona como un teclado tradicional de tama\u00f1o completo.<\/li>\n<li><strong>* Se vende por separado.<\/strong><\/li>\n<li>\u00b9 Hasta 10,5 horas de duraci\u00f3n de la bater\u00eda para un uso t\u00edpico del dispositivo.<\/li>\n<li>\u00b2 Peso sin incluir la funda con teclado.<\/li>\n<li>\u00b3 Surface Pro 7 para consumidores viene con Windows 10 Home para brindarle las poderosas funciones de Windows que m\u00e1s usa a un precio excepcional.<\/li>\n<li>Si necesita herramientas de seguridad y administraci\u00f3n empresarial adicionales para el lugar de trabajo, puede actualizar a Windows 10 Pro o comprar Surface Pro 7 para empresas.<\/li>\n<li>\u2074 Pruebas realizadas en Microsoft en septiembre de 2019 utilizando dispositivos y software de preproducci\u00f3n. Probado con la bandeja de entrada Surflink 60W PSU en condiciones controladas. El dispositivo se encendi\u00f3 en la pantalla del escritorio con la configuraci\u00f3n de brillo de pantalla predeterminada.<\/li>\n<li>El tiempo de carga real variar\u00e1 seg\u00fan las condiciones de funcionamiento. Medido a una temperatura ambiente de oficina t\u00edpica de 23 \u00b0 C.<\/li>\n<li>\u2075 Comparaci\u00f3n de puntuaci\u00f3n general en 3DMark 11 de Surface Pro 7 i7 (3661) con Surface Pro 6 i7 (1497); Septiembre de 2019.<\/li>\n<\/ul>\n<\/div>\n<div class=\"header-container header-lv\">\n<h3><\/h3>\n<\/div>\n<\/div>\n<\/div>\n<\/div>\n<div class=\"header-container header-lv\">\n<h3><\/h3>\n<h3><\/h3>\n<h3><\/h3>\n<h3><\/h3>\n<h3><\/h3>\n<h3><\/h3>\n<h3 class=\"heading-5 v-fw-regular\">Qu\u00e9 est\u00e1 incluido<\/h3>\n<\/div>\n<div class=\"list-container list-lv\">\n<ul class=\" bold\">\n<li class=\"bold v-fw-medium body-copy\">Microsoft Surface Pro 7 &#8211; Pantalla t\u00e1ctil de 12,3 \u00ab- Intel Core i3 &#8211; Memoria de 4 GB &#8211; Unidad de estado s\u00f3lido de 128 GB (\u00faltimo modelo) &#8211; Platinum<\/li>\n<li class=\"bold v-fw-medium body-copy\">Fuente de alimentaci\u00f3n<\/li>\n<li class=\"bold v-fw-medium body-copy\">Gu\u00eda de inicio r\u00e1pido<\/li>\n<li class=\"bold v-fw-medium body-copy\">Documentos de seguridad y garant\u00eda<\/li>\n<li class=\"bold v-fw-medium body-copy\">Funda con teclado para Surface Pro &#8211; Negro<\/li>\n<\/ul>\n<\/div>\n<p>&nbsp;<\/p>\n","protected":false},"excerpt":{"rendered":"<p>En la oficina, en casa o de viaje, el nuevo Surface Pro 7 se adapta a su forma de trabajar con la versatilidad de port\u00e1til a tableta.\u00a0Y ahora ofrece m\u00e1s<\/p>\n","protected":false},"featured_media":62813,"comment_status":"open","ping_status":"closed","template":"","meta":{"_acf_changed":false,"_joinchat":[]},"product_brand":[],"product_cat":[408,409,258,410],"product_tag":[],"class_list":{"0":"post-15002","1":"product","2":"type-product","3":"status-publish","4":"has-post-thumbnail","6":"product_cat-celulares-y-tablets","7":"product_cat-tablets-y-ipad","8":"product_cat-microsoft-surface","9":"product_cat-todas-las-tablets","11":"first","12":"instock","13":"sale","14":"shipping-taxable","15":"purchasable","16":"product-type-simple"},"acf":[],"_links":{"self":[{"href":"https:\/\/defabrica.com.mx\/defabrica\/wp-json\/wp\/v2\/product\/15002","targetHints":{"allow":["GET"]}}],"collection":[{"href":"https:\/\/defabrica.com.mx\/defabrica\/wp-json\/wp\/v2\/product"}],"about":[{"href":"https:\/\/defabrica.com.mx\/defabrica\/wp-json\/wp\/v2\/types\/product"}],"replies":[{"embeddable":true,"href":"https:\/\/defabrica.com.mx\/defabrica\/wp-json\/wp\/v2\/comments?post=15002"}],"wp:featuredmedia":[{"embeddable":true,"href":"https:\/\/defabrica.com.mx\/defabrica\/wp-json\/wp\/v2\/media\/62813"}],"wp:attachment":[{"href":"https:\/\/defabrica.com.mx\/defabrica\/wp-json\/wp\/v2\/media?parent=15002"}],"wp:term":[{"taxonomy":"product_brand","embeddable":true,"href":"https:\/\/defabrica.com.mx\/defabrica\/wp-json\/wp\/v2\/product_brand?post=15002"},{"taxonomy":"product_cat","embeddable":true,"href":"https:\/\/defabrica.com.mx\/defabrica\/wp-json\/wp\/v2\/product_cat?post=15002"},{"taxonomy":"product_tag","embeddable":true,"href":"https:\/\/defabrica.com.mx\/defabrica\/wp-json\/wp\/v2\/product_tag?post=15002"}],"curies":[{"name":"wp","href":"https:\/\/api.w.org\/{rel}","templated":true}]}}