{"id":14755,"date":"2020-10-15T14:52:10","date_gmt":"2020-10-15T19:52:10","guid":{"rendered":"https:\/\/defabrica.com.mx\/defabrica\/?post_type=product&#038;p=14755"},"modified":"2023-01-28T10:42:44","modified_gmt":"2023-01-28T16:42:44","slug":"camara-de-video-videocamara-2-7k-ultra-hd-youtube-vlogging-camera-36mp-ir-night-vision-grabador-de-camara-digital-16x-zoom-digital-3-pulgadas-ips-videocamara-de-video-con-pantalla-tactil-con-microfono","status":"publish","type":"product","link":"https:\/\/defabrica.com.mx\/defabrica\/producto\/camara-de-video-videocamara-2-7k-ultra-hd-youtube-vlogging-camera-36mp-ir-night-vision-grabador-de-camara-digital-16x-zoom-digital-3-pulgadas-ips-videocamara-de-video-con-pantalla-tactil-con-microfono\/","title":{"rendered":"C\u00e1mara de video Videoc\u00e1mara 2.7K Ultra HD YouTube Vlogging Camera 36MP IR Night Vision Grabador de c\u00e1mara digital 16X Zoom digital 3 pulgadas IPS Videoc\u00e1mara de video con pantalla t\u00e1ctil con micr\u00f3fono Estabilizador de mano"},"content":{"rendered":"<p>Consejos c\u00e1lidos: la videoc\u00e1mara no admite el enfoque manual, la lente est\u00e1 fija.\u00a0Mantenga una distancia de disparo superior a 1,5 m para tomar fotograf\u00edas o videos n\u00edtidos. Formatee la tarjeta (no incluida) en la c\u00e1mara antes de usarla. Se requiere una tarjeta de memoria de clase 10 o superior (LA TARJETA SD NO EST\u00c1 INCLUIDA). Sistema: Windows XP, Windows Vista, Windows 7, Windows 8, Windows 10, Mac 10.2 Sensor de imagen: Sensor de imagen de 8MP Resoluci\u00f3n de la fotograf\u00eda: 36MP (7936 \u00d7 4480 HD) Resoluci\u00f3n de video: 2688 \u00d7 1520 2.7K; 1920 \u00d7 1080 HD; 1280 \u00d7 720 HD; 640 \u00d7 480; 320 \u00d7 240 Zoom digital: 16X Formato de archivo: JPG, AVIUSB Interfaz: USB2.0 Salida de TV: NTSC \/ PAL (modelo con funci\u00f3n de TV) Pantalla de visualizaci\u00f3n: Pantalla t\u00e1ctil IPS de 3 pulgadas Fuente de alimentaci\u00f3n: Bater\u00eda de litio recargable Distancia focal: f = 7.36 mm Apertura: F \/ 3.2 Almacenamiento: Admite tarjeta de memoria SD y tarjeta MMC (4GB a 128GB) Contenido del paquete: 1 x 2.<\/p>\n<p>&nbsp;<\/p>\n","protected":false},"excerpt":{"rendered":"<p>Consejos c\u00e1lidos: la videoc\u00e1mara no admite el enfoque manual, la lente est\u00e1 fija.\u00a0Mantenga una distancia de disparo superior a 1,5 m para tomar fotograf\u00edas o videos n\u00edtidos. Formatee la tarjeta<\/p>\n","protected":false},"featured_media":14965,"comment_status":"open","ping_status":"closed","template":"","meta":{"_acf_changed":false,"_joinchat":[]},"product_brand":[],"product_cat":[442,284,444,445,446],"product_tag":[],"class_list":{"0":"post-14755","1":"product","2":"type-product","3":"status-publish","4":"has-post-thumbnail","6":"product_cat-camaras","7":"product_cat-camaras-y-lentes","8":"product_cat-todas-las-camaras-y-lentes","9":"product_cat-creador-de-contenido","10":"product_cat-camaras-vlogging","12":"first","13":"instock","14":"sale","15":"shipping-taxable","16":"purchasable","17":"product-type-simple"},"acf":[],"_links":{"self":[{"href":"https:\/\/defabrica.com.mx\/defabrica\/wp-json\/wp\/v2\/product\/14755","targetHints":{"allow":["GET"]}}],"collection":[{"href":"https:\/\/defabrica.com.mx\/defabrica\/wp-json\/wp\/v2\/product"}],"about":[{"href":"https:\/\/defabrica.com.mx\/defabrica\/wp-json\/wp\/v2\/types\/product"}],"replies":[{"embeddable":true,"href":"https:\/\/defabrica.com.mx\/defabrica\/wp-json\/wp\/v2\/comments?post=14755"}],"wp:featuredmedia":[{"embeddable":true,"href":"https:\/\/defabrica.com.mx\/defabrica\/wp-json\/wp\/v2\/media\/14965"}],"wp:attachment":[{"href":"https:\/\/defabrica.com.mx\/defabrica\/wp-json\/wp\/v2\/media?parent=14755"}],"wp:term":[{"taxonomy":"product_brand","embeddable":true,"href":"https:\/\/defabrica.com.mx\/defabrica\/wp-json\/wp\/v2\/product_brand?post=14755"},{"taxonomy":"product_cat","embeddable":true,"href":"https:\/\/defabrica.com.mx\/defabrica\/wp-json\/wp\/v2\/product_cat?post=14755"},{"taxonomy":"product_tag","embeddable":true,"href":"https:\/\/defabrica.com.mx\/defabrica\/wp-json\/wp\/v2\/product_tag?post=14755"}],"curies":[{"name":"wp","href":"https:\/\/api.w.org\/{rel}","templated":true}]}}