{"id":14714,"date":"2020-10-17T02:38:19","date_gmt":"2020-10-17T07:38:19","guid":{"rendered":"https:\/\/defabrica.com.mx\/defabrica\/?post_type=product&#038;p=14714"},"modified":"2023-01-13T13:25:06","modified_gmt":"2023-01-13T19:25:06","slug":"aluratek-reloj-despertador-con-luz-nocturna-y-carga-inalambrica-qi","status":"publish","type":"product","link":"https:\/\/defabrica.com.mx\/defabrica\/producto\/aluratek-reloj-despertador-con-luz-nocturna-y-carga-inalambrica-qi\/","title":{"rendered":"Aluratek &#8211; Reloj despertador con luz nocturna y carga inal\u00e1mbrica Qi"},"content":{"rendered":"<p>Despierta a tiempo con este reloj despertador Aluratek.\u00a0La pantalla LED con luz nocturna integrada muestra la hora claramente y le permite ajustar a tres niveles diferentes de brillo.\u00a0Este reloj despertador Aluratek carga sus dispositivos m\u00f3viles a trav\u00e9s de la plataforma de carga inal\u00e1mbrica Qi incorporada y el puerto USB incorporado.<\/p>\n<p>&nbsp;<\/p>\n<h3 class=\"heading-5 v-fw-regular feature-heading\">Caracteristicas<\/h3>\n<ul>\n<li><strong>Carga inal\u00e1mbrica Qi<\/strong><br \/>\nCargue su tel\u00e9fono inteligente con capacidad de carga inal\u00e1mbrica mientras trabaja o duerme simplemente coloc\u00e1ndolo directamente en la plataforma de carga.<\/li>\n<li><strong>Despertador con luz nocturna<\/strong><br \/>\nLa gran pantalla LED muestra la hora y cuenta con una luz nocturna integrada con tres niveles de brillo. Puede configurar una alarma personalizada.<\/li>\n<li><strong>Carga USB adicional<\/strong><br \/>\nCargue un segundo dispositivo alimentado por USB utilizando el puerto USB integrado en la parte posterior de la unidad. Cargue dos dispositivos al mismo tiempo. (Cable de carga no incluido)<\/li>\n<\/ul>\n","protected":false},"excerpt":{"rendered":"<p>Despierta a tiempo con este reloj despertador Aluratek.\u00a0La pantalla LED con luz nocturna integrada muestra la hora claramente y le permite ajustar a tres niveles diferentes de brillo.\u00a0Este reloj despertador<\/p>\n","protected":false},"featured_media":15112,"comment_status":"open","ping_status":"closed","template":"","meta":{"_acf_changed":false,"_joinchat":[]},"product_brand":[],"product_cat":[408,275,413,416],"product_tag":[],"class_list":{"0":"post-14714","1":"product","2":"type-product","3":"status-publish","4":"has-post-thumbnail","6":"product_cat-celulares-y-tablets","7":"product_cat-accesorios-para-celular","8":"product_cat-cargadores","9":"product_cat-todos-los-accesorios-para-celulares","11":"first","12":"instock","13":"sale","14":"shipping-taxable","15":"purchasable","16":"product-type-simple"},"acf":[],"_links":{"self":[{"href":"https:\/\/defabrica.com.mx\/defabrica\/wp-json\/wp\/v2\/product\/14714","targetHints":{"allow":["GET"]}}],"collection":[{"href":"https:\/\/defabrica.com.mx\/defabrica\/wp-json\/wp\/v2\/product"}],"about":[{"href":"https:\/\/defabrica.com.mx\/defabrica\/wp-json\/wp\/v2\/types\/product"}],"replies":[{"embeddable":true,"href":"https:\/\/defabrica.com.mx\/defabrica\/wp-json\/wp\/v2\/comments?post=14714"}],"wp:featuredmedia":[{"embeddable":true,"href":"https:\/\/defabrica.com.mx\/defabrica\/wp-json\/wp\/v2\/media\/15112"}],"wp:attachment":[{"href":"https:\/\/defabrica.com.mx\/defabrica\/wp-json\/wp\/v2\/media?parent=14714"}],"wp:term":[{"taxonomy":"product_brand","embeddable":true,"href":"https:\/\/defabrica.com.mx\/defabrica\/wp-json\/wp\/v2\/product_brand?post=14714"},{"taxonomy":"product_cat","embeddable":true,"href":"https:\/\/defabrica.com.mx\/defabrica\/wp-json\/wp\/v2\/product_cat?post=14714"},{"taxonomy":"product_tag","embeddable":true,"href":"https:\/\/defabrica.com.mx\/defabrica\/wp-json\/wp\/v2\/product_tag?post=14714"}],"curies":[{"name":"wp","href":"https:\/\/api.w.org\/{rel}","templated":true}]}}

Aluratek &#8211; Reloj despertador con luz nocturna y carga inalámbrica Qi

<p>Despierta a tiempo con este reloj despertador Aluratek. La pantalla LED con luz nocturna integrada muestra la hora claramente y le permite ajustar a tres niveles diferentes de brillo. Este reloj despertador Aluratek carga sus dispositivos móviles a través de la plataforma de carga inalámbrica Qi incorporada y el puerto USB incorporado.</p>
<p>&nbsp;</p>
<h3 class="heading-5 v-fw-regular feature-heading">Caracteristicas</h3>
<ul>
<li><strong>Carga inalámbrica Qi</strong><br />
Cargue su teléfono inteligente con capacidad de carga inalámbrica mientras trabaja o duerme simplemente colocándolo directamente en la plataforma de carga.</li>
<li><strong>Despertador con luz nocturna</strong><br />
La gran pantalla LED muestra la hora y cuenta con una luz nocturna integrada con tres niveles de brillo. Puede configurar una alarma personalizada.</li>
<li><strong>Carga USB adicional</strong><br />
Cargue un segundo dispositivo alimentado por USB utilizando el puerto USB integrado en la parte posterior de la unidad. Cargue dos dispositivos al mismo tiempo. (Cable de carga no incluido)</li>
</ul>
